{"id":75,"date":"2015-06-22T20:28:54","date_gmt":"2015-06-22T18:28:54","guid":{"rendered":"http:\/\/chalons.catholique.fr\/vesle\/?page_id=75"},"modified":"2024-01-15T20:33:46","modified_gmt":"2024-01-15T18:33:46","slug":"le-conseil-pastoral","status":"publish","type":"page","link":"https:\/\/chalons.catholique.fr\/vesle\/activites\/jeunes\/le-conseil-pastoral\/","title":{"rendered":"L&rsquo;aum\u00f4nerie des JP"},"content":{"rendered":"<p>Tous les premiers et 3\u00e8me mercredi du mois, un groupe de jeunes professionnels se retrouvent au 1 place Notre Dame (19h-22h15)<\/p>\n<p>Au programme :<\/p>\n<ul>\n<li>Topo par un pr\u00eatre<\/li>\n<li>Diner partag\u00e9<\/li>\n<li>Adoration &#8211; confessions \u00e0 la coll\u00e9giale Notre Dame en Vaux<\/li>\n<\/ul>\n<p>Pour les rejoindre : information sur la page de la paroisse de <a href=\"https:\/\/www.facebook.com\/paroissechalonscentre\">Ch\u00e2lons Centre\u00a0<\/a><\/p>\n","protected":false},"excerpt":{"rendered":"<p>Tous les premiers et 3\u00e8me mercredi du mois, un groupe de jeunes professionnels se retrouvent au 1 place Notre Dame (19h-22h15) Au programme : Topo par un pr\u00eatre Diner partag\u00e9 Adoration &#8211; confessions \u00e0 la coll\u00e9giale Notre Dame en Vaux Pour les rejoindre : information sur la page de la paroisse de Ch\u00e2lons Centre\u00a0<\/p>\n","protected":false},"author":5,"featured_media":0,"parent":1205,"menu_order":0,"comment_status":"closed","ping_status":"closed","template":"","meta":{"xn-wppe-expiration":[],"xn-wppe-expiration-action":[],"xn-wppe-expiration-prefix":[],"footnotes":""},"_links":{"self":[{"href":"https:\/\/chalons.catholique.fr\/vesle\/wp-json\/wp\/v2\/pages\/75"}],"collection":[{"href":"https:\/\/chalons.catholique.fr\/vesle\/wp-json\/wp\/v2\/pages"}],"about":[{"href":"https:\/\/chalons.catholique.fr\/vesle\/wp-json\/wp\/v2\/types\/page"}],"author":[{"embeddable":true,"href":"https:\/\/chalons.catholique.fr\/vesle\/wp-json\/wp\/v2\/users\/5"}],"replies":[{"embeddable":true,"href":"https:\/\/chalons.catholique.fr\/vesle\/wp-json\/wp\/v2\/comments?post=75"}],"version-history":[{"count":2,"href":"https:\/\/chalons.catholique.fr\/vesle\/wp-json\/wp\/v2\/pages\/75\/revisions"}],"predecessor-version":[{"id":1436,"href":"https:\/\/chalons.catholique.fr\/vesle\/wp-json\/wp\/v2\/pages\/75\/revisions\/1436"}],"up":[{"embeddable":true,"href":"https:\/\/chalons.catholique.fr\/vesle\/wp-json\/wp\/v2\/pages\/1205"}],"wp:attachment":[{"href":"https:\/\/chalons.catholique.fr\/vesle\/wp-json\/wp\/v2\/media?parent=75"}],"curies":[{"name":"wp","href":"https:\/\/api.w.org\/{rel}","templated":true}]}}

L&rsquo;aumônerie des JP

<p>Tous les premiers et 3ème mercredi du mois, un groupe de jeunes professionnels se retrouvent au 1 place Notre Dame (19h-22h15)</p>
<p>Au programme :</p>
<ul>
<li>Topo par un prêtre</li>
<li>Diner partagé</li>
<li>Adoration &#8211; confessions à la collégiale Notre Dame en Vaux</li>
</ul>
<p>Pour les rejoindre : information sur la page de la paroisse de <a href="https://www.facebook.com/paroissechalonscentre">Châlons Centre </a></p>

<p>Tous les premiers et 3ème mercredi du mois, un groupe de jeunes professionnels se retrouvent au 1 place Notre Dame (19h-22h15) Au programme : Topo par un prêtre Diner partagé Adoration &#8211; confessions à la collégiale Notre Dame en Vaux Pour les rejoindre : information sur la page de la paroisse de Châlons Centre </p>
