{"id":147,"date":"2015-06-22T21:51:20","date_gmt":"2015-06-22T19:51:20","guid":{"rendered":"http:\/\/chalons.catholique.fr\/vesle\/?page_id=147"},"modified":"2024-01-15T20:26:49","modified_gmt":"2024-01-15T18:26:49","slug":"le-patronage","status":"publish","type":"page","link":"https:\/\/chalons.catholique.fr\/vesle\/activites\/jeunes\/le-patronage\/","title":{"rendered":"Le patronage"},"content":{"rendered":"<p>UN ACCUEIL POUR LES JEUNES.\u00a0C&rsquo;est une \u0153uvre d&rsquo;\u00e9ducation authentiquement humaine destin\u00e9e \u00e0 d\u00e9velopper les potentialit\u00e9s des jeunes, par le biais d&rsquo;activit\u00e9s adapt\u00e9es et d&rsquo;un suivi personnel, avec un accent particulier sur l&rsquo;apprentissage de la vie en commun.<\/p>\n<p>UN ACCUEIL CATHOLIQUE.\u00a0C&rsquo;est une \u0153uvre d&rsquo;\u00e9ducation chr\u00e9tienne organis\u00e9e par la paroisse catholique de Ch\u00e2lons Centre. La libert\u00e9 religieuse y est respect\u00e9e, tous les enfants y sont accueillis \u00e0 la condition d&rsquo;adh\u00e9rer au projet p\u00e9dagogique d&rsquo;inspiration chr\u00e9tienne.<\/p>\n<p>UN ACCUEIL D\u00c9CLAR\u00c9.\u00a0C&rsquo;est un Accueil Collectif de Mineurs (ACM) fonctionnant en accueil de loisir extrascolaire, d\u00e9clar\u00e9 aupr\u00e8s de Jeunesse &amp; Sport, encadr\u00e9 par des \u00e9ducateurs qualifi\u00e9s (BAFD, BAFA, autres dipl\u00f4mes \u00e9quivalents), organis\u00e9 par l&rsquo;Association Avenir Jeunes 51 (Association de loi 1901 en lien avec le dioc\u00e8se de Ch\u00e2lons).<\/p>\n<p>UN ACCUEIL \u00c9DUCATIF.\u00a0Le patronage n&rsquo;est pas une garderie, il s&rsquo;agit de permettre aux jeunes de vivre une exp\u00e9rience communautaire et dans la dur\u00e9e, avec une vis\u00e9e p\u00e9dagogique, ce qui implique une certaine stabilit\u00e9 du public accueilli. Les inscriptions \u00e0 la semaine seront privil\u00e9gi\u00e9es, mais les inscriptions \u00e0 la journ\u00e9e seront accept\u00e9es dans la limite des places restantes.<\/p>\n<p>&nbsp;<\/p>\n<p>Lien vers la page Facebook\u00a0: <a href=\"https:\/\/www.facebook.com\/patronagesaintjosephchalons\">Patronnage Saint Joseph <\/a>\u00a0!<\/p>\n<p><a href=\"https:\/\/chalons.catholique.fr\/vesle\/lequipe-paroissiale\/#\">Contact du Pr\u00eatre \u00a0<\/a><\/p>\n<p>&nbsp;<\/p>\n<p>&nbsp;<\/p>\n<p>&nbsp;<\/p>\n","protected":false},"excerpt":{"rendered":"<p>UN ACCUEIL POUR LES JEUNES.\u00a0C&rsquo;est une \u0153uvre d&rsquo;\u00e9ducation authentiquement humaine destin\u00e9e \u00e0 d\u00e9velopper les potentialit\u00e9s des jeunes, par le biais d&rsquo;activit\u00e9s adapt\u00e9es et d&rsquo;un suivi personnel, avec un accent particulier sur l&rsquo;apprentissage de la vie en commun. UN ACCUEIL CATHOLIQUE.\u00a0C&rsquo;est une \u0153uvre d&rsquo;\u00e9ducation chr\u00e9tienne organis\u00e9e par la paroisse catholique de Ch\u00e2lons Centre. La libert\u00e9 religieuse [&hellip;]<\/p>\n","protected":false},"author":5,"featured_media":0,"parent":1205,"menu_order":0,"comment_status":"closed","ping_status":"open","template":"","meta":{"xn-wppe-expiration":[],"xn-wppe-expiration-action":[],"xn-wppe-expiration-prefix":[],"footnotes":""},"_links":{"self":[{"href":"https:\/\/chalons.catholique.fr\/vesle\/wp-json\/wp\/v2\/pages\/147"}],"collection":[{"href":"https:\/\/chalons.catholique.fr\/vesle\/wp-json\/wp\/v2\/pages"}],"about":[{"href":"https:\/\/chalons.catholique.fr\/vesle\/wp-json\/wp\/v2\/types\/page"}],"author":[{"embeddable":true,"href":"https:\/\/chalons.catholique.fr\/vesle\/wp-json\/wp\/v2\/users\/5"}],"replies":[{"embeddable":true,"href":"https:\/\/chalons.catholique.fr\/vesle\/wp-json\/wp\/v2\/comments?post=147"}],"version-history":[{"count":1,"href":"https:\/\/chalons.catholique.fr\/vesle\/wp-json\/wp\/v2\/pages\/147\/revisions"}],"predecessor-version":[{"id":1433,"href":"https:\/\/chalons.catholique.fr\/vesle\/wp-json\/wp\/v2\/pages\/147\/revisions\/1433"}],"up":[{"embeddable":true,"href":"https:\/\/chalons.catholique.fr\/vesle\/wp-json\/wp\/v2\/pages\/1205"}],"wp:attachment":[{"href":"https:\/\/chalons.catholique.fr\/vesle\/wp-json\/wp\/v2\/media?parent=147"}],"curies":[{"name":"wp","href":"https:\/\/api.w.org\/{rel}","templated":true}]}}