{"id":137,"date":"2015-06-22T21:48:22","date_gmt":"2015-06-22T19:48:22","guid":{"rendered":"http:\/\/chalons.catholique.fr\/vesle\/?page_id=137"},"modified":"2024-01-17T11:32:43","modified_gmt":"2024-01-17T09:32:43","slug":"eveil-a-la-foi","status":"publish","type":"page","link":"https:\/\/chalons.catholique.fr\/vesle\/activites\/enfants\/eveil-a-la-foi\/","title":{"rendered":"3 \u00e0 10 ans : l\u2019\u00e9veil \u00e0 la foi"},"content":{"rendered":"<div class=\"fusion-fullwidth fullwidth-box fusion-builder-row-1 fusion-flex-container nonhundred-percent-fullwidth non-hundred-percent-height-scrolling\" style=\"--awb-border-radius-top-left:0px;--awb-border-radius-top-right:0px;--awb-border-radius-bottom-right:0px;--awb-border-radius-bottom-left:0px;--awb-flex-wrap:wrap;\" ><div class=\"fusion-builder-row fusion-row fusion-flex-align-items-flex-start fusion-flex-content-wrap\" style=\"max-width:1144px;margin-left: calc(-4% \/ 2 );margin-right: calc(-4% \/ 2 );\"><div class=\"fusion-layout-column fusion_builder_column fusion-builder-column-0 fusion_builder_column_1_1 1_1 fusion-flex-column\" style=\"--awb-bg-size:cover;--awb-width-large:100%;--awb-margin-top-large:0px;--awb-spacing-right-large:1.92%;--awb-margin-bottom-large:0px;--awb-spacing-left-large:1.92%;--awb-width-medium:100%;--awb-spacing-right-medium:1.92%;--awb-spacing-left-medium:1.92%;--awb-width-small:100%;--awb-spacing-right-small:1.92%;--awb-spacing-left-small:1.92%;\"><div class=\"fusion-column-wrapper fusion-flex-justify-content-flex-start fusion-content-layout-column\"><div class=\"fusion-text fusion-text-1\"><h3 class=\"fusion-responsive-typography-calculated\" data-fontsize=\"30\" data-lineheight=\"45px\"><strong><span class=\"JsGRdQ\">L&rsquo;\u00c9veil \u00e0 la foi et \u00e0 la pri\u00e8re (3 \u00e0 10 ans) <\/span><\/strong><strong><span class=\"JsGRdQ\">avec les S\u0153urs b\u00e9n\u00e9dictines du Sanctuaire Notre Dame de l&rsquo;\u00c9pine :<\/span><\/strong><\/h3>\n<p class=\"_04xlpA direction-ltr align-start para-style-body\"><span class=\"JsGRdQ\"><b>Une fois par mois<\/b><\/span><\/p>\n<ul>\n<li><strong><span class=\"JsGRdQ\">le mercredi de 14h30 \u00e0 16h <\/span><\/strong><span class=\"JsGRdQ\">(20\/9, 13\/10, <\/span><span class=\"JsGRdQ\">10\/11, 15\/12, 19\/1, 16\/2, 23\/3, 18\/5) <\/span><\/li>\n<\/ul>\n<ul>\n<li class=\"_04xlpA direction-ltr align-start para-style-body\"><strong><span class=\"JsGRdQ\">ou le samedi de 9h30 \u00e0 <\/span>11h<\/strong> <span class=\"JsGRdQ\">(25\/9, 30\/10, 13\/11, 11\/12, 15\/1, 26\/2, 26\/3, 4\/6<\/span><\/li>\n<\/ul>\n<p class=\"_04xlpA direction-ltr align-start para-style-body\"><strong><span class=\"JsGRdQ\">avec un temps \u00e0 part pour les parents.<\/span><span class=\"JsGRdQ\"><br \/>\n<\/span><\/strong><\/p><\/p>\n<\/div><\/div><\/div><\/div><\/div>\n","protected":false},"excerpt":{"rendered":"","protected":false},"author":5,"featured_media":0,"parent":1233,"menu_order":0,"comment_status":"closed","ping_status":"open","template":"","meta":{"xn-wppe-expiration":[],"xn-wppe-expiration-action":[],"xn-wppe-expiration-prefix":[],"footnotes":""},"_links":{"self":[{"href":"https:\/\/chalons.catholique.fr\/vesle\/wp-json\/wp\/v2\/pages\/137"}],"collection":[{"href":"https:\/\/chalons.catholique.fr\/vesle\/wp-json\/wp\/v2\/pages"}],"about":[{"href":"https:\/\/chalons.catholique.fr\/vesle\/wp-json\/wp\/v2\/types\/page"}],"author":[{"embeddable":true,"href":"https:\/\/chalons.catholique.fr\/vesle\/wp-json\/wp\/v2\/users\/5"}],"replies":[{"embeddable":true,"href":"https:\/\/chalons.catholique.fr\/vesle\/wp-json\/wp\/v2\/comments?post=137"}],"version-history":[{"count":3,"href":"https:\/\/chalons.catholique.fr\/vesle\/wp-json\/wp\/v2\/pages\/137\/revisions"}],"predecessor-version":[{"id":1479,"href":"https:\/\/chalons.catholique.fr\/vesle\/wp-json\/wp\/v2\/pages\/137\/revisions\/1479"}],"up":[{"embeddable":true,"href":"https:\/\/chalons.catholique.fr\/vesle\/wp-json\/wp\/v2\/pages\/1233"}],"wp:attachment":[{"href":"https:\/\/chalons.catholique.fr\/vesle\/wp-json\/wp\/v2\/media?parent=137"}],"curies":[{"name":"wp","href":"https:\/\/api.w.org\/{rel}","templated":true}]}}

3 à 10 ans : l’éveil à la foi

<div class="fusion-fullwidth fullwidth-box fusion-builder-row-1 fusion-flex-container nonhundred-percent-fullwidth non-hundred-percent-height-scrolling" style="--awb-border-radius-top-left:0px;--awb-border-radius-top-right:0px;--awb-border-radius-bottom-right:0px;--awb-border-radius-bottom-left:0px;--awb-flex-wrap:wrap;" ><div class="fusion-builder-row fusion-row fusion-flex-align-items-flex-start fusion-flex-content-wrap" style="max-width:1144px;margin-left: calc(-4% / 2 );margin-right: calc(-4% / 2 );"><div class="fusion-layout-column fusion_builder_column fusion-builder-column-0 fusion_builder_column_1_1 1_1 fusion-flex-column" style="--awb-bg-size:cover;--awb-width-large:100%;--awb-margin-top-large:0px;--awb-spacing-right-large:1.92%;--awb-margin-bottom-large:0px;--awb-spacing-left-large:1.92%;--awb-width-medium:100%;--awb-spacing-right-medium:1.92%;--awb-spacing-left-medium:1.92%;--awb-width-small:100%;--awb-spacing-right-small:1.92%;--awb-spacing-left-small:1.92%;"><div class="fusion-column-wrapper fusion-flex-justify-content-flex-start fusion-content-layout-column"><div class="fusion-text fusion-text-1"><h3 class="fusion-responsive-typography-calculated" data-fontsize="30" data-lineheight="45px"><strong><span class="JsGRdQ">L&rsquo;Éveil à la foi et à la prière (3 à 10 ans) </span></strong><strong><span class="JsGRdQ">avec les Sœurs bénédictines du Sanctuaire Notre Dame de l&rsquo;Épine :</span></strong></h3>
<p class="_04xlpA direction-ltr align-start para-style-body"><span class="JsGRdQ"><b>Une fois par mois</b></span></p>
<ul>
<li><strong><span class="JsGRdQ">le mercredi de 14h30 à 16h </span></strong><span class="JsGRdQ">(20/9, 13/10, </span><span class="JsGRdQ">10/11, 15/12, 19/1, 16/2, 23/3, 18/5) </span></li>
</ul>
<ul>
<li class="_04xlpA direction-ltr align-start para-style-body"><strong><span class="JsGRdQ">ou le samedi de 9h30 à </span>11h</strong> <span class="JsGRdQ">(25/9, 30/10, 13/11, 11/12, 15/1, 26/2, 26/3, 4/6</span></li>
</ul>
<p class="_04xlpA direction-ltr align-start para-style-body"><strong><span class="JsGRdQ">avec un temps à part pour les parents.</span><span class="JsGRdQ"><br />
</span></strong></p></p>
</div></div></div></div></div>
