{"id":1369,"date":"2023-02-17T12:33:21","date_gmt":"2023-02-17T10:33:21","guid":{"rendered":"https:\/\/chalons.catholique.fr\/vesle\/?page_id=1369"},"modified":"2023-02-17T12:35:12","modified_gmt":"2023-02-17T10:35:12","slug":"mentions-legales","status":"publish","type":"page","link":"https:\/\/chalons.catholique.fr\/vesle\/mentions-legales\/","title":{"rendered":"Mentions l\u00e9gales"},"content":{"rendered":"<div class=\"fusion-fullwidth fullwidth-box fusion-builder-row-1 fusion-flex-container has-pattern-background has-mask-background nonhundred-percent-fullwidth non-hundred-percent-height-scrolling\" style=\"--awb-border-radius-top-left:0px;--awb-border-radius-top-right:0px;--awb-border-radius-bottom-right:0px;--awb-border-radius-bottom-left:0px;--awb-flex-wrap:wrap;\" ><div class=\"fusion-builder-row fusion-row fusion-flex-align-items-flex-start fusion-flex-content-wrap\" style=\"max-width:1144px;margin-left: calc(-4% \/ 2 );margin-right: calc(-4% \/ 2 );\"><div class=\"fusion-layout-column fusion_builder_column fusion-builder-column-0 fusion_builder_column_1_1 1_1 fusion-flex-column\" style=\"--awb-bg-size:cover;--awb-width-large:100%;--awb-margin-top-large:0px;--awb-spacing-right-large:1.92%;--awb-margin-bottom-large:20px;--awb-spacing-left-large:1.92%;--awb-width-medium:100%;--awb-order-medium:0;--awb-spacing-right-medium:1.92%;--awb-spacing-left-medium:1.92%;--awb-width-small:100%;--awb-order-small:0;--awb-spacing-right-small:1.92%;--awb-spacing-left-small:1.92%;\"><div class=\"fusion-column-wrapper fusion-column-has-shadow fusion-flex-justify-content-flex-start fusion-content-layout-column\"><div class=\"fusion-text fusion-text-1\"><h2 class=\"fusion-responsive-typography-calculated\" data-fontsize=\"30\" data-lineheight=\"30px\">Site internet chalons.catholique.fr<\/h2>\n<h3 class=\"fusion-responsive-typography-calculated\" data-fontsize=\"18\" data-lineheight=\"21.6px\"><strong>Responsable \u00e9ditorial<\/strong><\/h3>\n<p>Association dioc\u00e9saine de Ch\u00e2lons<br \/>Service de la Communication (Sedicom)<br \/>20 rue de l\u2019Abb\u00e9 Pierre GILLET<br \/>51000 Ch\u00e2lons-en-Champagne<\/p>\n<p>T\u00e9l. : 03 26 68 07 03<br \/>Email :\u00a0<a href=\"mailto:sedicom@chalons.catholique.fr\">sedicom@chalons.catholique.fr<\/a><\/p>\n<h3 class=\"fusion-responsive-typography-calculated\" data-fontsize=\"18\" data-lineheight=\"21.6px\"><strong>H\u00e9bergement<\/strong><\/h3>\n<p>OVH<br \/>2 rue Kellermann<br \/>59100 Roubaix<\/p>\n<h3 class=\"fusion-responsive-typography-calculated\" data-fontsize=\"18\" data-lineheight=\"21.6px\"><b>Droits d\u2019auteurs<\/b><\/h3>\n<p>Ce site est prot\u00e9g\u00e9 par la loi du 1er juillet 1998 sur la protection juridique des bases de donn\u00e9es. Sont interdites toutes extractions et r\u00e9utilisations de la totalit\u00e9 ou d\u2019une partie substantielle, sur le plan qualitatif ou quantitatif, du contenu du site. Les \u00e9l\u00e9ments relatifs \u00e0 la forme du site ainsi que les textes et \u0153uvres pr\u00e9sent\u00e9s sont prot\u00e9g\u00e9s par le r\u00e9gime du droit d\u2019auteur. La reproduction et l\u2019utilisation de ces textes et \u0153uvres, autres qu\u2019\u00e0 une fin de consultation de nature priv\u00e9e, sont interdites. Toute demande d\u2019autorisation pour quelque utilisation que ce soit doit \u00eatre adress\u00e9e \u00e0 : Association dioc\u00e9saine de Ch\u00e2lons, Service de la Communication, 20 rue de l\u2019abb\u00e9 Gillet, 51000 Ch\u00e2lons-en-Champagne, T\u00e9l. : 03 26 68 07 03, Email :\u00a0<a href=\"mailto:sedicom@chalons.catholique.fr\">sedicom@chalons.catholique.fr<\/a><\/p>\n<h3 class=\"fusion-responsive-typography-calculated\" data-fontsize=\"18\" data-lineheight=\"21.6px\"><strong>Cr\u00e9dits<\/strong><\/h3>\n<h3 class=\"fusion-responsive-typography-calculated\" data-fontsize=\"18\" data-lineheight=\"21.6px\"><strong>Graphisme et ergonomie<\/strong><\/h3>\n<p>Design : Florent Masson et Sandrine Silly<\/p>\n<h3 class=\"fusion-responsive-typography-calculated\" data-fontsize=\"18\" data-lineheight=\"21.6px\"><strong>Photos<\/strong><\/h3>\n<p>Les photos proviennent de diff\u00e9rentes sources : Sedicom \u2013\u00a0<a href=\"https:\/\/pixabay.com\/fr\/\">Pixabay<\/a>\u00a0\u2013\u00a0<a href=\"https:\/\/unsplash.com\/\">Unsplash<\/a><\/p>\n<h3 class=\"fusion-responsive-typography-calculated\" data-fontsize=\"18\" data-lineheight=\"21.6px\"><strong>Respect de la vie priv\u00e9e<\/strong><\/h3>\n<p>Des syst\u00e8me de cookies sont employ\u00e9s pour appr\u00e9cier l\u2019int\u00e9r\u00eat port\u00e9 par les internautes aux diverses pages du site, aux vid\u00e9os (YouTube, DailyMotion,\u2026) et pour permettre un partage sur les r\u00e9seaux sociaux (Addthis).<br \/>Vous pouvez d\u00e9sactiver l\u2019utilisation de cookies en s\u00e9lectionnant les param\u00e8tres appropri\u00e9s de votre navigateur. Cependant, une telle d\u00e9sactivation pourrait emp\u00eacher l\u2019utilisation de certaines fonctionnalit\u00e9s de ce site.<br \/>Les emailings effectu\u00e9s par le Sedicom peuvent faire l\u2019objet d\u2019un suivi d\u2019ouverture et de clic permettant une d\u00e9sinscription des adresses r\u00e9put\u00e9es inactives.<br \/>Le Sedicom n\u2019effectue ni pr\u00eat, ni vente, ni \u00e9change des adresses \u00e9lectroniques inscrites aux Newsletters.<\/p>\n<h3 class=\"fusion-responsive-typography-calculated\" data-fontsize=\"18\" data-lineheight=\"21.6px\"><b>Donn\u00e9es \u00e0 caract\u00e8re personnel<\/b><\/h3>\n<p>Conform\u00e9ment \u00e0 la Loi \u00ab informatique et libert\u00e9s \u00bb du 6 janvier 1978 modifi\u00e9e le 20 juin 2018 et au R\u00e8glement (UE) 2016\/679 du 27 avril 2016, vous b\u00e9n\u00e9ficiez d\u2019un droit d\u2019acc\u00e8s, de rectification de vos donn\u00e9es, d\u2019opposition et de limitation \u00e0 un traitement, d\u2019un droit \u00e0 l\u2019oubli et \u00e0 la portabilit\u00e9 des informations qui vous concernent. Vous pouvez exercer vos droits en \u00e9crivant \u00e0 :<\/p>\n<p>Association dioc\u00e9saine de Ch\u00e2lons<br \/>D\u00e9l\u00e9gu\u00e9 \u00e0 la Protection des Donn\u00e9es<br \/>20 rue de l\u2019abb\u00e9 Gillet<br \/>51000 Ch\u00e2lons-en-Champagne<\/p>\n<p>ou par email \u00e0 :<\/p>\n<p><a href=\"mailto:dpo@chalons.catholique.fr\">dpo@chalons.catholique.fr<\/a><\/p>\n<p>Merci de joindre une photocopie de votre pi\u00e8ce d\u2019identit\u00e9 en cours de validit\u00e9.<\/p>\n<h3 class=\"fusion-responsive-typography-calculated\" data-fontsize=\"18\" data-lineheight=\"21.6px\"><b>Politique de Protection des donn\u00e9es \u00e0 caract\u00e8re personnel de l\u2019Association Dioc\u00e9saine de Ch\u00e2lons<\/b><\/h3>\n<ol>\n<li>\n<h4 class=\"fusion-responsive-typography-calculated\" data-fontsize=\"16.12\" data-lineheight=\"21.4396px\">Pr\u00e9ambule et champ d\u2019application<\/h4>\n<\/li>\n<\/ol>\n<p>La pr\u00e9sente politique de confidentialit\u00e9 a pour objet de d\u00e9finir et de vous informer de la mani\u00e8re dont l\u2019Association Dioc\u00e9saine de Ch\u00e2lons utilise et prot\u00e8ge les informations que vous nous transmettez par \u00e9crit ou le cas \u00e9ch\u00e9ant, lorsque vous utilisez nos sites internet. Cette politique de protection des donn\u00e9es est susceptible d\u2019\u00eatre modifi\u00e9e ou compl\u00e9t\u00e9e \u00e0 tout moment par l\u2019Association Dioc\u00e9saine de Ch\u00e2lons, notamment en vue de se conformer \u00e0 toute \u00e9volution l\u00e9gislative, r\u00e8glementaire, jurisprudentielle ou technologique.<\/p>\n<p>L\u2019Association Dioc\u00e9saine de Ch\u00e2lons (ADC) est une association conforme \u00e0 la loi du 1er juillet 1901 et \u00e0 la loi du 9 d\u00e9cembre 1905 concernant la s\u00e9paration des \u00c9glises et de l\u2019\u00c9tat, ayant son si\u00e8ge social \u00e0 Ch\u00e2lons, 20 rue de l\u2019abb\u00e9 Gillet (t\u00e9l : 03 26 68 07 03), num\u00e9ro de SIRET 316 825 975 000 30.<\/p>\n<p>L\u2019ADC couvre un ensemble de \u00ab services \u00bb de l\u2019\u00c9glise Catholique \u00e0 Ch\u00e2lons tant pastoraux qu\u2019administratifs, en particulier des services de conduite du dioc\u00e8se, des paroisses, chapelles, sanctuaires et des \u00e9glises, des services centraux dioc\u00e9sains pastoraux, \u00e9conomiques et administratifs. L\u2019ensemble de ces structures peuvent conserver et traiter des donn\u00e9es \u00e0 caract\u00e8re personnel dans le cadre de leurs actions.<\/p>\n<p>La pr\u00e9sente Politique de Confidentialit\u00e9 ne couvre pas les fondations, associations ou autres structures juridiques qui, en lien avec l\u2019ADC, constituent cependant des personnes morales distinctes.<\/p>\n<p>La gestion des donn\u00e9es \u00e0 caract\u00e8re personnel des salari\u00e9s et des b\u00e9n\u00e9voles des paroisses est exclue de la pr\u00e9sente Politique.<\/p>\n<ol start=\"2\">\n<li>\n<h4 class=\"fusion-responsive-typography-calculated\" data-fontsize=\"16.12\" data-lineheight=\"21.4396px\">Nos engagements<\/h4>\n<\/li>\n<\/ol>\n<p>Depuis le 25 mai 2018 le R\u00e8glement G\u00e9n\u00e9ral sur la Protection des Donn\u00e9es (RGPD) est applicable dans tous les pays de l\u2019Union Europ\u00e9enne. Dans le cadre de la vie de l\u2019ADC et des services mentionn\u00e9s ci-dessus, ou des demandes que vous leur adressez, les personnes qui vous accueillent et ont en charge la collecte et la gestion de vos donn\u00e9es personnelles veillent \u00e0 leur s\u00e9curit\u00e9. Celles-ci sont n\u00e9cessaires dans nos relations avec vous pour vous contacter, r\u00e9pondre \u00e0 vos demandes de services ou pour remplir au mieux notre mission aupr\u00e8s de vous. Pour cela nous nous engageons \u00e0 faire nos meilleurs efforts pour :<\/p>\n<ul>\n<li>recueillir votre accord pour conserver vos donn\u00e9es,<\/li>\n<li>indiquer la finalit\u00e9 du traitement que nous r\u00e9alisons,<\/li>\n<li>conserver vos donn\u00e9es sur une dur\u00e9e limit\u00e9e,<\/li>\n<li>ne collecter que les donn\u00e9es n\u00e9cessaires \u00e0 l\u2019ex\u00e9cution des traitements ainsi d\u00e9finis,<\/li>\n<li>n\u2019utiliser vos donn\u00e9es que dans le cadre de ces traitements autoris\u00e9s,<\/li>\n<li>pr\u00e9server l\u2019int\u00e9grit\u00e9 de vos donn\u00e9es,<\/li>\n<li>prot\u00e9ger l\u2019acc\u00e8s et assurer la confidentialit\u00e9 de vos donn\u00e9es,<\/li>\n<li>vous donner la possibilit\u00e9 d\u2019acc\u00e9der \u00e0 vos donn\u00e9es, d\u2019en demander la rectification ou la suppression sous r\u00e9serve de respecter les obligations l\u00e9gales vis-\u00e0-vis de l\u2019administration ou de jurisprudence.<\/li>\n<\/ul>\n<ol start=\"3\">\n<li>\n<h4 class=\"fusion-responsive-typography-calculated\" data-fontsize=\"16.12\" data-lineheight=\"21.4396px\">Donn\u00e9e collect\u00e9es<\/h4>\n<\/li>\n<\/ol>\n<p>Les donn\u00e9es collect\u00e9es diff\u00e8rent en fonction de la finalit\u00e9 des traitements associ\u00e9s<\/p>\n<p>Les donn\u00e9es d\u00e9claratives : l\u2019ADC collecte les donn\u00e9es n\u00e9cessaires \u00e0 l\u2019utilisation du \u00ab service \u00bb de votre choix.<\/p>\n<p>Donn\u00e9es comportementales : vous pouvez \u00eatre amen\u00e9 \u00e0 r\u00e9pondre \u00e0 des enqu\u00eates propos\u00e9es par l\u2019ADC parce que vous \u00eates paroissien, donateur, participant et b\u00e9n\u00e9ficiaire de services.<\/p>\n<p>Lors de votre premi\u00e8re visite sur un site internet de l\u2019ADC, un bandeau vous informe de l\u2019implantation de cookies, de votre facult\u00e9 de vous y opposer et de la marche \u00e0 suivre pour ce faire. Les donn\u00e9es de trafic et les fichiers de cookies que nous implantons sur votre ordinateur ont pour finalit\u00e9 de nous permettre l\u2019analyse de la fr\u00e9quentation de nos pages d\u2019information afin d\u2019en am\u00e9liorer le contenu la collecte des informations personnelles et faire l\u2019objet de traitements informatis\u00e9s \u00e0 des fins de gestion des dons, etc.<\/p>\n<p>L\u2019ADC est \u00e9galement susceptibles de conserver les \u00e9v\u00e9nements d\u2019interactions intervenus entre vous et les services de l\u2019ADC notamment les donn\u00e9es de connexion (adresse IP, date \/ heure, type de navigateur, URL consult\u00e9e) aux diff\u00e9rents sites sont collect\u00e9es indirectement.<\/p>\n<p>Donn\u00e9es non collect\u00e9es directement aupr\u00e8s de vous : Dans certaines circonstances, des donn\u00e9es personnelles vous concernant pourront avoir \u00e9t\u00e9 collect\u00e9es aupr\u00e8s de sources non-publiques de ses partenaires.<\/p>\n<ol start=\"4\">\n<li>\n<h4 class=\"fusion-responsive-typography-calculated\" data-fontsize=\"16.12\" data-lineheight=\"21.4396px\">Politique de conservation et traitement des donn\u00e9es de l\u2019ADC<\/h4>\n<\/li>\n<\/ol>\n<p>Quels sont les destinataires de vos donn\u00e9es personnelles ?<\/p>\n<p>L\u2019acc\u00e8s aux donn\u00e9es \u00e0 caract\u00e8re personnel est limit\u00e9 aux services de l\u2019ADC et \u00e0 ses sous-traitants avec lesquels l\u2019ADC est li\u00e9e contractuellement afin de mener \u00e0 bien l\u2019objectif du traitement. Elles ne font l\u2019objet d\u2019aucune communication \u00e0 des tiers, except\u00e9 dans les cas suivants :<\/p>\n<p>lorsque vous avez donn\u00e9 votre accord pr\u00e9alable pour le partage et\/ou la divulgation ;<\/p>\n<p>lorsque cela s\u2019av\u00e8re une obligation l\u00e9gale ou encore aux fins de pr\u00e9server ses droits et int\u00e9r\u00eats.<\/p>\n<p>L\u2019ADC ne transmet pas vos donn\u00e9es personnelles \u00e0 des annonceurs tiers \u00e0 des fins de marketing.<\/p>\n<p>Cas particuliers :<\/p>\n<p>La dur\u00e9e de conservation des donn\u00e9es personnelles diff\u00e8re en fonction des finalit\u00e9s de traitement<\/p>\n<p>Dans le cadre de vos dons, les donn\u00e9es peuvent \u00eatre collect\u00e9es pour toutes sollicitations en vue de l\u2019envoi d\u2019un re\u00e7u fiscal, l\u2019appel au denier de l\u2019\u00c9glise et autres appels \u00e0 dons pour des projets pastoraux ou de solidarit\u00e9 des paroisses et du dioc\u00e8se. Les donn\u00e9es sont conserv\u00e9es pendant une dur\u00e9e minimale de 6 ans \u00e0 compter de la date de votre dernier don conform\u00e9ment aux exigences de l\u2019administration fiscale (http:\/\/bofip.impots.gouv.fr\/bofip\/8877-PGP.html).<\/p>\n<p>Dans le cadre du suivi administratif des sacrements, les donn\u00e9es peuvent \u00eatre collect\u00e9es pour toutes sollicitations en vue de suivi de votre pr\u00e9paration et vous adresser toute information utile dans ce cadre, d\u2019information et proposition de participation \u00e0 d\u2019autres activit\u00e9s de la paroisse, d\u2019archivage des informations en vue de la pr\u00e9paration d\u2019un autre sacrement et d\u2019appel pour le denier de l\u2019\u00c9glise ou autres dons.<\/p>\n<p>Certaines informations sp\u00e9cifiques au dossier pr\u00e9paratoire sont supprim\u00e9es un an apr\u00e8s la c\u00e9l\u00e9bration du sacrement. Les donn\u00e9es d\u2019\u00e9tat civil sont conserv\u00e9es durant le temps que la personne reste en contact r\u00e9gulier avec l\u2019ADC. Les \u00e9l\u00e9ments des registres paroissiaux sont conserv\u00e9s 100 ans aux archives de catholicit\u00e9 et en paroisse.<\/p>\n<p>Dans le cadre des activit\u00e9s paroissiales et dioc\u00e9saines, notamment le cat\u00e9chisme, les p\u00e8lerinages et plus g\u00e9n\u00e9ralement toutes activit\u00e9s pouvant aider \u00e0 cr\u00e9er des liens et \u00e0 \u00eatre au service des autres, des donn\u00e9es peuvent \u00eatre collect\u00e9es pour toutes sollicitations en vue de suivi de votre inscription, d\u2019envoi d\u2019information, proposition de participation \u00e0 d\u2019autres activit\u00e9s de la paroisse et d\u2019appel pour le denier de l\u2019\u00c9glise ou autres dons pour des projets pastoraux ou de solidarit\u00e9.<\/p>\n<p>Ces donn\u00e9es sont conserv\u00e9es durant le temps que la personne est en contact r\u00e9gulier avec l\u2019ADC et dans tous les cas 3 ans au maximum apr\u00e8s le dernier contact.<\/p>\n<ol start=\"5\">\n<li>\n<h4 class=\"fusion-responsive-typography-calculated\" data-fontsize=\"16.12\" data-lineheight=\"21.4396px\">S\u00e9curit\u00e9 et stockage de vos donn\u00e9es<\/h4>\n<\/li>\n<\/ol>\n<p>L\u2019ADC est particuli\u00e8rement attach\u00e9e aux donn\u00e9es personnelles que nous collectons et traitons. Ces op\u00e9rations sont r\u00e9alis\u00e9es de mani\u00e8re s\u00e9curis\u00e9e. Nous mettons en \u0153uvre les mesures techniques, physiques et organisationnelles n\u00e9cessaires pour pr\u00e9venir, dans la mesure du possible, toute alt\u00e9ration, perte ou acc\u00e8s non autoris\u00e9 \u00e0 vos donn\u00e9es personnelles.<\/p>\n<p>Les donn\u00e9es \u00e0 caract\u00e8re personnel sont stock\u00e9es dans l\u2019Union Europ\u00e9enne dans les bases de donn\u00e9es ou fichiers de l\u2019ADC ou dans celles de prestataires de services avec lesquels l\u2019ADC a une relation contractuelle d\u00e9di\u00e9e.<\/p>\n<ol start=\"6\">\n<li>\n<h4 class=\"fusion-responsive-typography-calculated\" data-fontsize=\"16.12\" data-lineheight=\"21.4396px\">Rappel de vos droits<\/h4>\n<\/li>\n<\/ol>\n<p>Conform\u00e9ment \u00e0 la Loi \u00ab informatique et libert\u00e9s \u00bb du 6 janvier 1978 modifi\u00e9e le 20 juin 2018 et au R\u00e8glement (UE) 2016\/679 du 27 avril 2016 sur la protection des donn\u00e9es, vous b\u00e9n\u00e9ficiez d\u2019un droit d\u2019acc\u00e8s, de rectification de vos donn\u00e9es, d\u2019un droit d\u2019opposition et de limitation \u00e0 un traitement, d\u2019un droit \u00e0 l\u2019oubli et \u00e0 la portabilit\u00e9 des informations qui la concernent.<\/p>\n<p>Pour l\u2019ensemble de ces demandes ou en cas de r\u00e9clamation, il vous suffit d\u2019envoyer un courrier ou un E-mail, avec en PJ copie de votre titre d\u2019identit\u00e9, expliquant en d\u00e9tail votre demande \u00e0<\/p>\n<p>ADC \u2013 D\u00e9l\u00e9gu\u00e9 \u00e0 la Protection des Donn\u00e9es<br \/>20, rue de l\u2019abb\u00e9 Gillet<br \/>51000 Ch\u00e2lons-en-Champagne<\/p>\n<p>Ou\u00a0<a href=\"mailto:dpo@chalons.catholique.fr\">dpo@chalons.catholique.fr<\/a><\/p>\n<\/div><\/div><\/div><\/div><\/div>\n","protected":false},"excerpt":{"rendered":"","protected":false},"author":158,"featured_media":0,"parent":0,"menu_order":0,"comment_status":"closed","ping_status":"closed","template":"","meta":{"xn-wppe-expiration":[],"xn-wppe-expiration-action":[],"xn-wppe-expiration-prefix":[],"footnotes":""},"_links":{"self":[{"href":"https:\/\/chalons.catholique.fr\/vesle\/wp-json\/wp\/v2\/pages\/1369"}],"collection":[{"href":"https:\/\/chalons.catholique.fr\/vesle\/wp-json\/wp\/v2\/pages"}],"about":[{"href":"https:\/\/chalons.catholique.fr\/vesle\/wp-json\/wp\/v2\/types\/page"}],"author":[{"embeddable":true,"href":"https:\/\/chalons.catholique.fr\/vesle\/wp-json\/wp\/v2\/users\/158"}],"replies":[{"embeddable":true,"href":"https:\/\/chalons.catholique.fr\/vesle\/wp-json\/wp\/v2\/comments?post=1369"}],"version-history":[{"count":2,"href":"https:\/\/chalons.catholique.fr\/vesle\/wp-json\/wp\/v2\/pages\/1369\/revisions"}],"predecessor-version":[{"id":1371,"href":"https:\/\/chalons.catholique.fr\/vesle\/wp-json\/wp\/v2\/pages\/1369\/revisions\/1371"}],"wp:attachment":[{"href":"https:\/\/chalons.catholique.fr\/vesle\/wp-json\/wp\/v2\/media?parent=1369"}],"curies":[{"name":"wp","href":"https:\/\/api.w.org\/{rel}","templated":true}]}}