{"id":1247,"date":"2022-04-02T11:34:11","date_gmt":"2022-04-02T09:34:11","guid":{"rendered":"https:\/\/chalons.catholique.fr\/vesle\/?page_id=1247"},"modified":"2025-02-25T12:19:36","modified_gmt":"2025-02-25T10:19:36","slug":"edito","status":"publish","type":"page","link":"https:\/\/chalons.catholique.fr\/vesle\/au-fil-des-sources\/edito\/","title":{"rendered":"Edito 16 f\u00e9vrier"},"content":{"rendered":"<div class=\"fusion-fullwidth fullwidth-box fusion-builder-row-1 fusion-flex-container nonhundred-percent-fullwidth non-hundred-percent-height-scrolling\" style=\"--awb-border-radius-top-left:0px;--awb-border-radius-top-right:0px;--awb-border-radius-bottom-right:0px;--awb-border-radius-bottom-left:0px;--awb-flex-wrap:wrap;\" ><div class=\"fusion-builder-row fusion-row fusion-flex-align-items-flex-start fusion-flex-content-wrap\" style=\"max-width:1144px;margin-left: calc(-4% \/ 2 );margin-right: calc(-4% \/ 2 );\"><div class=\"fusion-layout-column fusion_builder_column fusion-builder-column-0 fusion_builder_column_1_1 1_1 fusion-flex-column\" style=\"--awb-bg-blend:overlay;--awb-bg-size:cover;--awb-width-large:100%;--awb-margin-top-large:0px;--awb-spacing-right-large:1.92%;--awb-margin-bottom-large:0px;--awb-spacing-left-large:1.92%;--awb-width-medium:100%;--awb-spacing-right-medium:1.92%;--awb-spacing-left-medium:1.92%;--awb-width-small:100%;--awb-spacing-right-small:1.92%;--awb-spacing-left-small:1.92%;\"><div class=\"fusion-column-wrapper fusion-flex-justify-content-flex-start fusion-content-layout-column\"><div class=\"fusion-text fusion-text-1\"><p>L&rsquo;ESPERANCE DU BONHEUR<\/p>\n<p>Avant la r\u00e9forme du Concile Vatican II, un temps de soixante-dix jours avant P\u00e2ques d\u00e9butait en cette p\u00e9riode, c&rsquo;\u00e9tait la septuag\u00e9sime. Soixante-dix comme le nombre d&rsquo;ann\u00e9es que les Juifs ont pass\u00e9s en exil \u00e0 Babylone \u00e0 cause de leurs fautes (Jr 29 10-14). C&rsquo;\u00e9tait d\u00e9j\u00e0 un temps du rappel urgent de la conversion en vue d&rsquo;entrer dans le Royaume des d&rsquo;eux, anticipant le temps de p\u00e9nitence du car\u00eame (quadrag\u00e9sime, 40 jours avant P\u00e2ques). Nous sommes dans la m\u00eame tonalit\u00e9 aujourd&rsquo;hui encore avec les \u00e9vangiles du 6e et du 7e dimanche ordinaire. Le Seigneur JESUS proclame les b\u00e9atitudes et donne son enseignement moral \u00e0 ses disciples. La fin et les moyens : la B\u00e9atitude (le bonheur qu&rsquo;il y aura dans le Royaume) et les commandements \u00e0 vivre dans la gr\u00e2ce donn\u00e9e par le Christ.<\/p>\n<p>Notre morale chr\u00e9tienne repose sur la promesse du bonheur \u00e9ternel. \u00ab Le bonheur est la vocation de l&rsquo;\u00eatre humain, un objectif qui concerne chacun. Mais qu&rsquo;est-ce que le bonheur ? Quel bonheur attendons-nous et d\u00e9sirons-nous ? Nous avons besoin d&rsquo;un bonheur qui s&rsquo;accomplisse d\u00e9finitivement dans ce qui nous \u00e9panouit, c&rsquo;est-\u00e0-dire dans l&rsquo;amour, afin que nous puissions dire, d\u00e8s maintenant : Je suis aim\u00e9, donc j&rsquo;existe ; et j&rsquo;existerai toujours dans l&rsquo;Amour qui ne d\u00e9\u00e7oit pas et dont rien ni personne ne pourra jamais me s\u00e9parer. \u00bb (Pape Fran\u00e7ois, Spes non confundit, 21).<\/p>\n<p>Cela r\u00e9sonne d&rsquo;une mani\u00e8re particuli\u00e8re en cette ann\u00e9e de l&rsquo;esp\u00e9rance : nous esp\u00e9rons la r\u00e9alisation de la promesse du Seigneur faite aux pauvres, aux affam\u00e9s, aux attrist\u00e9s, aux rejet\u00e9s \u00e0 cause du Christ, d&rsquo;\u00eatre heureux de poss\u00e9der le Royaume de Dieu et un grand tr\u00e9sor en celui-ci, d&rsquo;\u00eatre rassasi\u00e9 et de rire pour l&rsquo;\u00e9ternit\u00e9. \u00ab Etre les fils du Tr\u00e8s-Haut \u00bb (Le 6, 35) implique d&rsquo;agir d&rsquo;une mani\u00e8re conforme \u00e0 cette esp\u00e9rance ! Aimer amis et ennemis, faire du bien, pr\u00eater sans attendre de retour, ne pas jugez, ne pas condamner, pardonner, donner. Dieu est bon, soyons bons ; Dieu est mis\u00e9ricordieux, soyons mis\u00e9ricordieux. Et pour nous encourager ou nous r\u00e9veiller rappelons-nous : \u00ab la mesure dont vous vous servez pour les autres servira de mesure aussi pour vous. \u00bb (Le 6, 38).<\/p>\n<p>Don J\u00e9r\u00f4me +<\/p>\n<\/div><\/div><\/div><\/div><\/div>\n","protected":false},"excerpt":{"rendered":"","protected":false},"author":5,"featured_media":0,"parent":1253,"menu_order":0,"comment_status":"closed","ping_status":"closed","template":"","meta":{"xn-wppe-expiration":[],"xn-wppe-expiration-action":[],"xn-wppe-expiration-prefix":[],"footnotes":""},"_links":{"self":[{"href":"https:\/\/chalons.catholique.fr\/vesle\/wp-json\/wp\/v2\/pages\/1247"}],"collection":[{"href":"https:\/\/chalons.catholique.fr\/vesle\/wp-json\/wp\/v2\/pages"}],"about":[{"href":"https:\/\/chalons.catholique.fr\/vesle\/wp-json\/wp\/v2\/types\/page"}],"author":[{"embeddable":true,"href":"https:\/\/chalons.catholique.fr\/vesle\/wp-json\/wp\/v2\/users\/5"}],"replies":[{"embeddable":true,"href":"https:\/\/chalons.catholique.fr\/vesle\/wp-json\/wp\/v2\/comments?post=1247"}],"version-history":[{"count":23,"href":"https:\/\/chalons.catholique.fr\/vesle\/wp-json\/wp\/v2\/pages\/1247\/revisions"}],"predecessor-version":[{"id":1564,"href":"https:\/\/chalons.catholique.fr\/vesle\/wp-json\/wp\/v2\/pages\/1247\/revisions\/1564"}],"up":[{"embeddable":true,"href":"https:\/\/chalons.catholique.fr\/vesle\/wp-json\/wp\/v2\/pages\/1253"}],"wp:attachment":[{"href":"https:\/\/chalons.catholique.fr\/vesle\/wp-json\/wp\/v2\/media?parent=1247"}],"curies":[{"name":"wp","href":"https:\/\/api.w.org\/{rel}","templated":true}]}}