{"id":1237,"date":"2022-04-02T11:13:32","date_gmt":"2022-04-02T09:13:32","guid":{"rendered":"https:\/\/chalons.catholique.fr\/vesle\/?page_id=1237"},"modified":"2022-04-02T11:13:32","modified_gmt":"2022-04-02T09:13:32","slug":"service-amitie-malades-visites","status":"publish","type":"page","link":"https:\/\/chalons.catholique.fr\/vesle\/activites\/adultes\/service-amitie-malades-visites\/","title":{"rendered":"Service Amiti\u00e9 Malades (Visites)"},"content":{"rendered":"<p>Nous avons \u00e0 c\u0153ur d\u2019\u00eatre proche des paroissiens qui ne peuvent plus se d\u00e9placer pour rejoindre la communaut\u00e9, mais aussi ceux qui souffrent de solitude ou de d\u00e9sespoir face \u00e0 la maladie.<\/p>\n<p>Que vous souhaitiez faire partie de l\u2019\u00e9quipe des visiteurs ou que vous souhaitiez nous confier une personne \u00e0 visiter\u00a0: (lien vers l\u2019organigramme).<\/p>\n<p>&nbsp;<\/p>\n","protected":false},"excerpt":{"rendered":"<p>Nous avons \u00e0 c\u0153ur d\u2019\u00eatre proche des paroissiens qui ne peuvent plus se d\u00e9placer pour rejoindre la communaut\u00e9, mais aussi ceux qui souffrent de solitude ou de d\u00e9sespoir face \u00e0 la maladie. Que vous souhaitiez faire partie de l\u2019\u00e9quipe des visiteurs ou que vous souhaitiez nous confier une personne \u00e0 visiter\u00a0: (lien vers l\u2019organigramme). &nbsp;<\/p>\n","protected":false},"author":5,"featured_media":0,"parent":1231,"menu_order":0,"comment_status":"closed","ping_status":"closed","template":"","meta":{"xn-wppe-expiration":[],"xn-wppe-expiration-action":[],"xn-wppe-expiration-prefix":[],"footnotes":""},"_links":{"self":[{"href":"https:\/\/chalons.catholique.fr\/vesle\/wp-json\/wp\/v2\/pages\/1237"}],"collection":[{"href":"https:\/\/chalons.catholique.fr\/vesle\/wp-json\/wp\/v2\/pages"}],"about":[{"href":"https:\/\/chalons.catholique.fr\/vesle\/wp-json\/wp\/v2\/types\/page"}],"author":[{"embeddable":true,"href":"https:\/\/chalons.catholique.fr\/vesle\/wp-json\/wp\/v2\/users\/5"}],"replies":[{"embeddable":true,"href":"https:\/\/chalons.catholique.fr\/vesle\/wp-json\/wp\/v2\/comments?post=1237"}],"version-history":[{"count":0,"href":"https:\/\/chalons.catholique.fr\/vesle\/wp-json\/wp\/v2\/pages\/1237\/revisions"}],"up":[{"embeddable":true,"href":"https:\/\/chalons.catholique.fr\/vesle\/wp-json\/wp\/v2\/pages\/1231"}],"wp:attachment":[{"href":"https:\/\/chalons.catholique.fr\/vesle\/wp-json\/wp\/v2\/media?parent=1237"}],"curies":[{"name":"wp","href":"https:\/\/api.w.org\/{rel}","templated":true}]}}