{"id":2,"date":"2021-10-13T09:16:26","date_gmt":"2021-10-13T07:16:26","guid":{"rendered":"https:\/\/chalons.catholique.fr\/synode\/?page_id=2"},"modified":"2022-05-06T15:53:06","modified_gmt":"2022-05-06T13:53:06","slug":"2023-2","status":"publish","type":"page","link":"https:\/\/chalons.catholique.fr\/synode\/","title":{"rendered":"Synode 2023"},"content":{"rendered":"[fusion_builder_container type=\u00a0\u00bbflex\u00a0\u00bb hundred_percent=\u00a0\u00bbno\u00a0\u00bb hundred_percent_height=\u00a0\u00bbno\u00a0\u00bb hundred_percent_height_scroll=\u00a0\u00bbno\u00a0\u00bb align_content=\u00a0\u00bbstretch\u00a0\u00bb flex_align_items=\u00a0\u00bbflex-start\u00a0\u00bb flex_justify_content=\u00a0\u00bbflex-start\u00a0\u00bb hundred_percent_height_center_content=\u00a0\u00bbyes\u00a0\u00bb equal_height_columns=\u00a0\u00bbno\u00a0\u00bb container_tag=\u00a0\u00bbdiv\u00a0\u00bb hide_on_mobile=\u00a0\u00bbsmall-visibility,medium-visibility,large-visibility\u00a0\u00bb status=\u00a0\u00bbpublished\u00a0\u00bb border_style=\u00a0\u00bbsolid\u00a0\u00bb box_shadow=\u00a0\u00bbno\u00a0\u00bb box_shadow_blur=\u00a0\u00bb0&Prime; box_shadow_spread=\u00a0\u00bb0&Prime; gradient_start_position=\u00a0\u00bb0&Prime; gradient_end_position=\u00a0\u00bb100&Prime; gradient_type=\u00a0\u00bblinear\u00a0\u00bb radial_direction=\u00a0\u00bbcenter center\u00a0\u00bb linear_angle=\u00a0\u00bb180&Prime; background_position=\u00a0\u00bbcenter center\u00a0\u00bb background_repeat=\u00a0\u00bbno-repeat\u00a0\u00bb fade=\u00a0\u00bbno\u00a0\u00bb background_parallax=\u00a0\u00bbnone\u00a0\u00bb enable_mobile=\u00a0\u00bbno\u00a0\u00bb parallax_speed=\u00a0\u00bb0.3&Prime; background_blend_mode=\u00a0\u00bbnone\u00a0\u00bb video_aspect_ratio=\u00a0\u00bb16:9&Prime; video_loop=\u00a0\u00bbyes\u00a0\u00bb video_mute=\u00a0\u00bbyes\u00a0\u00bb absolute=\u00a0\u00bboff\u00a0\u00bb absolute_devices=\u00a0\u00bbsmall,medium,large\u00a0\u00bb sticky=\u00a0\u00bboff\u00a0\u00bb sticky_devices=\u00a0\u00bbsmall-visibility,medium-visibility,large-visibility\u00a0\u00bb sticky_transition_offset=\u00a0\u00bb0&Prime; scroll_offset=\u00a0\u00bb0&Prime; animation_direction=\u00a0\u00bbleft\u00a0\u00bb animation_speed=\u00a0\u00bb0.3&Prime; filter_hue=\u00a0\u00bb0&Prime; filter_saturation=\u00a0\u00bb100&Prime; filter_brightness=\u00a0\u00bb100&Prime; filter_contrast=\u00a0\u00bb100&Prime; filter_invert=\u00a0\u00bb0&Prime; filter_sepia=\u00a0\u00bb0&Prime; filter_opacity=\u00a0\u00bb100&Prime; filter_blur=\u00a0\u00bb0&Prime; filter_hue_hover=\u00a0\u00bb0&Prime; filter_saturation_hover=\u00a0\u00bb100&Prime; filter_brightness_hover=\u00a0\u00bb100&Prime; filter_contrast_hover=\u00a0\u00bb100&Prime; filter_invert_hover=\u00a0\u00bb0&Prime; filter_sepia_hover=\u00a0\u00bb0&Prime; filter_opacity_hover=\u00a0\u00bb100&Prime; filter_blur_hover=\u00a0\u00bb0&Prime;][fusion_builder_row][fusion_builder_column type=\u00a0\u00bb1_1&Prime; type=\u00a0\u00bb1_1&Prime; align_self=\u00a0\u00bbauto\u00a0\u00bb content_layout=\u00a0\u00bbcolumn\u00a0\u00bb align_content=\u00a0\u00bbflex-start\u00a0\u00bb valign_content=\u00a0\u00bbflex-start\u00a0\u00bb content_wrap=\u00a0\u00bbwrap\u00a0\u00bb spacing=\u00a0\u00bb\u00a0\u00bb center_content=\u00a0\u00bbno\u00a0\u00bb link=\u00a0\u00bb\u00a0\u00bb target=\u00a0\u00bb_self\u00a0\u00bb min_height=\u00a0\u00bb\u00a0\u00bb hide_on_mobile=\u00a0\u00bbsmall-visibility,medium-visibility,large-visibility\u00a0\u00bb sticky_display=\u00a0\u00bbnormal,sticky\u00a0\u00bb class=\u00a0\u00bb\u00a0\u00bb id=\u00a0\u00bb\u00a0\u00bb type_medium=\u00a0\u00bb\u00a0\u00bb type_small=\u00a0\u00bb\u00a0\u00bb order_medium=\u00a0\u00bb0&Prime; order_small=\u00a0\u00bb0&Prime; dimension_spacing_medium=\u00a0\u00bb\u00a0\u00bb dimension_spacing_small=\u00a0\u00bb\u00a0\u00bb dimension_spacing=\u00a0\u00bb\u00a0\u00bb dimension_margin_medium=\u00a0\u00bb\u00a0\u00bb dimension_margin_small=\u00a0\u00bb\u00a0\u00bb dimension_margin=\u00a0\u00bb\u00a0\u00bb padding_medium=\u00a0\u00bb\u00a0\u00bb padding_small=\u00a0\u00bb\u00a0\u00bb padding_top=\u00a0\u00bb\u00a0\u00bb padding_right=\u00a0\u00bb\u00a0\u00bb padding_bottom=\u00a0\u00bb\u00a0\u00bb padding_left=\u00a0\u00bb\u00a0\u00bb hover_type=\u00a0\u00bbnone\u00a0\u00bb border_sizes=\u00a0\u00bb\u00a0\u00bb border_color=\u00a0\u00bb\u00a0\u00bb border_style=\u00a0\u00bbsolid\u00a0\u00bb border_radius=\u00a0\u00bb\u00a0\u00bb box_shadow=\u00a0\u00bbno\u00a0\u00bb dimension_box_shadow=\u00a0\u00bb\u00a0\u00bb box_shadow_blur=\u00a0\u00bb0&Prime; box_shadow_spread=\u00a0\u00bb0&Prime; box_shadow_color=\u00a0\u00bb\u00a0\u00bb box_shadow_style=\u00a0\u00bb\u00a0\u00bb background_type=\u00a0\u00bbsingle\u00a0\u00bb gradient_start_color=\u00a0\u00bb\u00a0\u00bb gradient_end_color=\u00a0\u00bb\u00a0\u00bb gradient_start_position=\u00a0\u00bb0&Prime; gradient_end_position=\u00a0\u00bb100&Prime; gradient_type=\u00a0\u00bblinear\u00a0\u00bb radial_direction=\u00a0\u00bbcenter center\u00a0\u00bb linear_angle=\u00a0\u00bb180&Prime; background_color=\u00a0\u00bb\u00a0\u00bb background_image=\u00a0\u00bb\u00a0\u00bb background_image_id=\u00a0\u00bb\u00a0\u00bb background_position=\u00a0\u00bbleft top\u00a0\u00bb background_repeat=\u00a0\u00bbno-repeat\u00a0\u00bb background_blend_mode=\u00a0\u00bbnone\u00a0\u00bb render_logics=\u00a0\u00bb\u00a0\u00bb filter_type=\u00a0\u00bbregular\u00a0\u00bb filter_hue=\u00a0\u00bb0&Prime; filter_saturation=\u00a0\u00bb100&Prime; filter_brightness=\u00a0\u00bb100&Prime; filter_contrast=\u00a0\u00bb100&Prime; filter_invert=\u00a0\u00bb0&Prime; filter_sepia=\u00a0\u00bb0&Prime; filter_opacity=\u00a0\u00bb100&Prime; filter_blur=\u00a0\u00bb0&Prime; filter_hue_hover=\u00a0\u00bb0&Prime; filter_saturation_hover=\u00a0\u00bb100&Prime; filter_brightness_hover=\u00a0\u00bb100&Prime; filter_contrast_hover=\u00a0\u00bb100&Prime; filter_invert_hover=\u00a0\u00bb0&Prime; filter_sepia_hover=\u00a0\u00bb0&Prime; filter_opacity_hover=\u00a0\u00bb100&Prime; filter_blur_hover=\u00a0\u00bb0&Prime; animation_type=\u00a0\u00bb\u00a0\u00bb animation_direction=\u00a0\u00bbleft\u00a0\u00bb animation_speed=\u00a0\u00bb0.3&Prime; animation_offset=\u00a0\u00bb\u00a0\u00bb last=\u00a0\u00bbno\u00a0\u00bb border_position=\u00a0\u00bball\u00a0\u00bb][fusion_text columns=\u00a0\u00bb\u00a0\u00bb column_min_width=\u00a0\u00bb\u00a0\u00bb column_spacing=\u00a0\u00bb\u00a0\u00bb rule_style=\u00a0\u00bbdefault\u00a0\u00bb rule_size=\u00a0\u00bb\u00a0\u00bb rule_color=\u00a0\u00bb\u00a0\u00bb font_size=\u00a0\u00bb\u00a0\u00bb line_height=\u00a0\u00bb\u00a0\u00bb letter_spacing=\u00a0\u00bb\u00a0\u00bb text_color=\u00a0\u00bb\u00a0\u00bb content_alignment_medium=\u00a0\u00bb\u00a0\u00bb content_alignment_small=\u00a0\u00bb\u00a0\u00bb content_alignment=\u00a0\u00bb\u00a0\u00bb animation_type=\u00a0\u00bb\u00a0\u00bb animation_direction=\u00a0\u00bbleft\u00a0\u00bb animation_speed=\u00a0\u00bb0.3&Prime; animation_offset=\u00a0\u00bb\u00a0\u00bb hide_on_mobile=\u00a0\u00bbsmall-visibility,medium-visibility,large-visibility\u00a0\u00bb sticky_display=\u00a0\u00bbnormal,sticky\u00a0\u00bb class=\u00a0\u00bb\u00a0\u00bb id=\u00a0\u00bb\u00a0\u00bb]\n<h4 class=\"fusion-responsive-typography-calculated\" style=\"text-align: center; --fontsize: 28; line-height: 1.36;\" data-fontsize=\"28\" data-lineheight=\"38.08000183105469px\">La phase dioc\u00e9saine du synode est maintenant termin\u00e9e.<\/h4>\n<h4 class=\"fusion-responsive-typography-calculated\" style=\"text-align: center; --fontsize: 28; line-height: 1.36;\" data-fontsize=\"28\" data-lineheight=\"38.08000183105469px\"><b>Ici d\u00e8s le dimanche 8 mai \u00e0 18h, la synth\u00e8se dioc\u00e9saine sera disponible au t\u00e9l\u00e9chargement.<\/b><\/h4>\n<p style=\"text-align: center;\"><b><img decoding=\"async\" class=\"aligncenter size-large wp-image-122\" src=\"https:\/\/chalons.catholique.fr\/synode\/wp-content\/uploads\/sites\/67\/2022\/05\/pubsynthese2-copie-1024x516.jpg\" alt=\"\" width=\"1024\" height=\"516\" srcset=\"https:\/\/chalons.catholique.fr\/synode\/wp-content\/uploads\/sites\/67\/2022\/05\/pubsynthese2-copie-200x101.jpg 200w, https:\/\/chalons.catholique.fr\/synode\/wp-content\/uploads\/sites\/67\/2022\/05\/pubsynthese2-copie-300x151.jpg 300w, https:\/\/chalons.catholique.fr\/synode\/wp-content\/uploads\/sites\/67\/2022\/05\/pubsynthese2-copie-400x202.jpg 400w, https:\/\/chalons.catholique.fr\/synode\/wp-content\/uploads\/sites\/67\/2022\/05\/pubsynthese2-copie-540x272.jpg 540w, https:\/\/chalons.catholique.fr\/synode\/wp-content\/uploads\/sites\/67\/2022\/05\/pubsynthese2-copie-600x302.jpg 600w, https:\/\/chalons.catholique.fr\/synode\/wp-content\/uploads\/sites\/67\/2022\/05\/pubsynthese2-copie-768x387.jpg 768w, https:\/\/chalons.catholique.fr\/synode\/wp-content\/uploads\/sites\/67\/2022\/05\/pubsynthese2-copie-800x403.jpg 800w, https:\/\/chalons.catholique.fr\/synode\/wp-content\/uploads\/sites\/67\/2022\/05\/pubsynthese2-copie-1024x516.jpg 1024w, https:\/\/chalons.catholique.fr\/synode\/wp-content\/uploads\/sites\/67\/2022\/05\/pubsynthese2-copie-1200x605.jpg 1200w, https:\/\/chalons.catholique.fr\/synode\/wp-content\/uploads\/sites\/67\/2022\/05\/pubsynthese2-copie.jpg 1300w\" sizes=\"(max-width: 1024px) 100vw, 1024px\" \/><\/b><\/p>\n<div style=\"text-align: center;\"><span style=\"color: var(--h4_typography-color); font-family: var(--h4_typography-font-family); font-size: var(--h4_typography-font-size); font-style: var(--h4_typography-font-style,normal); letter-spacing: var(--h4_typography-letter-spacing);\">Retrouvez les \u00e9tapes suivantes du synode sur le site mondial : <\/span><\/div>\n<p><a href=\"https:\/\/www.synod.va\/en.html\" target=\"_blank\" rel=\"noopener\"><img decoding=\"async\" class=\"aligncenter wp-image-114 size-fusion-200\" src=\"https:\/\/chalons.catholique.fr\/synode\/wp-content\/uploads\/sites\/67\/2022\/05\/logo-2023-trasparente-en-200x89.png\" alt=\"https:\/\/www.synod.va\/en.html\" width=\"200\" height=\"89\" srcset=\"https:\/\/chalons.catholique.fr\/synode\/wp-content\/uploads\/sites\/67\/2022\/05\/logo-2023-trasparente-en-200x89.png 200w, https:\/\/chalons.catholique.fr\/synode\/wp-content\/uploads\/sites\/67\/2022\/05\/logo-2023-trasparente-en-300x134.png 300w, https:\/\/chalons.catholique.fr\/synode\/wp-content\/uploads\/sites\/67\/2022\/05\/logo-2023-trasparente-en.png 378w\" sizes=\"(max-width: 200px) 100vw, 200px\" \/><\/a><\/p>\n[\/fusion_text][\/fusion_builder_column][\/fusion_builder_row][\/fusion_builder_container][fusion_builder_container type=\u00a0\u00bbflex\u00a0\u00bb hundred_percent=\u00a0\u00bbno\u00a0\u00bb hundred_percent_height=\u00a0\u00bbno\u00a0\u00bb hundred_percent_height_scroll=\u00a0\u00bbno\u00a0\u00bb align_content=\u00a0\u00bbstretch\u00a0\u00bb flex_align_items=\u00a0\u00bbflex-start\u00a0\u00bb flex_justify_content=\u00a0\u00bbflex-start\u00a0\u00bb hundred_percent_height_center_content=\u00a0\u00bbyes\u00a0\u00bb equal_height_columns=\u00a0\u00bbno\u00a0\u00bb container_tag=\u00a0\u00bbdiv\u00a0\u00bb hide_on_mobile=\u00a0\u00bbsmall-visibility,medium-visibility,large-visibility\u00a0\u00bb status=\u00a0\u00bbpublish_after\u00a0\u00bb border_style=\u00a0\u00bbsolid\u00a0\u00bb box_shadow=\u00a0\u00bbno\u00a0\u00bb box_shadow_blur=\u00a0\u00bb0&Prime; box_shadow_spread=\u00a0\u00bb0&Prime; gradient_start_position=\u00a0\u00bb0&Prime; gradient_end_position=\u00a0\u00bb100&Prime; gradient_type=\u00a0\u00bblinear\u00a0\u00bb radial_direction=\u00a0\u00bbcenter center\u00a0\u00bb linear_angle=\u00a0\u00bb180&Prime; background_position=\u00a0\u00bbcenter center\u00a0\u00bb background_repeat=\u00a0\u00bbno-repeat\u00a0\u00bb fade=\u00a0\u00bbno\u00a0\u00bb background_parallax=\u00a0\u00bbnone\u00a0\u00bb enable_mobile=\u00a0\u00bbno\u00a0\u00bb parallax_speed=\u00a0\u00bb0.3&Prime; background_blend_mode=\u00a0\u00bbnone\u00a0\u00bb video_aspect_ratio=\u00a0\u00bb16:9&Prime; video_loop=\u00a0\u00bbyes\u00a0\u00bb video_mute=\u00a0\u00bbyes\u00a0\u00bb absolute=\u00a0\u00bboff\u00a0\u00bb absolute_devices=\u00a0\u00bbsmall,medium,large\u00a0\u00bb sticky=\u00a0\u00bboff\u00a0\u00bb sticky_devices=\u00a0\u00bbsmall-visibility,medium-visibility,large-visibility\u00a0\u00bb sticky_transition_offset=\u00a0\u00bb0&Prime; scroll_offset=\u00a0\u00bb0&Prime; animation_direction=\u00a0\u00bbleft\u00a0\u00bb animation_speed=\u00a0\u00bb0.3&Prime; filter_hue=\u00a0\u00bb0&Prime; filter_saturation=\u00a0\u00bb100&Prime; filter_brightness=\u00a0\u00bb100&Prime; filter_contrast=\u00a0\u00bb100&Prime; filter_invert=\u00a0\u00bb0&Prime; filter_sepia=\u00a0\u00bb0&Prime; filter_opacity=\u00a0\u00bb100&Prime; filter_blur=\u00a0\u00bb0&Prime; filter_hue_hover=\u00a0\u00bb0&Prime; filter_saturation_hover=\u00a0\u00bb100&Prime; filter_brightness_hover=\u00a0\u00bb100&Prime; filter_contrast_hover=\u00a0\u00bb100&Prime; filter_invert_hover=\u00a0\u00bb0&Prime; filter_sepia_hover=\u00a0\u00bb0&Prime; filter_opacity_hover=\u00a0\u00bb100&Prime; filter_blur_hover=\u00a0\u00bb0&Prime; publish_date=\u00a0\u00bb2022-05-08 19:00:00&Prime;][fusion_builder_row][fusion_builder_column type=\u00a0\u00bb1_1&Prime; type=\u00a0\u00bb1_1&Prime; align_self=\u00a0\u00bbauto\u00a0\u00bb content_layout=\u00a0\u00bbcolumn\u00a0\u00bb align_content=\u00a0\u00bbspace-around\u00a0\u00bb valign_content=\u00a0\u00bbflex-start\u00a0\u00bb content_wrap=\u00a0\u00bbwrap\u00a0\u00bb spacing=\u00a0\u00bb\u00a0\u00bb center_content=\u00a0\u00bbno\u00a0\u00bb link=\u00a0\u00bb\u00a0\u00bb target=\u00a0\u00bb_self\u00a0\u00bb min_height=\u00a0\u00bb\u00a0\u00bb hide_on_mobile=\u00a0\u00bbsmall-visibility,medium-visibility,large-visibility\u00a0\u00bb sticky_display=\u00a0\u00bbnormal,sticky\u00a0\u00bb class=\u00a0\u00bb\u00a0\u00bb id=\u00a0\u00bb\u00a0\u00bb type_medium=\u00a0\u00bb\u00a0\u00bb type_small=\u00a0\u00bb\u00a0\u00bb order_medium=\u00a0\u00bb0&Prime; order_small=\u00a0\u00bb0&Prime; dimension_spacing_medium=\u00a0\u00bb\u00a0\u00bb dimension_spacing_small=\u00a0\u00bb\u00a0\u00bb dimension_spacing=\u00a0\u00bb\u00a0\u00bb dimension_margin_medium=\u00a0\u00bb\u00a0\u00bb dimension_margin_small=\u00a0\u00bb\u00a0\u00bb dimension_margin=\u00a0\u00bb\u00a0\u00bb padding_medium=\u00a0\u00bb\u00a0\u00bb padding_small=\u00a0\u00bb\u00a0\u00bb padding_top=\u00a0\u00bb\u00a0\u00bb padding_right=\u00a0\u00bb\u00a0\u00bb padding_bottom=\u00a0\u00bb\u00a0\u00bb padding_left=\u00a0\u00bb\u00a0\u00bb hover_type=\u00a0\u00bbnone\u00a0\u00bb border_sizes=\u00a0\u00bb\u00a0\u00bb border_color=\u00a0\u00bb\u00a0\u00bb border_style=\u00a0\u00bbsolid\u00a0\u00bb border_radius=\u00a0\u00bb\u00a0\u00bb box_shadow=\u00a0\u00bbno\u00a0\u00bb dimension_box_shadow=\u00a0\u00bb\u00a0\u00bb box_shadow_blur=\u00a0\u00bb0&Prime; box_shadow_spread=\u00a0\u00bb0&Prime; box_shadow_color=\u00a0\u00bb\u00a0\u00bb box_shadow_style=\u00a0\u00bb\u00a0\u00bb background_type=\u00a0\u00bbsingle\u00a0\u00bb gradient_start_color=\u00a0\u00bb\u00a0\u00bb gradient_end_color=\u00a0\u00bb\u00a0\u00bb gradient_start_position=\u00a0\u00bb0&Prime; gradient_end_position=\u00a0\u00bb100&Prime; gradient_type=\u00a0\u00bblinear\u00a0\u00bb radial_direction=\u00a0\u00bbcenter center\u00a0\u00bb linear_angle=\u00a0\u00bb180&Prime; background_color=\u00a0\u00bb\u00a0\u00bb background_image=\u00a0\u00bb\u00a0\u00bb background_image_id=\u00a0\u00bb\u00a0\u00bb background_position=\u00a0\u00bbleft top\u00a0\u00bb background_repeat=\u00a0\u00bbno-repeat\u00a0\u00bb background_blend_mode=\u00a0\u00bbnone\u00a0\u00bb render_logics=\u00a0\u00bb\u00a0\u00bb filter_type=\u00a0\u00bbregular\u00a0\u00bb filter_hue=\u00a0\u00bb0&Prime; filter_saturation=\u00a0\u00bb100&Prime; filter_brightness=\u00a0\u00bb100&Prime; filter_contrast=\u00a0\u00bb100&Prime; filter_invert=\u00a0\u00bb0&Prime; filter_sepia=\u00a0\u00bb0&Prime; filter_opacity=\u00a0\u00bb100&Prime; filter_blur=\u00a0\u00bb0&Prime; filter_hue_hover=\u00a0\u00bb0&Prime; filter_saturation_hover=\u00a0\u00bb100&Prime; filter_brightness_hover=\u00a0\u00bb100&Prime; filter_contrast_hover=\u00a0\u00bb100&Prime; filter_invert_hover=\u00a0\u00bb0&Prime; filter_sepia_hover=\u00a0\u00bb0&Prime; filter_opacity_hover=\u00a0\u00bb100&Prime; filter_blur_hover=\u00a0\u00bb0&Prime; animation_type=\u00a0\u00bb\u00a0\u00bb animation_direction=\u00a0\u00bbleft\u00a0\u00bb animation_speed=\u00a0\u00bb0.3&Prime; animation_offset=\u00a0\u00bb\u00a0\u00bb last=\u00a0\u00bbno\u00a0\u00bb border_position=\u00a0\u00bball\u00a0\u00bb][fusion_button link=\u00a0\u00bbhttps:\/\/chalons.catholique.fr\/synode\/wp-content\/uploads\/sites\/67\/2022\/05\/Synthese.pdf\u00a0\u00bb text_transform=\u00a0\u00bb\u00a0\u00bb title=\u00a0\u00bb\u00a0\u00bb target=\u00a0\u00bb_blank\u00a0\u00bb link_attributes=\u00a0\u00bb\u00a0\u00bb alignment_medium=\u00a0\u00bb\u00a0\u00bb alignment_small=\u00a0\u00bb\u00a0\u00bb alignment=\u00a0\u00bbcenter\u00a0\u00bb modal=\u00a0\u00bb\u00a0\u00bb color=\u00a0\u00bbdefault\u00a0\u00bb button_gradient_top_color=\u00a0\u00bb\u00a0\u00bb button_gradient_bottom_color=\u00a0\u00bb\u00a0\u00bb button_gradient_top_color_hover=\u00a0\u00bb\u00a0\u00bb button_gradient_bottom_color_hover=\u00a0\u00bb\u00a0\u00bb accent_color=\u00a0\u00bb\u00a0\u00bb accent_hover_color=\u00a0\u00bb\u00a0\u00bb type=\u00a0\u00bb\u00a0\u00bb bevel_color=\u00a0\u00bb\u00a0\u00bb border_width=\u00a0\u00bb\u00a0\u00bb border_radius=\u00a0\u00bb\u00a0\u00bb border_color=\u00a0\u00bb\u00a0\u00bb border_hover_color=\u00a0\u00bb\u00a0\u00bb size=\u00a0\u00bb\u00a0\u00bb stretch=\u00a0\u00bbdefault\u00a0\u00bb icon=\u00a0\u00bb\u00a0\u00bb icon_position=\u00a0\u00bbleft\u00a0\u00bb icon_divider=\u00a0\u00bbno\u00a0\u00bb animation_type=\u00a0\u00bb\u00a0\u00bb animation_direction=\u00a0\u00bbleft\u00a0\u00bb animation_speed=\u00a0\u00bb0.3&Prime; animation_offset=\u00a0\u00bb\u00a0\u00bb hide_on_mobile=\u00a0\u00bbsmall-visibility,medium-visibility,large-visibility\u00a0\u00bb sticky_display=\u00a0\u00bbnormal,sticky\u00a0\u00bb class=\u00a0\u00bb\u00a0\u00bb id=\u00a0\u00bb\u00a0\u00bb]T\u00e9l\u00e9charger le pdf de la synth\u00e8se dioc\u00e9saine des apports[\/fusion_button][\/fusion_builder_column][\/fusion_builder_row][\/fusion_builder_container]\n","protected":false},"excerpt":{"rendered":"<p>[fusion_builder_container type=\u00a0\u00bbflex\u00a0\u00bb hundred_percent=\u00a0\u00bbno\u00a0\u00bb hundred_percent_height=\u00a0\u00bbno\u00a0\u00bb hundred_percent_height_scroll=\u00a0\u00bbno\u00a0\u00bb align_content=\u00a0\u00bbstretch\u00a0\u00bb flex_align_items=\u00a0\u00bbflex-start\u00a0\u00bb flex_justify_content=\u00a0\u00bbflex-start\u00a0\u00bb hundred_percent_height_center_content=\u00a0\u00bbyes\u00a0\u00bb equal_height_columns=\u00a0\u00bbno\u00a0\u00bb [&hellip;]<\/p>\n","protected":false},"author":1,"featured_media":0,"parent":0,"menu_order":0,"comment_status":"closed","ping_status":"closed","template":"","meta":{"xn-wppe-expiration":[],"xn-wppe-expiration-action":[],"xn-wppe-expiration-prefix":[],"footnotes":""},"_links":{"self":[{"href":"https:\/\/chalons.catholique.fr\/synode\/wp-json\/wp\/v2\/pages\/2"}],"collection":[{"href":"https:\/\/chalons.catholique.fr\/synode\/wp-json\/wp\/v2\/pages"}],"about":[{"href":"https:\/\/chalons.catholique.fr\/synode\/wp-json\/wp\/v2\/types\/page"}],"author":[{"embeddable":true,"href":"https:\/\/chalons.catholique.fr\/synode\/wp-json\/wp\/v2\/users\/1"}],"replies":[{"embeddable":true,"href":"https:\/\/chalons.catholique.fr\/synode\/wp-json\/wp\/v2\/comments?post=2"}],"version-history":[{"count":0,"href":"https:\/\/chalons.catholique.fr\/synode\/wp-json\/wp\/v2\/pages\/2\/revisions"}],"wp:attachment":[{"href":"https:\/\/chalons.catholique.fr\/synode\/wp-json\/wp\/v2\/media?parent=2"}],"curies":[{"name":"wp","href":"https:\/\/api.w.org\/{rel}","templated":true}]}}