{"id":39,"date":"2018-03-06T16:52:50","date_gmt":"2018-03-06T15:52:50","guid":{"rendered":"http:\/\/chalons.catholique.fr\/stetienne\/?page_id=39"},"modified":"2020-05-04T17:39:55","modified_gmt":"2020-05-04T15:39:55","slug":"demander-une-eglise-pour-un-concert","status":"publish","type":"page","link":"https:\/\/chalons.catholique.fr\/stetienne\/demander-une-eglise-pour-un-concert\/","title":{"rendered":"Demander une \u00e9glise pour un concert"},"content":{"rendered":"<div class=\"fusion-fullwidth fullwidth-box fusion-builder-row-1 nonhundred-percent-fullwidth non-hundred-percent-height-scrolling\" style=\"--awb-border-radius-top-left:0px;--awb-border-radius-top-right:0px;--awb-border-radius-bottom-right:0px;--awb-border-radius-bottom-left:0px;--awb-background-color:rgba(255,255,255,0.8);--awb-flex-wrap:wrap;\" ><div class=\"fusion-builder-row fusion-row\"><div class=\"fusion-layout-column fusion_builder_column fusion-builder-column-0 fusion_builder_column_1_1 1_1 fusion-one-full fusion-column-first fusion-column-last\" style=\"--awb-bg-size:cover;\"><div class=\"fusion-column-wrapper fusion-flex-column-wrapper-legacy\"><div class=\"fusion-title title fusion-title-1 fusion-sep-none fusion-title-center fusion-title-text fusion-title-size-one\" style=\"--awb-margin-top:20px;--awb-margin-bottom:20px;\"><h1 class=\"fusion-title-heading title-heading-center\" style=\"margin:0;\"><h1 style=\"text-align: center\">Demander une \u00e9glise pour organiser un concert<\/h1>\n<h1 style=\"text-align: center\">ou une manifestation culturelle<\/h1><\/h1><\/div><div class=\"fusion-text fusion-text-1\"><p>L\u2019\u00c9glise a toujours \u00e9t\u00e9 un vecteur de culture et a toujours contribu\u00e9 \u00e0 sa promotion car :\u201dLa culture se comprend dans le prolongement des exigences de la nature humaine, comme accomplissement de ses finalit\u00e9s, ainsi que l\u2019enseigne notamment la Constitution Gaudium et spes (\u00a753). \u00ab C\u2019est le propre de la personne humaine de n\u2019acc\u00e9der vraiment et pleinement \u00e0 l\u2019humanit\u00e9 que par la culture, c\u2019est-\u00e0-dire en cultivant les biens et les valeurs de la nature.<\/p>\n<p>[\u2026] Au sens large, le mot \u201cculture\u201d d\u00e9signe tout ce par quoi l\u2019homme affine et d\u00e9veloppe les multiples capacit\u00e9s de son esprit et de son corps. \u00bb Multiples sont ainsi les champs de la culture : \u00ab L\u2019homme s\u2019efforce de soumettre l\u2019univers par la connaissance et le travail ; il humanise la vie sociale par le progr\u00e8s des m\u0153urs et des institutions ; il traduit, communique et conserve enfin dans ses \u0153uvres, au cours des temps, les grandes exp\u00e9riences spirituelles et les aspirations majeures de l\u2019homme, afin qu\u2019elles servent au progr\u00e8s d\u2019un grand nombre et m\u00eame de tout le genre humain. \u00bb (Commission th\u00e9ologique internationale. Foi et inculturation.1988)<\/p>\n<p>C\u2019est pourquoi l\u2019Eglise a toujours accueilli, dans ses \u00e9glises, pour autant qu\u2019elles soient compatibles avec le caract\u00e8re sacr\u00e9 du lieu, les manifestations culturelles.<br \/>\nLe r\u00e9gime de s\u00e9paration de l\u2019Eglise et de l\u2019Etat sp\u00e9cifique \u00e0 la France fait que le d\u00e9roulement de telles manifestations est encadr\u00e9 par la loi et sous la responsabilit\u00e9 de l\u2019affectataire.<\/p>\n<p>Vous trouverez en t\u00e9l\u00e9chargement sur cette page les documents contenant les informations relatives aux manifestations culturelles dans les \u00e9difices du culte et le formulaire \u00e0 envoyer \u00e0 la paroisse (compte tenu de son statut de propri\u00e9t\u00e9 de l\u2019Etat, la Cath\u00e9drale fait l\u2019objet d\u2019un formulaire d\u00e9di\u00e9):<\/p>\n<p>\u2014 soit par courrier : Monsieur le cur\u00e9 de la paroisse saint Etienne. 3, place Notre Dame. 51000 Ch\u00e2lons-en-Champagne<\/p>\n<p>\u2014 soit par mail : <a href=\"http:\/\/secretariatgeneral.cc@orange.fr\u200b\">secretariatgeneral.cc@orange.fr\u200b<\/a><\/p>\n<p><a href=\"https:\/\/app.box.com\/s\/ibuxp5g6ch2bnm2qk6kj5d6qt3lej01t\" target=\"_blank\" rel=\"noopener noreferrer\">Documents \u00e0 t\u00e9l\u00e9charger<\/a><\/p>\n<\/div><div class=\"fusion-clearfix\"><\/div><\/div><\/div><\/div><\/div>\n","protected":false},"excerpt":{"rendered":"","protected":false},"author":1,"featured_media":0,"parent":0,"menu_order":0,"comment_status":"closed","ping_status":"closed","template":"100-width.php","meta":{"xn-wppe-expiration":[],"xn-wppe-expiration-action":[],"xn-wppe-expiration-prefix":[],"footnotes":""},"_links":{"self":[{"href":"https:\/\/chalons.catholique.fr\/stetienne\/wp-json\/wp\/v2\/pages\/39"}],"collection":[{"href":"https:\/\/chalons.catholique.fr\/stetienne\/wp-json\/wp\/v2\/pages"}],"about":[{"href":"https:\/\/chalons.catholique.fr\/stetienne\/wp-json\/wp\/v2\/types\/page"}],"author":[{"embeddable":true,"href":"https:\/\/chalons.catholique.fr\/stetienne\/wp-json\/wp\/v2\/users\/1"}],"replies":[{"embeddable":true,"href":"https:\/\/chalons.catholique.fr\/stetienne\/wp-json\/wp\/v2\/comments?post=39"}],"version-history":[{"count":0,"href":"https:\/\/chalons.catholique.fr\/stetienne\/wp-json\/wp\/v2\/pages\/39\/revisions"}],"wp:attachment":[{"href":"https:\/\/chalons.catholique.fr\/stetienne\/wp-json\/wp\/v2\/media?parent=39"}],"curies":[{"name":"wp","href":"https:\/\/api.w.org\/{rel}","templated":true}]}}