{"id":9022,"date":"2025-11-30T22:33:19","date_gmt":"2025-11-30T21:33:19","guid":{"rendered":"https:\/\/chalons.catholique.fr\/saintleu\/?post_type=tribe_events&#038;p=9022"},"modified":"2025-11-30T22:33:19","modified_gmt":"2025-11-30T21:33:19","slug":"lavent-un-temps-de-preparation-avant-noel-a-la-salle-jeanne-darc-partage-de-levangile-avec-le-pere-joel-morlet","status":"publish","type":"tribe_events","link":"https:\/\/chalons.catholique.fr\/saintleu\/event\/lavent-un-temps-de-preparation-avant-noel-a-la-salle-jeanne-darc-partage-de-levangile-avec-le-pere-joel-morlet\/","title":{"rendered":"L&rsquo;Avent, un temps de pr\u00e9paration avant No\u00ebl, \u00e0 la salle Jeanne d&rsquo;Arc.  Partage de l&rsquo;\u00e9vangile avec le p\u00e8re Jo\u00ebl Morlet."},"content":{"rendered":"<p>Partage de l&rsquo;\u00e9vangile avec le p\u00e8re Jo\u00ebl Morlet.<\/p>\n","protected":false},"excerpt":{"rendered":"<p>Partage de l&rsquo;\u00e9vangile avec le p\u00e8re Jo\u00ebl Morlet.<\/p>\n","protected":false},"author":32,"featured_media":0,"comment_status":"closed","ping_status":"closed","template":"","meta":{"xn-wppe-expiration":[],"xn-wppe-expiration-action":[],"xn-wppe-expiration-prefix":[],"_tribe_events_status":"","_tribe_events_status_reason":""},"tags":[],"tribe_events_cat":[],"_links":{"self":[{"href":"https:\/\/chalons.catholique.fr\/saintleu\/wp-json\/wp\/v2\/tribe_events\/9022"}],"collection":[{"href":"https:\/\/chalons.catholique.fr\/saintleu\/wp-json\/wp\/v2\/tribe_events"}],"about":[{"href":"https:\/\/chalons.catholique.fr\/saintleu\/wp-json\/wp\/v2\/types\/tribe_events"}],"author":[{"embeddable":true,"href":"https:\/\/chalons.catholique.fr\/saintleu\/wp-json\/wp\/v2\/users\/32"}],"replies":[{"embeddable":true,"href":"https:\/\/chalons.catholique.fr\/saintleu\/wp-json\/wp\/v2\/comments?post=9022"}],"version-history":[{"count":1,"href":"https:\/\/chalons.catholique.fr\/saintleu\/wp-json\/wp\/v2\/tribe_events\/9022\/revisions"}],"predecessor-version":[{"id":9023,"href":"https:\/\/chalons.catholique.fr\/saintleu\/wp-json\/wp\/v2\/tribe_events\/9022\/revisions\/9023"}],"wp:attachment":[{"href":"https:\/\/chalons.catholique.fr\/saintleu\/wp-json\/wp\/v2\/media?parent=9022"}],"wp:term":[{"taxonomy":"post_tag","embeddable":true,"href":"https:\/\/chalons.catholique.fr\/saintleu\/wp-json\/wp\/v2\/tags?post=9022"},{"taxonomy":"tribe_events_cat","embeddable":true,"href":"https:\/\/chalons.catholique.fr\/saintleu\/wp-json\/wp\/v2\/tribe_events_cat?post=9022"}],"curies":[{"name":"wp","href":"https:\/\/api.w.org\/{rel}","templated":true}]}}

L&rsquo;Avent, un temps de préparation avant Noël, à la salle Jeanne d&rsquo;Arc.  Partage de l&rsquo;évangile avec le père Joël Morlet.

<p>Partage de l&rsquo;évangile avec le père Joël Morlet.</p>
