{"id":62,"date":"2015-09-16T19:19:06","date_gmt":"2015-09-16T18:19:06","guid":{"rendered":"http:\/\/chalons.catholique.fr\/saintleu\/?page_id=62"},"modified":"2018-06-06T15:01:26","modified_gmt":"2018-06-06T14:01:26","slug":"liturgie","status":"publish","type":"page","link":"https:\/\/chalons.catholique.fr\/saintleu\/organisation\/liturgie\/","title":{"rendered":"Liturgie"},"content":{"rendered":"<p><strong>L'\u00a0\u00bbEquipe Liturgique\u00a0\u00bb<\/strong> a pour r\u00f4le de <strong>pr\u00e9parer la messe du dimanche<\/strong> (environ 10 jours avant la date pr\u00e9vue).<br \/>\nAu cours de cette pr\u00e9paration sont abord\u00e9s :<br \/>\n&#8211; la lecture des diff\u00e9rents textes du dimanche, avec r\u00e9flexion et appropriation des textes,<br \/>\n&#8211; choix des chants,<br \/>\n&#8211; pr\u00e9paration de le pri\u00e8re universelle,<br \/>\n&#8211; distribution du r\u00f4le de chacun.<\/p>\n<p>Il existe donc une \u00ab\u00a0Equipe Liturgique\u00a0\u00bb par village :<br \/>\n&#8211; <strong>Berg\u00e8res les Vertus <\/strong>: Madeleine MONCUIT,\u00a0Michel GOFFIN, Bernadette MILLIAT,<br \/>\n&#8211; <strong>Coligny <\/strong>: Jeannine TRIQUENOT, Gis\u00e8le LALIRE, Roberte TRIQUENOT, Josette BOUCQUEMONT,<br \/>\n&#8211; <strong>Clamanges <\/strong>: Monique LEHERLE, Jean\u00a0Marc et V\u00e9ronique FERRAND, Genevi\u00e8ve FERRAND,<br \/>\n&#8211; <strong>Ecury le Repos<\/strong> : \u00a0Sylvette LESEURRE,<br \/>\n&#8211; <strong>Germinon\u00a0<\/strong>: Marie Fran\u00e7oise MILLARD, Claire NOIRET<br \/>\n&#8211; <strong>Pierre Morains <\/strong>: Mich\u00e8le POIRET,<br \/>\n&#8211; <strong>Velye\u00a0<\/strong>: Alice et Daniel COSSIEZ, Michel GUICHON,<br \/>\n&#8211; <strong>Villeseneux <\/strong>: Monique et Liliane RABOT, Annie HENRIET, Bernadette et Amandine LALIRE,<br \/>\n&#8211; <strong>Vertus : 5 \u00e9quipes <\/strong>:<br \/>\n* Marie Jo DECARREAUX, Th\u00e9r\u00e8se LECLERE, Catherine NARES, Marie Anne CONTAL<\/p>\n<p>* Marie Jo GRZEZSCAZK,\u00a0Janine LEFEVRE, Pascale et Vincent PRIEUR,<br \/>\n* Mireille et Etienne PRIEUR, Colette LARMANDIER, Manuela PERROT, Marie Brigitte POUGEOISE,<br \/>\n* Marie Madeleine CHARPENTIER, Josette CHARPENTIER, Marie Fran\u00e7oise DIERYCKXVISSCHERS,\u00a0Marie Noelle MAILLARD,<br \/>\n* Violaine et Dominique PRIEUR, Christine et Dominique LAROCHE, B\u00e9n\u00e9dicte et Bernard GERMETTE.<\/p>\n<p>Si vous le d\u00e9sirez, vous pouvez rejoindre une de ces \u00e9quipes, nous invitons tous les volontaires.<\/p>\n","protected":false},"excerpt":{"rendered":"<p>L&rsquo;\u00a0\u00bbEquipe Liturgique\u00a0\u00bb a pour r\u00f4le de pr\u00e9parer la messe du dimanche (environ 10 jours avant la date pr\u00e9vue). Au cours de cette pr\u00e9paration sont abord\u00e9s : &#8211; la lecture des diff\u00e9rents textes du dimanche, avec r\u00e9flexion et appropriation des textes, &#8211; choix des chants, &#8211; pr\u00e9paration de le pri\u00e8re universelle, &#8211; distribution du r\u00f4le de [&hellip;]<\/p>\n","protected":false},"author":15,"featured_media":0,"parent":26,"menu_order":0,"comment_status":"closed","ping_status":"closed","template":"","meta":{"xn-wppe-expiration":[],"xn-wppe-expiration-action":[],"xn-wppe-expiration-prefix":[],"footnotes":""},"_links":{"self":[{"href":"https:\/\/chalons.catholique.fr\/saintleu\/wp-json\/wp\/v2\/pages\/62"}],"collection":[{"href":"https:\/\/chalons.catholique.fr\/saintleu\/wp-json\/wp\/v2\/pages"}],"about":[{"href":"https:\/\/chalons.catholique.fr\/saintleu\/wp-json\/wp\/v2\/types\/page"}],"author":[{"embeddable":true,"href":"https:\/\/chalons.catholique.fr\/saintleu\/wp-json\/wp\/v2\/users\/15"}],"replies":[{"embeddable":true,"href":"https:\/\/chalons.catholique.fr\/saintleu\/wp-json\/wp\/v2\/comments?post=62"}],"version-history":[{"count":0,"href":"https:\/\/chalons.catholique.fr\/saintleu\/wp-json\/wp\/v2\/pages\/62\/revisions"}],"up":[{"embeddable":true,"href":"https:\/\/chalons.catholique.fr\/saintleu\/wp-json\/wp\/v2\/pages\/26"}],"wp:attachment":[{"href":"https:\/\/chalons.catholique.fr\/saintleu\/wp-json\/wp\/v2\/media?parent=62"}],"curies":[{"name":"wp","href":"https:\/\/api.w.org\/{rel}","templated":true}]}}