{"id":60,"date":"2015-09-16T19:18:40","date_gmt":"2015-09-16T18:18:40","guid":{"rendered":"http:\/\/chalons.catholique.fr\/saintleu\/?page_id=60"},"modified":"2020-10-20T16:02:17","modified_gmt":"2020-10-20T15:02:17","slug":"catechese","status":"publish","type":"page","link":"https:\/\/chalons.catholique.fr\/saintleu\/organisation\/catechese\/","title":{"rendered":"Cat\u00e9ch\u00e8se"},"content":{"rendered":"<div class=\"fusion-fullwidth fullwidth-box fusion-builder-row-1 hundred-percent-fullwidth non-hundred-percent-height-scrolling\" style=\"--awb-border-radius-top-left:0px;--awb-border-radius-top-right:0px;--awb-border-radius-bottom-right:0px;--awb-border-radius-bottom-left:0px;--awb-overflow:visible;--awb-flex-wrap:wrap;\" ><div class=\"fusion-builder-row fusion-row\"><div class=\"fusion-layout-column fusion_builder_column fusion-builder-column-0 fusion_builder_column_1_1 1_1 fusion-one-full fusion-column-first fusion-column-last\" style=\"--awb-bg-size:cover;\"><div class=\"fusion-column-wrapper fusion-flex-column-wrapper-legacy\"><div class=\"fusion-title title fusion-title-1 fusion-title-center fusion-title-text fusion-title-size-one\"><div class=\"title-sep-container title-sep-container-left\"><div class=\"title-sep sep-double sep-solid\" style=\"border-color:#e0dede;\"><\/div><\/div><span class=\"awb-title-spacer\"><\/span><h1 class=\"fusion-title-heading title-heading-center\" style=\"margin:0;\"><p style=\"text-align: center\">\u00c9veil \u00e0 la Foi<\/p><\/h1><span class=\"awb-title-spacer\"><\/span><div class=\"title-sep-container title-sep-container-right\"><div class=\"title-sep sep-double sep-solid\" style=\"border-color:#e0dede;\"><\/div><\/div><\/div><div class=\"fusion-clearfix\"><\/div><\/div><\/div><div class=\"fusion-layout-column fusion_builder_column fusion-builder-column-1 fusion_builder_column_1_1 1_1 fusion-one-full fusion-column-first fusion-column-last\" style=\"--awb-bg-size:cover;\"><div class=\"fusion-column-wrapper fusion-flex-column-wrapper-legacy\"><div class=\"fusion-text fusion-text-1\"><p style=\"text-align: center\">D\u00e8s la grande section de maternelle jusqu\u2019au CE1 : 4 \u00e0 5 fois par an, les plus petits se retrouvent pour d\u00e9couvrir qui est J\u00e9sus gr\u00e2ce \u00e0 des textes simples et des activit\u00e9s cr\u00e9atrices.<br \/>\nPour toute information : Marion POIRET MELIN au 06.86.36.68.36<\/p>\n<\/div><div class=\"fusion-clearfix\"><\/div><\/div><\/div><div class=\"fusion-layout-column fusion_builder_column fusion-builder-column-2 fusion_builder_column_1_3 1_3 fusion-one-third fusion-column-first\" style=\"--awb-bg-size:cover;width:30.6666%; margin-right: 4%;\"><div class=\"fusion-column-wrapper fusion-flex-column-wrapper-legacy\"><div class=\"fusion-clearfix\"><\/div><\/div><\/div><div class=\"fusion-layout-column fusion_builder_column fusion-builder-column-3 fusion_builder_column_1_3 1_3 fusion-one-third\" style=\"--awb-bg-size:cover;width:30.6666%; margin-right: 4%;\"><div class=\"fusion-column-wrapper fusion-flex-column-wrapper-legacy\"><div class=\"fusion-title title fusion-title-2 fusion-title-center fusion-title-text fusion-title-size-one\"><div class=\"title-sep-container title-sep-container-left\"><div class=\"title-sep sep-single sep-solid\" style=\"border-color:#e0dede;\"><\/div><\/div><span class=\"awb-title-spacer\"><\/span><h1 class=\"fusion-title-heading title-heading-center\" style=\"margin:0;\">Cat\u00e9ch\u00e8se des Enfants<\/h1><span class=\"awb-title-spacer\"><\/span><div class=\"title-sep-container title-sep-container-right\"><div class=\"title-sep sep-single sep-solid\" style=\"border-color:#e0dede;\"><\/div><\/div><\/div><div class=\"fusion-clearfix\"><\/div><\/div><\/div><div class=\"fusion-layout-column fusion_builder_column fusion-builder-column-4 fusion_builder_column_1_3 1_3 fusion-one-third fusion-column-last\" style=\"--awb-bg-size:cover;width:30.6666%;\"><div class=\"fusion-column-wrapper fusion-flex-column-wrapper-legacy\"><div class=\"fusion-clearfix\"><\/div><\/div><\/div><div class=\"fusion-layout-column fusion_builder_column fusion-builder-column-5 fusion_builder_column_1_1 1_1 fusion-one-full fusion-column-first fusion-column-last fusion-column-no-min-height\" style=\"--awb-bg-size:cover;--awb-margin-bottom:0px;\"><div class=\"fusion-column-wrapper fusion-flex-column-wrapper-legacy\"><div class=\"fusion-text fusion-text-2\"><p style=\"text-align: center\"><strong>G\u00e9n\u00e9ralit\u00e9s :<\/strong><\/p>\n<p style=\"text-align: center\"><strong>Pour l\u2019inscription \u00e0 la cat\u00e9ch\u00e8se<\/strong> : Des r\u00e9unions de parents sont organis\u00e9es par niveau en septembre (voir sur le lien de septembre pour les diff\u00e9rentes dates).<br \/>\n<strong>La messe de rentr\u00e9e<\/strong> : a lieu chaque ann\u00e9e en octobre,\u00a0et <strong>diff\u00e9rents c\u00e9l\u00e9brations<\/strong> avec la participation des enfants sont organis\u00e9es au cours de l\u2019ann\u00e9e, chaque premier dimanche du mois, c\u2019est une messe \u00ab avec la cat\u00e9ch\u00e8se \u00bb.<\/p>\n<p style=\"text-align: center\"><strong>ORGANISATION DE LA CATECHESE<br \/>\n<\/strong>&#8211;\u00a0Par groupe de 4 \u00e0 7 enfants encadr\u00e9 par des parents b\u00e9n\u00e9voles, ils se retrouvent \u00e0 la salle Jeanne d&rsquo;Arc ou au domicile des parents. Le but c&rsquo;est d&rsquo;essayer de mieux conna\u00eetre J\u00e9sus, comprendre son enseignement, appliquer les notions de partage, pardon, tol\u00e9rance, amiti\u00e9s\u2026. Et d\u00e9couvrir et saisir le sens des grandes f\u00eates chr\u00e9tiennes (No\u00ebl, P\u00e2ques, Ascension\u2026..)<\/p>\n<p style=\"text-align: center\">* <em>A partir du CE2 ou \u00e0 8 ans <\/em>: les enfants de primaire peuvent \u00a0d\u00e9marrer leur initiation chr\u00e9tienne.<br \/>\n* <em>En CM1 ou \u00e0 9 ans<\/em> : Ils sont aussi invit\u00e9s \u00e0 vivre les sacrements de la r\u00e9conciliation (confession) et de l\u2019eucharistie (communion).<br \/>\nM\u00eame un enfant non baptis\u00e9 peut commencer le cat\u00e9chisme. Le sacrement du bapt\u00eame, apr\u00e8s une pr\u00e9paration, sera propos\u00e9 aux enfants non baptis\u00e9s.<br \/>\n* <em>En CM2 ou \u00e0 10 ans <\/em>: Approfondissement des connaissances.<br \/>\n* <em>En 6\u00e8me ou 4\u00e8me ann\u00e9e <\/em>(\u00e0 11 ans) : C\u2019est la profession de foi, ce qui permet aux jeunes de renouveler les promesses de leur bapt\u00eame.<br \/>\nDurant 1 an en grand groupe, 1 fois par mois le samedi matin, gr\u00e2ce aux parents b\u00e9n\u00e9voles, les jeunes se pr\u00e9parent \u00e0 cette c\u00e9l\u00e9bration.<br \/>\nDurant les vacances de printemps, ils se pr\u00e9parent \u00e0 l&rsquo;occasion d&rsquo;une \u00ab retraite de la profession de foi \u00bb et vont en p\u00e8lerinage \u00e0 l\u2019Epine (pr\u00e8s de Chalons) un dimanche du mois de mai.<\/p>\n<p style=\"text-align: center\">Pour toute information compl\u00e9mentaire s\u2019adresser \u00e0 Sandrine GUICHON<br \/>\nT\u00e9l. : 03.26.59.36.00<br \/>\nMail : <a href=\"mailto:osguichon@orange.fr\">osguichon@orange.fr<\/a><\/p>\n<p style=\"text-align: center\">&#8211; <strong>La Cat\u00e9ch\u00e8se Sp\u00e9cialis\u00e9e ou Pastorale des Personnes Handicap\u00e9es <\/strong>:<br \/>\nC\u2019est une cat\u00e9ch\u00e8se qui s\u2019adresse \u00e0 des enfants ayant un handicap et qui est adapt\u00e9e en fonction des diff\u00e9rents probl\u00e8mes (moteurs, sensoriels, poly-handicap et m\u00eame retard scolaire) ; il y a donc adaptation des m\u00e9thodes p\u00e9dagogiques : mimes, langage des signes, les symboles, le conte, la manipulation d\u2019objets.<br \/>\nCes enfants seront initi\u00e9s comme n\u2019importe quel enfant aux diff\u00e9rents sacrements : bapt\u00eame, premi\u00e8re communion, profession de foi\u2026<br \/>\nLes membres des groupes partagent et cheminent ensemble. Les animateurs t\u00e9moignent au quotidien qu\u2019ils apprennent autant qu\u2019ils donnent. Chacun est membre \u00e0 part enti\u00e8re de l\u2019Eglise.<\/p>\n<p style=\"text-align: center\">Christine LAROCHE peut vous apporter toute information utile pour la prise en charge d\u2019un enfant handicap\u00e9.<br \/>\nT\u00e9l. : 06.33.58.94.10 ou 03.51.61.52.15<br \/>\nMail : christine2.laroche@neuf.fr<\/p>\n<\/div><div class=\"fusion-clearfix\"><\/div><\/div><\/div><div class=\"fusion-layout-column fusion_builder_column fusion-builder-column-6 fusion_builder_column_1_3 1_3 fusion-one-third fusion-column-first\" style=\"--awb-bg-size:cover;width:30.6666%; margin-right: 4%;\"><div class=\"fusion-column-wrapper fusion-flex-column-wrapper-legacy\"><div class=\"fusion-clearfix\"><\/div><\/div><\/div><div class=\"fusion-layout-column fusion_builder_column fusion-builder-column-7 fusion_builder_column_1_3 1_3 fusion-one-third\" style=\"--awb-bg-size:cover;width:30.6666%; margin-right: 4%;\"><div class=\"fusion-column-wrapper fusion-flex-column-wrapper-legacy\"><div class=\"fusion-title title fusion-title-3 fusion-title-center fusion-title-text fusion-title-size-one\"><div class=\"title-sep-container title-sep-container-left\"><div class=\"title-sep sep-single sep-solid\" style=\"border-color:#e0dede;\"><\/div><\/div><span class=\"awb-title-spacer\"><\/span><h1 class=\"fusion-title-heading title-heading-center\" style=\"margin:0;\">Aum\u00f4nerie<\/h1><span class=\"awb-title-spacer\"><\/span><div class=\"title-sep-container title-sep-container-right\"><div class=\"title-sep sep-single sep-solid\" style=\"border-color:#e0dede;\"><\/div><\/div><\/div><div class=\"fusion-clearfix\"><\/div><\/div><\/div><div class=\"fusion-layout-column fusion_builder_column fusion-builder-column-8 fusion_builder_column_1_3 1_3 fusion-one-third fusion-column-last\" style=\"--awb-bg-size:cover;width:30.6666%;\"><div class=\"fusion-column-wrapper fusion-flex-column-wrapper-legacy\"><div class=\"fusion-clearfix\"><\/div><\/div><\/div><div class=\"fusion-layout-column fusion_builder_column fusion-builder-column-9 fusion_builder_column_1_1 1_1 fusion-one-full fusion-column-first fusion-column-last\" style=\"--awb-bg-size:cover;\"><div class=\"fusion-column-wrapper fusion-flex-column-wrapper-legacy\"><div class=\"fusion-text fusion-text-3\"><p style=\"text-align: center\">Le chemin de la foi ne s\u2019arr\u00eate pas\u00a0apr\u00e8s la 4\u00e8me ann\u00e9e de cat\u00e9ch\u00e8se, les jeunes sont invit\u00e9s \u00e0 rejoindre le groupe d\u2019aum\u00f4nerie de la paroisse.<br \/>\nL\u00e0 ils r\u00e9alisent des actions concr\u00e8tes : participation au T\u00e9l\u00e9thon, organisation de la kermesse de la Solidarit\u00e9, p\u00e9lerinage \u00e0 Lourdes, \u00a0th\u00e9\u00e2tre biblique\u2026.<br \/>\nPour le p\u00e9lerinage \u00e0 lourdes : <a href=\"https:\/\/chalons.catholique.fr\/\">cliquez ici<\/a><\/p>\n<p style=\"text-align: center\">Ils ont aussi la possibilit\u00e9 \u00e0 15-16 ans de se pr\u00e9parer \u00e0 la confirmation.<\/p>\n<p style=\"text-align: center\"><strong>Pout toute information compl\u00e9mentaire :<\/strong><\/p>\n<p style=\"text-align: center\">Sandrine GUICHON de Loisy en Brie<br \/>\n<em>T\u00e9l. : 03.26.59.36.00<\/em><br \/>\nMail : osguichon@wanadoo.fr<\/p>\n<\/div><div class=\"fusion-clearfix\"><\/div><\/div><\/div><div class=\"fusion-layout-column fusion_builder_column fusion-builder-column-10 fusion_builder_column_1_3 1_3 fusion-one-third fusion-column-first\" style=\"--awb-bg-size:cover;width:30.6666%; margin-right: 4%;\"><div class=\"fusion-column-wrapper fusion-flex-column-wrapper-legacy\"><div class=\"fusion-clearfix\"><\/div><\/div><\/div><div class=\"fusion-layout-column fusion_builder_column fusion-builder-column-11 fusion_builder_column_1_3 1_3 fusion-one-third\" style=\"--awb-bg-size:cover;width:30.6666%; margin-right: 4%;\"><div class=\"fusion-column-wrapper fusion-flex-column-wrapper-legacy\"><div class=\"fusion-title title fusion-title-4 fusion-title-center fusion-title-text fusion-title-size-one\"><div class=\"title-sep-container title-sep-container-left\"><div class=\"title-sep sep-single sep-solid\" style=\"border-color:#e0dede;\"><\/div><\/div><span class=\"awb-title-spacer\"><\/span><h1 class=\"fusion-title-heading title-heading-center\" style=\"margin:0;\">Cat\u00e9ch\u00e8se pour Adulte<\/h1><span class=\"awb-title-spacer\"><\/span><div class=\"title-sep-container title-sep-container-right\"><div class=\"title-sep sep-single sep-solid\" style=\"border-color:#e0dede;\"><\/div><\/div><\/div><div class=\"fusion-clearfix\"><\/div><\/div><\/div><div class=\"fusion-layout-column fusion_builder_column fusion-builder-column-12 fusion_builder_column_1_3 1_3 fusion-one-third fusion-column-last\" style=\"--awb-bg-size:cover;width:30.6666%;\"><div class=\"fusion-column-wrapper fusion-flex-column-wrapper-legacy\"><div class=\"fusion-clearfix\"><\/div><\/div><\/div><div class=\"fusion-layout-column fusion_builder_column fusion-builder-column-13 fusion_builder_column_1_1 1_1 fusion-one-full fusion-column-first fusion-column-last\" style=\"--awb-bg-size:cover;\"><div class=\"fusion-column-wrapper fusion-flex-column-wrapper-legacy\"><div class=\"fusion-text fusion-text-4\"><p style=\"text-align: center\"><strong>CATECHESE ADULTE :<\/strong><br \/>\nAujourd\u2019hui, on parle de \u00ab cat\u00e9ch\u00e8se \u00e0 tous les \u00e2ges de la vie \u00bb. Pourquoi ?<br \/>\nBeaucoup d\u2019adultes aujourd\u2019hui s\u2019interrogent sur le sens de leur vie, ils peuvent avoir le d\u00e9sir de se tourner vers la religion de leur enfance, de leur culture mais ils se rendent vite compte de leurs lacunes.<br \/>\nD\u2019autres c\u00f4toient, dans leurs relations quotidiennes, m\u00eame au travail, des croyants d\u2019autres religions et ils \u00e9prouvent alors le besoin de red\u00e9couvrir le Christianisme.<br \/>\nD\u2019autres, enfin, apr\u00e8s avoir laiss\u00e9 de c\u00f4t\u00e9 tout cet aspect de leur vie, ressentent comme un appel lors des grandes \u00e9tapes de l\u2019existence : le mariage, la naissance des enfants, la retraite\u2026 ou lorsqu\u2019ils sont confront\u00e9s \u00e0 des \u00e9preuves : la maladie, le handicap, le deuil\u2026<br \/>\nL\u2019Eglise peut r\u00e9pondre \u00e0 ces demandes, il existe du cat\u00e9chisme pour adulte qui ne porte pas n\u00e9cessairement ce nom ! Nous parlerons plus volontiers de formation, de rencontres\u2026 A titre d\u2019exemple, il existe une proposition nomm\u00e9e \u00ab EFFATA \u00bb qui, en 5 rencontres de deux heures \u00a0vise \u00e0 reprendre tous les fondements de la foi chr\u00e9tienne.<br \/>\nMais chaque cas \u00e9tant particulier, si vous avez ce type de demande :<\/p>\n<p style=\"text-align: center\">Personnes \u00e0 contacter : P. F.de Mianville tel: 07.66.88.03.26<br \/>\nMich\u00e8le POIRET T\u00e9l. : 06.86.43.18.80<br \/>\nMail : almi.poiret@orange.fr<\/p>\n<p style=\"text-align: center\"><strong>CATECHUMENAT<\/strong> :<br \/>\nQuelle est la diff\u00e9rence avec la cat\u00e9ch\u00e8se des adultes ?<br \/>\nLe cat\u00e9chum\u00e9nat est le temps de \u00ab m\u00fbrissement \u00bb demand\u00e9 aux adultes qui veulent recevoir un sacrement : bapt\u00eame, eucharistie, confirmation qu\u2019on appelle les sacrements de l\u2019initiation.<br \/>\nIls sont alors accompagn\u00e9s par une \u00e9quipe et cette pr\u00e9paration va demander du temps. La dur\u00e9e est variable, elle d\u00e9pend de l\u2019histoire de la personne, de l\u2019\u00e9volution de son d\u00e9sir et aussi\u00a0 du sacrement demand\u00e9 : cela peut aller de quelques mois \u00e0 quelques ann\u00e9es (pour le bapt\u00eame par exemple).<br \/>\nChaque personne est diff\u00e9rente, a une histoire singuli\u00e8re, il faut donc les adresser aux personnes suivantes :<\/p>\n<p style=\"text-align: center\">P. F. de Mianville Tel: 07.66.88.03.26<br \/>\nMarie-Anne CONTAL T\u00e9l. : 03 26 51 98 00<br \/>\nMail : mag-contal@orange.fr<\/p>\n<\/div><div class=\"fusion-clearfix\"><\/div><\/div><\/div><\/div><\/div>\n","protected":false},"excerpt":{"rendered":"","protected":false},"author":15,"featured_media":0,"parent":26,"menu_order":0,"comment_status":"closed","ping_status":"closed","template":"","meta":{"xn-wppe-expiration":[],"xn-wppe-expiration-action":[],"xn-wppe-expiration-prefix":[],"footnotes":""},"_links":{"self":[{"href":"https:\/\/chalons.catholique.fr\/saintleu\/wp-json\/wp\/v2\/pages\/60"}],"collection":[{"href":"https:\/\/chalons.catholique.fr\/saintleu\/wp-json\/wp\/v2\/pages"}],"about":[{"href":"https:\/\/chalons.catholique.fr\/saintleu\/wp-json\/wp\/v2\/types\/page"}],"author":[{"embeddable":true,"href":"https:\/\/chalons.catholique.fr\/saintleu\/wp-json\/wp\/v2\/users\/15"}],"replies":[{"embeddable":true,"href":"https:\/\/chalons.catholique.fr\/saintleu\/wp-json\/wp\/v2\/comments?post=60"}],"version-history":[{"count":0,"href":"https:\/\/chalons.catholique.fr\/saintleu\/wp-json\/wp\/v2\/pages\/60\/revisions"}],"up":[{"embeddable":true,"href":"https:\/\/chalons.catholique.fr\/saintleu\/wp-json\/wp\/v2\/pages\/26"}],"wp:attachment":[{"href":"https:\/\/chalons.catholique.fr\/saintleu\/wp-json\/wp\/v2\/media?parent=60"}],"curies":[{"name":"wp","href":"https:\/\/api.w.org\/{rel}","templated":true}]}}