{"id":1318,"date":"2015-05-27T18:46:09","date_gmt":"2015-05-27T18:46:09","guid":{"rendered":"http:\/\/avada.theme-fusion.com\/church\/?page_id=10"},"modified":"2020-02-17T15:55:07","modified_gmt":"2020-02-17T14:55:07","slug":"qui-sommes-nous","status":"publish","type":"page","link":"https:\/\/chalons.catholique.fr\/saintaugustin\/qui-sommes-nous\/","title":{"rendered":"Qui sommes-nous ?"},"content":{"rendered":"<div class=\"fusion-fullwidth fullwidth-box fusion-builder-row-1 nonhundred-percent-fullwidth non-hundred-percent-height-scrolling\" style=\"--awb-background-position:left top;--awb-border-radius-top-left:0px;--awb-border-radius-top-right:0px;--awb-border-radius-bottom-right:0px;--awb-border-radius-bottom-left:0px;--awb-padding-top:20px;--awb-padding-right:15%;--awb-padding-bottom:20px;--awb-padding-left:15%;--awb-border-sizes-top:0px;--awb-border-sizes-bottom:0px;--awb-flex-wrap:wrap;\" ><div class=\"fusion-builder-row fusion-row\"><div class=\"fusion-layout-column fusion_builder_column fusion-builder-column-0 fusion_builder_column_1_1 1_1 fusion-one-full fusion-column-first fusion-column-last fusion-column-no-min-height\" style=\"--awb-bg-size:cover;\"><div class=\"fusion-column-wrapper fusion-flex-column-wrapper-legacy\"><div class=\"fusion-text fusion-text-1\"><h2 style=\"text-align: center;\">Notre Mission<\/h2>\n<p style=\"text-align: center;\">Ce sont une quinzaine de personnes qui \u0153uvrent dans les divers domaines de la mission de l&rsquo;Eglise. Se soutenant dans la pri\u00e8re et appel\u00e9s \u00e0 la cr\u00e9ativit\u00e9, elles encouragent les initiatives pastorales n\u00e9cessaires. Ainsi, pr\u00eatres, diacres et b\u00e9n\u00e9voles engag\u00e9s dans la vie de la paroisse s&rsquo;organisent et collaborent pour un objectif commun : l&rsquo;annonce de l\u2019\u00c9vangile.<\/p>\n<\/div><div class=\"fusion-clearfix\"><\/div><\/div><\/div><\/div><\/div><div class=\"fusion-fullwidth fullwidth-box fusion-builder-row-2 nonhundred-percent-fullwidth non-hundred-percent-height-scrolling fusion-equal-height-columns\" style=\"--awb-background-position:left top;--awb-border-radius-top-left:0px;--awb-border-radius-top-right:0px;--awb-border-radius-bottom-right:0px;--awb-border-radius-bottom-left:0px;--awb-padding-top:0px;--awb-padding-right:3%;--awb-padding-bottom:0px;--awb-padding-left:3%;--awb-border-sizes-top:0px;--awb-border-sizes-bottom:0px;--awb-flex-wrap:wrap;\" ><div class=\"fusion-builder-row fusion-row\"><div class=\"fusion-layout-column fusion_builder_column fusion-builder-column-1 fusion_builder_column_1_1 1_1 fusion-one-full fusion-column-first fusion-column-last fusion-column-no-min-height\" style=\"--awb-bg-size:cover;\"><div class=\"fusion-column-wrapper fusion-flex-column-wrapper-legacy\"><div class=\"fusion-text fusion-text-2\"><h2 style=\"text-align: center;\"><span style=\"color: #000000;\">Les acteurs\u00a0de la paroisse<\/span><\/h2>\n<\/div><div class=\"fusion-sep-clear\"><\/div><div class=\"fusion-separator fusion-full-width-sep\" style=\"margin-left: auto;margin-right: auto;margin-top:5px;margin-bottom:5px;width:100%;\"><\/div><div class=\"fusion-sep-clear\"><\/div><div class=\"fusion-clearfix\"><\/div><\/div><\/div><div class=\"fusion-layout-column fusion_builder_column fusion-builder-column-2 fusion_builder_column_1_1 1_1 fusion-one-full fusion-column-first fusion-column-last fusion-column-no-min-height\" style=\"--awb-bg-size:cover;\"><div class=\"fusion-column-wrapper fusion-flex-column-wrapper-legacy\"><div class=\"fusion-content-boxes content-boxes columns row fusion-columns-4 fusion-columns-total-4 fusion-content-boxes-1 content-boxes-icon-on-top content-left\" style=\"--awb-hover-accent-color:#3f7ccd;--awb-circle-hover-accent-color:#3f7ccd;\" data-animationOffset=\"top-into-view\"><div style=\"--awb-backgroundcolor:rgba(0,167,244,0.41);\" class=\"fusion-column content-box-column content-box-column content-box-column-1 col-lg-3 col-md-3 col-sm-3 fusion-content-box-hover content-box-column-first-in-row\"><div class=\"col content-box-wrapper content-wrapper-background link-area-link-icon link-type-text icon-hover-animation-fade\" data-animationOffset=\"top-into-view\"><div class=\"heading heading-with-icon icon-left\"><a class=\"heading-link\" href=\"https:\/\/chalons.catholique.fr\/saintaugustin\/pere-jean-baptiste-vu\/ \" target=\"_self\"><div aria-hidden=\"true\" class=\"image\"><img src=\"https:\/\/chalons.catholique.fr\/saintaugustin\/wp-content\/uploads\/sites\/30\/2020\/02\/priest.png\" width=\"400\" height=\"400\" alt=\"\" \/><\/div><h2 class=\"content-box-heading fusion-responsive-typography-calculated\" style=\"--h2_typography-font-size:14px;--fontSize:14;line-height:1.29;\">P\u00e8re Jean-Baptiste<\/h2><\/a><\/div><div class=\"fusion-clearfix\"><\/div><a class=\" fusion-read-more\" href=\"https:\/\/chalons.catholique.fr\/saintaugustin\/pere-jean-baptiste-vu\/ \" target=\"_self\">Pr\u00e9sentation<\/a><div class=\"fusion-clearfix\"><\/div><\/div><\/div><div style=\"--awb-backgroundcolor:rgba(0,167,244,0.41);\" class=\"fusion-column content-box-column content-box-column content-box-column-2 col-lg-3 col-md-3 col-sm-3 fusion-content-box-hover \"><div class=\"col content-box-wrapper content-wrapper-background link-area-link-icon link-type-text icon-hover-animation-fade\" data-animationOffset=\"top-into-view\"><div class=\"heading heading-with-icon icon-left\"><a class=\"heading-link\" href=\"https:\/\/chalons.catholique.fr\/saintaugustin\/equipe-de-conduite-2\/\" target=\"_self\"><div aria-hidden=\"true\" class=\"image\"><img src=\"https:\/\/chalons.catholique.fr\/saintaugustin\/wp-content\/uploads\/sites\/30\/2020\/02\/team.png\" width=\"400\" height=\"400\" alt=\"\" \/><\/div><h2 class=\"content-box-heading fusion-responsive-typography-calculated\" style=\"--h2_typography-font-size:14px;--fontSize:14;line-height:1.29;\">L'\u00e9quipe de conduite<\/h2><\/a><\/div><div class=\"fusion-clearfix\"><\/div><a class=\" fusion-read-more\" href=\"https:\/\/chalons.catholique.fr\/saintaugustin\/equipe-de-conduite-2\/\" target=\"_self\">En savoir plus<\/a><div class=\"fusion-clearfix\"><\/div><\/div><\/div><div style=\"--awb-backgroundcolor:rgba(0,167,244,0.41);\" class=\"fusion-column content-box-column content-box-column content-box-column-3 col-lg-3 col-md-3 col-sm-3 fusion-content-box-hover \"><div class=\"col content-box-wrapper content-wrapper-background link-area-link-icon link-type-text icon-hover-animation-fade\" data-animationOffset=\"top-into-view\"><div class=\"heading heading-with-icon icon-left\"><a class=\"heading-link\" href=\"https:\/\/chalons.catholique.fr\/saintaugustin\/le-conseil-pastoral\/\" target=\"_self\"><div aria-hidden=\"true\" class=\"image\"><img src=\"https:\/\/chalons.catholique.fr\/saintaugustin\/wp-content\/uploads\/sites\/30\/2020\/02\/meeting.png\" width=\"400\" height=\"400\" alt=\"\" \/><\/div><h2 class=\"content-box-heading fusion-responsive-typography-calculated\" style=\"--h2_typography-font-size:14px;--fontSize:14;line-height:1.29;\">Le conseil pastoral<\/h2><\/a><\/div><div class=\"fusion-clearfix\"><\/div><a class=\" fusion-read-more\" href=\"https:\/\/chalons.catholique.fr\/saintaugustin\/le-conseil-pastoral\/\" target=\"_self\">En savoir plus<\/a><div class=\"fusion-clearfix\"><\/div><\/div><\/div><div style=\"--awb-backgroundcolor:rgba(0,167,244,0.41);\" class=\"fusion-column content-box-column content-box-column content-box-column-4 col-lg-3 col-md-3 col-sm-3 fusion-content-box-hover content-box-column-last content-box-column-last-in-row\"><div class=\"col content-box-wrapper content-wrapper-background link-area-link-icon link-type-text icon-hover-animation-fade\" data-animationOffset=\"top-into-view\"><div class=\"heading heading-with-icon icon-left\"><a class=\"heading-link\" href=\"https:\/\/chalons.catholique.fr\/saintaugustin\/le-conseil-economique\/\" target=\"_self\"><div aria-hidden=\"true\" class=\"image\"><img src=\"https:\/\/chalons.catholique.fr\/saintaugustin\/wp-content\/uploads\/sites\/30\/2020\/02\/teamwork.png\" width=\"400\" height=\"400\" alt=\"\" \/><\/div><h2 class=\"content-box-heading fusion-responsive-typography-calculated\" style=\"--h2_typography-font-size:14px;--fontSize:14;line-height:1.29;\">Le conseil \u00e9conomique<\/h2><\/a><\/div><div class=\"fusion-clearfix\"><\/div><a class=\" fusion-read-more\" href=\"https:\/\/chalons.catholique.fr\/saintaugustin\/le-conseil-economique\/\" target=\"_self\">En savoir plus<\/a><div class=\"fusion-clearfix\"><\/div><\/div><\/div><div class=\"fusion-clearfix\"><\/div><\/div><div class=\"fusion-clearfix\"><\/div><\/div><\/div><\/div><\/div><div class=\"fusion-fullwidth fullwidth-box fusion-builder-row-3 nonhundred-percent-fullwidth non-hundred-percent-height-scrolling\" style=\"--awb-border-radius-top-left:0px;--awb-border-radius-top-right:0px;--awb-border-radius-bottom-right:0px;--awb-border-radius-bottom-left:0px;--awb-padding-top:5%;--awb-padding-right:15%;--awb-padding-bottom:5%;--awb-padding-left:15%;--awb-border-sizes-top:0px;--awb-border-sizes-bottom:0px;--awb-flex-wrap:wrap;\" ><div class=\"fusion-builder-row fusion-row\"><div class=\"fusion-layout-column fusion_builder_column fusion-builder-column-3 fusion_builder_column_1_1 1_1 fusion-one-full fusion-column-first fusion-column-last fusion-column-no-min-height\" style=\"--awb-bg-size:cover;\"><div class=\"fusion-column-wrapper fusion-flex-column-wrapper-legacy\"><div class=\"fusion-text fusion-text-3\"><h2 style=\"text-align: center;\">Une paroisse vivante<\/h2>\n<\/div><div class=\"fusion-sep-clear\"><\/div><div class=\"fusion-separator fusion-full-width-sep\" style=\"margin-left: auto;margin-right: auto;margin-top:5px;margin-bottom:5px;width:100%;\"><\/div><div class=\"fusion-sep-clear\"><\/div><div class=\"fusion-clearfix\"><\/div><\/div><\/div><div class=\"fusion-layout-column fusion_builder_column fusion-builder-column-4 fusion_builder_column_1_1 1_1 fusion-one-full fusion-column-first fusion-column-last fusion-column-no-min-height\" style=\"--awb-bg-size:cover;\"><div class=\"fusion-column-wrapper fusion-flex-column-wrapper-legacy\">[layerslider id=\u00a0\u00bb1&Prime; \/]<div class=\"fusion-clearfix\"><\/div><\/div><\/div><\/div><\/div>\n","protected":false},"excerpt":{"rendered":"","protected":false},"author":8,"featured_media":0,"parent":0,"menu_order":0,"comment_status":"closed","ping_status":"open","template":"100-width.php","meta":{"xn-wppe-expiration":[],"xn-wppe-expiration-action":[],"xn-wppe-expiration-prefix":[],"footnotes":""},"_links":{"self":[{"href":"https:\/\/chalons.catholique.fr\/saintaugustin\/wp-json\/wp\/v2\/pages\/1318"}],"collection":[{"href":"https:\/\/chalons.catholique.fr\/saintaugustin\/wp-json\/wp\/v2\/pages"}],"about":[{"href":"https:\/\/chalons.catholique.fr\/saintaugustin\/wp-json\/wp\/v2\/types\/page"}],"author":[{"embeddable":true,"href":"https:\/\/chalons.catholique.fr\/saintaugustin\/wp-json\/wp\/v2\/users\/8"}],"replies":[{"embeddable":true,"href":"https:\/\/chalons.catholique.fr\/saintaugustin\/wp-json\/wp\/v2\/comments?post=1318"}],"version-history":[{"count":0,"href":"https:\/\/chalons.catholique.fr\/saintaugustin\/wp-json\/wp\/v2\/pages\/1318\/revisions"}],"wp:attachment":[{"href":"https:\/\/chalons.catholique.fr\/saintaugustin\/wp-json\/wp\/v2\/media?parent=1318"}],"curies":[{"name":"wp","href":"https:\/\/api.w.org\/{rel}","templated":true}]}}

<div class="fusion-fullwidth fullwidth-box fusion-builder-row-1 nonhundred-percent-fullwidth non-hundred-percent-height-scrolling" style="--awb-background-position:left top;--awb-border-radius-top-left:0px;--awb-border-radius-top-right:0px;--awb-border-radius-bottom-right:0px;--awb-border-radius-bottom-left:0px;--awb-padding-top:20px;--awb-padding-right:15%;--awb-padding-bottom:20px;--awb-padding-left:15%;--awb-border-sizes-top:0px;--awb-border-sizes-bottom:0px;--awb-flex-wrap:wrap;" ><div class="fusion-builder-row fusion-row"><div class="fusion-layout-column fusion_builder_column fusion-builder-column-0 fusion_builder_column_1_1 1_1 fusion-one-full fusion-column-first fusion-column-last fusion-column-no-min-height" style="--awb-bg-size:cover;"><div class="fusion-column-wrapper fusion-flex-column-wrapper-legacy"><div class="fusion-text fusion-text-1"><h2 style="text-align: center;">Notre Mission</h2>
<p style="text-align: center;">Ce sont une quinzaine de personnes qui œuvrent dans les divers domaines de la mission de l&rsquo;Eglise. Se soutenant dans la prière et appelés à la créativité, elles encouragent les initiatives pastorales nécessaires. Ainsi, prêtres, diacres et bénévoles engagés dans la vie de la paroisse s&rsquo;organisent et collaborent pour un objectif commun : l&rsquo;annonce de l’Évangile.</p>
</div><div class="fusion-clearfix"></div></div></div></div></div><div class="fusion-fullwidth fullwidth-box fusion-builder-row-2 nonhundred-percent-fullwidth non-hundred-percent-height-scrolling fusion-equal-height-columns" style="--awb-background-position:left top;--awb-border-radius-top-left:0px;--awb-border-radius-top-right:0px;--awb-border-radius-bottom-right:0px;--awb-border-radius-bottom-left:0px;--awb-padding-top:0px;--awb-padding-right:3%;--awb-padding-bottom:0px;--awb-padding-left:3%;--awb-border-sizes-top:0px;--awb-border-sizes-bottom:0px;--awb-flex-wrap:wrap;" ><div class="fusion-builder-row fusion-row"><div class="fusion-layout-column fusion_builder_column fusion-builder-column-1 fusion_builder_column_1_1 1_1 fusion-one-full fusion-column-first fusion-column-last fusion-column-no-min-height" style="--awb-bg-size:cover;"><div class="fusion-column-wrapper fusion-flex-column-wrapper-legacy"><div class="fusion-text fusion-text-2"><h2 style="text-align: center;"><span style="color: #000000;">Les acteurs de la paroisse</span></h2>
</div><div class="fusion-sep-clear"></div><div class="fusion-separator fusion-full-width-sep" style="margin-left: auto;margin-right: auto;margin-top:5px;margin-bottom:5px;width:100%;"></div><div class="fusion-sep-clear"></div><div class="fusion-clearfix"></div></div></div><div class="fusion-layout-column fusion_builder_column fusion-builder-column-2 fusion_builder_column_1_1 1_1 fusion-one-full fusion-column-first fusion-column-last fusion-column-no-min-height" style="--awb-bg-size:cover;"><div class="fusion-column-wrapper fusion-flex-column-wrapper-legacy"><div class="fusion-content-boxes content-boxes columns row fusion-columns-4 fusion-columns-total-4 fusion-content-boxes-1 content-boxes-icon-on-top content-left" style="--awb-hover-accent-color:#3f7ccd;--awb-circle-hover-accent-color:#3f7ccd;" data-animationOffset="top-into-view"><div style="--awb-backgroundcolor:rgba(0,167,244,0.41);" class="fusion-column content-box-column content-box-column content-box-column-1 col-lg-3 col-md-3 col-sm-3 fusion-content-box-hover content-box-column-first-in-row"><div class="col content-box-wrapper content-wrapper-background link-area-link-icon link-type-text icon-hover-animation-fade" data-animationOffset="top-into-view"><div class="heading heading-with-icon icon-left"><a class="heading-link" href="https://chalons.catholique.fr/saintaugustin/pere-jean-baptiste-vu/ " target="_self"><div aria-hidden="true" class="image"><img src="https://chalons.catholique.fr/saintaugustin/wp-content/uploads/sites/30/2020/02/priest.png" width="400" height="400" alt="" /></div><h2 class="content-box-heading fusion-responsive-typography-calculated" style="--h2_typography-font-size:14px;--fontSize:14;line-height:1.29;">Père Jean-Baptiste</h2></a></div><div class="fusion-clearfix"></div><a class=" fusion-read-more" href="https://chalons.catholique.fr/saintaugustin/pere-jean-baptiste-vu/ " target="_self">Présentation</a><div class="fusion-clearfix"></div></div></div><div style="--awb-backgroundcolor:rgba(0,167,244,0.41);" class="fusion-column content-box-column content-box-column content-box-column-2 col-lg-3 col-md-3 col-sm-3 fusion-content-box-hover "><div class="col content-box-wrapper content-wrapper-background link-area-link-icon link-type-text icon-hover-animation-fade" data-animationOffset="top-into-view"><div class="heading heading-with-icon icon-left"><a class="heading-link" href="https://chalons.catholique.fr/saintaugustin/equipe-de-conduite-2/" target="_self"><div aria-hidden="true" class="image"><img src="https://chalons.catholique.fr/saintaugustin/wp-content/uploads/sites/30/2020/02/team.png" width="400" height="400" alt="" /></div><h2 class="content-box-heading fusion-responsive-typography-calculated" style="--h2_typography-font-size:14px;--fontSize:14;line-height:1.29;">L'équipe de conduite</h2></a></div><div class="fusion-clearfix"></div><a class=" fusion-read-more" href="https://chalons.catholique.fr/saintaugustin/equipe-de-conduite-2/" target="_self">En savoir plus</a><div class="fusion-clearfix"></div></div></div><div style="--awb-backgroundcolor:rgba(0,167,244,0.41);" class="fusion-column content-box-column content-box-column content-box-column-3 col-lg-3 col-md-3 col-sm-3 fusion-content-box-hover "><div class="col content-box-wrapper content-wrapper-background link-area-link-icon link-type-text icon-hover-animation-fade" data-animationOffset="top-into-view"><div class="heading heading-with-icon icon-left"><a class="heading-link" href="https://chalons.catholique.fr/saintaugustin/le-conseil-pastoral/" target="_self"><div aria-hidden="true" class="image"><img src="https://chalons.catholique.fr/saintaugustin/wp-content/uploads/sites/30/2020/02/meeting.png" width="400" height="400" alt="" /></div><h2 class="content-box-heading fusion-responsive-typography-calculated" style="--h2_typography-font-size:14px;--fontSize:14;line-height:1.29;">Le conseil pastoral</h2></a></div><div class="fusion-clearfix"></div><a class=" fusion-read-more" href="https://chalons.catholique.fr/saintaugustin/le-conseil-pastoral/" target="_self">En savoir plus</a><div class="fusion-clearfix"></div></div></div><div style="--awb-backgroundcolor:rgba(0,167,244,0.41);" class="fusion-column content-box-column content-box-column content-box-column-4 col-lg-3 col-md-3 col-sm-3 fusion-content-box-hover content-box-column-last content-box-column-last-in-row"><div class="col content-box-wrapper content-wrapper-background link-area-link-icon link-type-text icon-hover-animation-fade" data-animationOffset="top-into-view"><div class="heading heading-with-icon icon-left"><a class="heading-link" href="https://chalons.catholique.fr/saintaugustin/le-conseil-economique/" target="_self"><div aria-hidden="true" class="image"><img src="https://chalons.catholique.fr/saintaugustin/wp-content/uploads/sites/30/2020/02/teamwork.png" width="400" height="400" alt="" /></div><h2 class="content-box-heading fusion-responsive-typography-calculated" style="--h2_typography-font-size:14px;--fontSize:14;line-height:1.29;">Le conseil économique</h2></a></div><div class="fusion-clearfix"></div><a class=" fusion-read-more" href="https://chalons.catholique.fr/saintaugustin/le-conseil-economique/" target="_self">En savoir plus</a><div class="fusion-clearfix"></div></div></div><div class="fusion-clearfix"></div></div><div class="fusion-clearfix"></div></div></div></div></div><div class="fusion-fullwidth fullwidth-box fusion-builder-row-3 nonhundred-percent-fullwidth non-hundred-percent-height-scrolling" style="--awb-border-radius-top-left:0px;--awb-border-radius-top-right:0px;--awb-border-radius-bottom-right:0px;--awb-border-radius-bottom-left:0px;--awb-padding-top:5%;--awb-padding-right:15%;--awb-padding-bottom:5%;--awb-padding-left:15%;--awb-border-sizes-top:0px;--awb-border-sizes-bottom:0px;--awb-flex-wrap:wrap;" ><div class="fusion-builder-row fusion-row"><div class="fusion-layout-column fusion_builder_column fusion-builder-column-3 fusion_builder_column_1_1 1_1 fusion-one-full fusion-column-first fusion-column-last fusion-column-no-min-height" style="--awb-bg-size:cover;"><div class="fusion-column-wrapper fusion-flex-column-wrapper-legacy"><div class="fusion-text fusion-text-3"><h2 style="text-align: center;">Une paroisse vivante</h2>
</div><div class="fusion-sep-clear"></div><div class="fusion-separator fusion-full-width-sep" style="margin-left: auto;margin-right: auto;margin-top:5px;margin-bottom:5px;width:100%;"></div><div class="fusion-sep-clear"></div><div class="fusion-clearfix"></div></div></div><div class="fusion-layout-column fusion_builder_column fusion-builder-column-4 fusion_builder_column_1_1 1_1 fusion-one-full fusion-column-first fusion-column-last fusion-column-no-min-height" style="--awb-bg-size:cover;"><div class="fusion-column-wrapper fusion-flex-column-wrapper-legacy">[layerslider id= »1&Prime; /]<div class="fusion-clearfix"></div></div></div></div></div>
