{"id":648,"date":"2018-05-30T22:07:08","date_gmt":"2018-05-30T21:07:08","guid":{"rendered":"http:\/\/chalons.catholique.fr\/paroissedesmothees\/?page_id=648"},"modified":"2021-07-13T14:10:12","modified_gmt":"2021-07-13T13:10:12","slug":"denier-de-eglise","status":"publish","type":"page","link":"https:\/\/chalons.catholique.fr\/paroissedesmothees\/denier-de-eglise\/","title":{"rendered":"Denier de l&rsquo;\u00e9glise"},"content":{"rendered":"<div class=\"fusion-fullwidth fullwidth-box fusion-builder-row-1 fusion-flex-container nonhundred-percent-fullwidth non-hundred-percent-height-scrolling\" style=\"--awb-border-radius-top-left:0px;--awb-border-radius-top-right:0px;--awb-border-radius-bottom-right:0px;--awb-border-radius-bottom-left:0px;--awb-flex-wrap:wrap;\" ><div class=\"fusion-builder-row fusion-row fusion-flex-align-items-flex-start fusion-flex-content-wrap\" style=\"max-width:1206.4px;margin-left: calc(-4% \/ 2 );margin-right: calc(-4% \/ 2 );\"><div class=\"fusion-layout-column fusion_builder_column fusion-builder-column-0 fusion_builder_column_1_1 1_1 fusion-flex-column\" style=\"--awb-bg-size:cover;--awb-width-large:100%;--awb-margin-top-large:0px;--awb-spacing-right-large:1.92%;--awb-margin-bottom-large:0px;--awb-spacing-left-large:1.92%;--awb-width-medium:100%;--awb-spacing-right-medium:1.92%;--awb-spacing-left-medium:1.92%;--awb-width-small:100%;--awb-spacing-right-small:1.92%;--awb-spacing-left-small:1.92%;\"><div class=\"fusion-column-wrapper fusion-flex-justify-content-flex-start fusion-content-layout-column\"><div class=\"fusion-text fusion-text-1\"><h3 class=\"title-heading-left\">Pour tout renseignement :<\/h3>\n<div class=\"fusion-text\">\n<blockquote>\n<p>Association dioc\u00e9saine, Service collecte<br \/>20 rue de l\u2019Abb\u00e9 Pierre Gillet, 51038 Ch\u00e2lons en Champagne<br \/>Tel\u00a0: 03 26 68 98 81 \/ denier@chalons.catholique.fr<\/p>\n<\/blockquote>\n<\/div>\n<h3 class=\"title-heading-left\">Don par CB<\/h3>\n<div class=\"fusion-button-wrapper fusion-aligncenter\"><a class=\"fusion-button button-3d fusion-button-square button-medium button-custom button-1\" href=\"https:\/\/don.mondenier.com\/chalons\/52\/~mon-don?_cv=1\" target=\"_blank\" rel=\"noopener noreferrer\"><i class=\" fa fa-credit-card\"><\/i><strong><span class=\"fusion-button-text fusion-button-text-left\">DON EN LIGNE : CLIQUEZ ICI<\/span><\/strong><\/a><\/div>\n<p><em>Vous pouvez aussi faire un don par ch\u00e8que \u00e0 l\u2019ordre de \u201cAssociation dioc\u00e9saine de Ch\u00e2lons\u201d et l\u2019envoyer \u00e0 l\u2019adresse ci-contre.<\/em><\/p>\n<div class=\"fusion-title title fusion-title-size-three\">\n<h3 class=\"title-heading-left\">Le denier de l\u2019\u00c9glise<\/h3>\n<div class=\"title-sep-container\">\n<div class=\"title-sep sep-single sep-solid\"><img decoding=\"async\" class=\"alignleft size-medium wp-image-415587\" src=\"http:\/\/eglise.catholique.fr\/wp-content\/uploads\/sites\/2\/2016\/02\/le-Denier_RVB-230x300.jpg\" alt=\"Impression\" width=\"230\" height=\"300\" \/><\/div>\n<\/div>\n<\/div>\n<div class=\"fusion-text\">\n<p>Cr\u00e9\u00e9 par l\u2019\u00c9glise catholique en France apr\u00e8s la s\u00e9paration de l\u2019\u00c9glise et de l\u2019\u00c9tat en 1905, le \u00ab\u00a0denier du\u00a0<a class=\"glossary-term\" title=\"Corps constitu\u00e9 par les ministres ordonn\u00e9s et institu\u00e9s.\" href=\"http:\/\/eglise.catholique.fr\/glossaire\/clerge\">clerg\u00e9<\/a>\u00a0\u00bb a \u00e9t\u00e9 institu\u00e9 pour permettre le traitement des pr\u00eatres qui \u00e9tait jusqu\u2019alors pris en charge par l\u2019\u00c9tat. L\u2019\u00c9tat ne peut plus subventionner les cultes. Ce traitement continue d\u2019\u00eatre pris en charge en Alsace-Moselle.<\/p>\n<p>Cette collecte aupr\u00e8s des fid\u00e8les s\u2019est ensuite appel\u00e9e \u00ab\u00a0denier du culte\u00a0\u00bb, terme qui est encore souvent employ\u00e9, puis est devenue, depuis 1989, le \u00ab\u00a0denier de l\u2019\u00c9glise\u00a0\u00bb.<\/p>\n<p>Le terme de \u00ab\u00a0denier\u00a0\u00bb est un peu d\u00e9suet, mais les catholiques tiennent \u00e0 le conserver, car le Denier n\u2019est pas un don comme un autre. Il ne fait pas appel \u00e0 la g\u00e9n\u00e9rosit\u00e9, mais plut\u00f4t \u00e0 un sentiment d\u2019appartenance ou de fid\u00e9lit\u00e9 envers l\u2019\u00c9glise, pour que ceux qui sont plus sp\u00e9cialement en charge d\u2019annoncer l\u2019<a class=\"glossary-term\" title=\"Nouvelle du salut annonc\u00e9e aux hommes par J\u00e9sus.\" href=\"http:\/\/eglise.catholique.fr\/glossaire\/evangile\">Evangile<\/a>\u00a0et de faire vivre l\u2019\u00c9glise, aient une juste r\u00e9mun\u00e9ration. Le Denier est un don volontaire, il n\u2019y a pas de tarif ! Chacun donne en conscience selon ses possibilit\u00e9s.<\/p>\n<p><strong>A quoi sert le Denier ?\u00a0<img decoding=\"async\" class=\" size-medium wp-image-415594 alignright\" src=\"http:\/\/eglise.catholique.fr\/wp-content\/uploads\/sites\/2\/2016\/02\/Denier-300x146.jpg\" alt=\"Denier\" width=\"300\" height=\"146\" \/><br \/><\/strong><\/p>\n<p>Le Denier n\u2019est pas suffisant et il ne couvre qu\u2019une partie importante des charges. Les dioc\u00e8ses, les paroisses et les pr\u00eatres ont d\u2019autres ressources, principalement les qu\u00eates, les offrandes de c\u00e9r\u00e9monies et les offrandes de messes, les legs et donations. C\u2019est l\u2019ensemble de ces recettes qui permet financer l\u2019ensemble des besoins pastoraux de l\u2019\u00c9glise.<\/p>\n<p>Mais le Denier en constitue la part la plus importante dans la quasi-totalit\u00e9 des dioc\u00e8ses. Il importe donc de faire savoir aux donateurs du denier de l\u2019\u00c9glise l\u2019utilisation privil\u00e9gi\u00e9e de leur don : traitement, charges sociales, formation, logement et frais pour les pr\u00eatres et pour les\u00a0la\u00efcs\u00a0en mission.<\/p>\n<p><strong><img decoding=\"async\" class=\"alignleft size-full wp-image-415595\" src=\"http:\/\/eglise.catholique.fr\/wp-content\/uploads\/sites\/2\/2016\/02\/picto_missel.jpg\" alt=\"picto_missel\" width=\"83\" height=\"107\" \/>La dimension chr\u00e9tienne du Denier : son ancrage th\u00e9ologique<\/strong><\/p>\n<p>La lecture attentive des \u00c9critures nous rappelle la l\u00e9gitimit\u00e9 de nos sollicitations. Dans les Actes des Ap\u00f4tres (Ac 11,27-30) : \u00e0 Antioche, on annonce une famine \u00e0 J\u00e9rusalem et les chr\u00e9tiens d\u00e9cident de venir en aide aux fr\u00e8res de J\u00e9rusalem et de Jud\u00e9e. Ce sont Barnab\u00e9 et Saul qui sont charg\u00e9s de d\u2019acheminer les dons r\u00e9colt\u00e9s. Il s\u2019agit d\u00e9j\u00e0 d\u2019une solidarit\u00e9 lointaine de la communaut\u00e9 chr\u00e9tienne.<\/p>\n<p>Saint Paul aux Galates 6-6 : \u00ab Que celui qui re\u00e7oit l\u2019enseignement de la Parole fasse une part de tous ses biens en faveur de celui qui l\u2019instruit \u00bb. Saint Paul toujours, dans la premi\u00e8re Lettre aux Corinthiens (1 Co 9,10-14) nous dit : \u00ab si nous avons sem\u00e9 pour vous les biens spirituels, serait-il excessif de r\u00e9colter des biens mat\u00e9riels ? \u00bb.<\/p>\n<p>J\u00e9sus, dans l\u2019\u00c9vangile selon Saint Matthieu, nous dit que \u00ab l\u2019ouvrier m\u00e9rite son salaire \u00bb (Mt 10, 10). Cette contribution est \u00e0 la fois conforme au droit canonique et au droit civil. Le canon 222 \u00a7 1 dispose, en effet, que \u00ab les fid\u00e8les sont tenus par obligation de subvenir aux besoins de l\u2019\u00c9glise afin qu\u2019elle dispose de ce qui est n\u00e9cessaire au culte divin, aux oeuvres d\u2019apostolat\u00a0et de\u00a0charit\u00e9, \u00e0 l\u2019honn\u00eate subsistance de ses ministres. \u00bb<\/p>\n<p>Quant \u00e0 la loi du 9 d\u00e9cembre 1905, son article 18 pr\u00e9voit la cr\u00e9ation d\u2019associations pour subvenir aux frais, \u00e0 l\u2019entretien et \u00e0 l\u2019exercice du culte.<\/p>\n<\/div>\n<div class=\"fusion-title title fusion-title-size-three\">\n<h3 class=\"title-heading-left\">L\u00e9guer \u00e0 l\u2019\u00c9glise<\/h3>\n<\/div>\n<div class=\"fusion-text\">\n<p><strong><img decoding=\"async\" class=\"wp-image-18045 alignright\" src=\"https:\/\/chalons.catholique.fr\/wp-content\/uploads\/2018\/02\/leg-264x300.jpg\" alt=\"\" width=\"243\" height=\"276\" \/>L\u2019\u00c9glise doit transmettre les tr\u00e9sors de la foi chr\u00e9tienne aux nouvelles g\u00e9n\u00e9rations.<\/strong>Comment cela se fera-t-il demain ? Nul ne le sait et ne peut le dire aujourd\u2019hui. Les ressources des dioc\u00e8ses proviennent toute de la g\u00e9n\u00e9rosit\u00e9 des fid\u00e8les. L\u2019\u00c9glise ne b\u00e9n\u00e9ficie d\u2019aucune subvention publique. Transmettre la foi, assurer les sacrements, former des s\u00e9minaristes, financer la vie des pr\u00eatres jusque dans les maisons de retraite, assumer l\u2019entretien et la construction des \u00e9glises\u2026 repr\u00e9sentent une charge financi\u00e8re consid\u00e9rable. Le denier de l\u2019\u00c9glise pourvoit pour une part seulement \u00e0 ces charges. Les legs, donations, assurances vie permettent en particulier de financer des travaux et investissements structurels, mais soutiennent aussi le dynamisme de l\u2019\u00c9glise sur le plan pastoral. Ces legs sont l\u2019expression de la volont\u00e9 des donateurs de contribuer \u00e0 l\u2019avenir de leur \u00c9glise.<\/p>\n<p><b>Aujourd\u2019hui<\/b><strong>,<\/strong>\u00a0vous montrez votre attachement et votre soutien \u00e0 l\u2019\u00c9glise catholique en lui consacrant du temps, en contribuant au Denier de l\u2019\u00c9glise ou en versant des dons. Avec vous, l\u2019\u00c9glise s\u2019est engag\u00e9e r\u00e9solument dans le troisi\u00e8me mill\u00e9naire. Avec confiance et d\u00e9termination elle doit transmettre les tr\u00e9sors de la Foi chr\u00e9tienne aux nouvelles g\u00e9n\u00e9rations. Par votre testament, vous transmettez votre foi en la mission de l\u2019\u00c9glise. Vous t\u00e9moignez de votre responsabilit\u00e9 de chr\u00e9tien dans sa vie mat\u00e9rielle.<\/p>\n<p><strong>Demain,<\/strong>\u00a0vos proches, et les g\u00e9n\u00e9rations qui vous suivent, auront besoin d\u2019une \u00c9glise vivante et engag\u00e9e. A vous, en tant que chr\u00e9tien, de lui en donner les moyens. Gr\u00e2ce \u00e0 votre legs, m\u00eame modeste, c\u2019est l\u2019avenir de l\u2019\u00c9glise catholique que vous contribuez \u00e0 assurer. Les legs, donations et assurances-vie \u00e0 l\u2019\u00c9glise sont exon\u00e9r\u00e9s de tout droit de succession.<\/p>\n<p><strong>Aujourd\u2019hui, vous montrez votre attachement et votre soutien \u00e0 l\u2019\u00c9glise catholique<\/strong>\u00a0en lui consacrant du temps, en contribuant au Denier de l\u2019\u00c9glise ou en versant des dons. Avec vous, l\u2019\u00c9glise s\u2019est engag\u00e9e r\u00e9solument dans le troisi\u00e8me mill\u00e9naire. Avec confiance et d\u00e9termination elle doit transmettre les tr\u00e9sors de la Foi chr\u00e9tienne aux nouvelles g\u00e9n\u00e9rations. Par votre testament, vous transmettez votre foi en la mission de l\u2019\u00c9glise. Vous t\u00e9moignez de votre responsabilit\u00e9 de chr\u00e9tien dans sa vie mat\u00e9rielle. Demain, vos proches, et les g\u00e9n\u00e9rations qui vous suivent, auront besoin d\u2019une \u00c9glise vivante et engag\u00e9e. A vous, en tant que chr\u00e9tien, de lui en donner les moyens. Gr\u00e2ce \u00e0 votre legs, m\u00eame modeste, c\u2019est l\u2019avenir de l\u2019\u00c9glise catholique que vous contribuez \u00e0 assurer. Les legs, donations et assurances-vie \u00e0 l\u2019\u00c9glise sont exon\u00e9r\u00e9s de tout droit de succession.<\/p>\n<\/div>\n<div class=\"fusion-title title fusion-title-size-three\">\n<h3 class=\"title-heading-left\">Qu\u00eate<\/h3>\n<\/div>\n<div class=\"fusion-text\">\n<p>Offrande faite au cours des\u00a0messes\u00a0par les fid\u00e8les. La plupart des qu\u00eates du dimanche restent \u00e0 la propri\u00e9t\u00e9 de la\u00a0paroisse\u00a0et servent \u00e0 couvrir ses d\u00e9penses (chauffage, personnel, entretien, activit\u00e9s\u2026) Certains dimanches, la qu\u00eate est r\u00e9serv\u00e9e \u00e0 un emploi sp\u00e9cial : partage avec d\u2019autres \u00c9glises, oeuvres caritatives\u2026 C\u2019est avec le denier de l\u2019\u00c9glise, le casuel et les offrandes de messes l\u2019une des ressources d\u2019un dioc\u00e8se.<\/p>\n<\/div>\n<div class=\"fusion-title title fusion-title-size-three\">\n<h3 class=\"title-heading-left\">Casuel<\/h3>\n<\/div>\n<div class=\"fusion-text\">\n<p>Offrandes faites \u00e0 l\u2019occasion des bapt\u00eames, mariages et s\u00e9pultures. C\u2019est avec le denier de l\u2019\u00c9glise, les qu\u00eates et les offrandes de messes l\u2019une des ressources d\u2019un dioc\u00e8se.<\/p>\n<\/div>\n<\/div><\/div><\/div><\/div><\/div>\n","protected":false},"excerpt":{"rendered":"","protected":false},"author":159,"featured_media":0,"parent":0,"menu_order":0,"comment_status":"closed","ping_status":"closed","template":"","meta":{"xn-wppe-expiration":[],"xn-wppe-expiration-action":[],"xn-wppe-expiration-prefix":[],"footnotes":""},"_links":{"self":[{"href":"https:\/\/chalons.catholique.fr\/paroissedesmothees\/wp-json\/wp\/v2\/pages\/648"}],"collection":[{"href":"https:\/\/chalons.catholique.fr\/paroissedesmothees\/wp-json\/wp\/v2\/pages"}],"about":[{"href":"https:\/\/chalons.catholique.fr\/paroissedesmothees\/wp-json\/wp\/v2\/types\/page"}],"author":[{"embeddable":true,"href":"https:\/\/chalons.catholique.fr\/paroissedesmothees\/wp-json\/wp\/v2\/users\/159"}],"replies":[{"embeddable":true,"href":"https:\/\/chalons.catholique.fr\/paroissedesmothees\/wp-json\/wp\/v2\/comments?post=648"}],"version-history":[{"count":0,"href":"https:\/\/chalons.catholique.fr\/paroissedesmothees\/wp-json\/wp\/v2\/pages\/648\/revisions"}],"wp:attachment":[{"href":"https:\/\/chalons.catholique.fr\/paroissedesmothees\/wp-json\/wp\/v2\/media?parent=648"}],"curies":[{"name":"wp","href":"https:\/\/api.w.org\/{rel}","templated":true}]}}

Denier de l&rsquo;église

<div class="fusion-fullwidth fullwidth-box fusion-builder-row-1 fusion-flex-container nonhundred-percent-fullwidth non-hundred-percent-height-scrolling" style="--awb-border-radius-top-left:0px;--awb-border-radius-top-right:0px;--awb-border-radius-bottom-right:0px;--awb-border-radius-bottom-left:0px;--awb-flex-wrap:wrap;" ><div class="fusion-builder-row fusion-row fusion-flex-align-items-flex-start fusion-flex-content-wrap" style="max-width:1206.4px;margin-left: calc(-4% / 2 );margin-right: calc(-4% / 2 );"><div class="fusion-layout-column fusion_builder_column fusion-builder-column-0 fusion_builder_column_1_1 1_1 fusion-flex-column" style="--awb-bg-size:cover;--awb-width-large:100%;--awb-margin-top-large:0px;--awb-spacing-right-large:1.92%;--awb-margin-bottom-large:0px;--awb-spacing-left-large:1.92%;--awb-width-medium:100%;--awb-spacing-right-medium:1.92%;--awb-spacing-left-medium:1.92%;--awb-width-small:100%;--awb-spacing-right-small:1.92%;--awb-spacing-left-small:1.92%;"><div class="fusion-column-wrapper fusion-flex-justify-content-flex-start fusion-content-layout-column"><div class="fusion-text fusion-text-1"><h3 class="title-heading-left">Pour tout renseignement :</h3>
<div class="fusion-text">
<blockquote>
<p>Association diocésaine, Service collecte<br />20 rue de l’Abbé Pierre Gillet, 51038 Châlons en Champagne<br />Tel : 03 26 68 98 81 / denier@chalons.catholique.fr</p>
</blockquote>
</div>
<h3 class="title-heading-left">Don par CB</h3>
<div class="fusion-button-wrapper fusion-aligncenter"><a class="fusion-button button-3d fusion-button-square button-medium button-custom button-1" href="https://don.mondenier.com/chalons/52/~mon-don?_cv=1" target="_blank" rel="noopener noreferrer"><i class=" fa fa-credit-card"></i><strong><span class="fusion-button-text fusion-button-text-left">DON EN LIGNE : CLIQUEZ ICI</span></strong></a></div>
<p><em>Vous pouvez aussi faire un don par chèque à l’ordre de “Association diocésaine de Châlons” et l’envoyer à l’adresse ci-contre.</em></p>
<div class="fusion-title title fusion-title-size-three">
<h3 class="title-heading-left">Le denier de l’Église</h3>
<div class="title-sep-container">
<div class="title-sep sep-single sep-solid"><img decoding="async" class="alignleft size-medium wp-image-415587" src="http://eglise.catholique.fr/wp-content/uploads/sites/2/2016/02/le-Denier_RVB-230x300.jpg" alt="Impression" width="230" height="300" /></div>
</div>
</div>
<div class="fusion-text">
<p>Créé par l’Église catholique en France après la séparation de l’Église et de l’État en 1905, le « denier du <a class="glossary-term" title="Corps constitué par les ministres ordonnés et institués." href="http://eglise.catholique.fr/glossaire/clerge">clergé</a> » a été institué pour permettre le traitement des prêtres qui était jusqu’alors pris en charge par l’État. L’État ne peut plus subventionner les cultes. Ce traitement continue d’être pris en charge en Alsace-Moselle.</p>
<p>Cette collecte auprès des fidèles s’est ensuite appelée « denier du culte », terme qui est encore souvent employé, puis est devenue, depuis 1989, le « denier de l’Église ».</p>
<p>Le terme de « denier » est un peu désuet, mais les catholiques tiennent à le conserver, car le Denier n’est pas un don comme un autre. Il ne fait pas appel à la générosité, mais plutôt à un sentiment d’appartenance ou de fidélité envers l’Église, pour que ceux qui sont plus spécialement en charge d’annoncer l’<a class="glossary-term" title="Nouvelle du salut annoncée aux hommes par Jésus." href="http://eglise.catholique.fr/glossaire/evangile">Evangile</a> et de faire vivre l’Église, aient une juste rémunération. Le Denier est un don volontaire, il n’y a pas de tarif ! Chacun donne en conscience selon ses possibilités.</p>
<p><strong>A quoi sert le Denier ? <img decoding="async" class=" size-medium wp-image-415594 alignright" src="http://eglise.catholique.fr/wp-content/uploads/sites/2/2016/02/Denier-300x146.jpg" alt="Denier" width="300" height="146" /><br /></strong></p>
<p>Le Denier n’est pas suffisant et il ne couvre qu’une partie importante des charges. Les diocèses, les paroisses et les prêtres ont d’autres ressources, principalement les quêtes, les offrandes de cérémonies et les offrandes de messes, les legs et donations. C’est l’ensemble de ces recettes qui permet financer l’ensemble des besoins pastoraux de l’Église.</p>
<p>Mais le Denier en constitue la part la plus importante dans la quasi-totalité des diocèses. Il importe donc de faire savoir aux donateurs du denier de l’Église l’utilisation privilégiée de leur don : traitement, charges sociales, formation, logement et frais pour les prêtres et pour les laïcs en mission.</p>
<p><strong><img decoding="async" class="alignleft size-full wp-image-415595" src="http://eglise.catholique.fr/wp-content/uploads/sites/2/2016/02/picto_missel.jpg" alt="picto_missel" width="83" height="107" />La dimension chrétienne du Denier : son ancrage théologique</strong></p>
<p>La lecture attentive des Écritures nous rappelle la légitimité de nos sollicitations. Dans les Actes des Apôtres (Ac 11,27-30) : à Antioche, on annonce une famine à Jérusalem et les chrétiens décident de venir en aide aux frères de Jérusalem et de Judée. Ce sont Barnabé et Saul qui sont chargés de d’acheminer les dons récoltés. Il s’agit déjà d’une solidarité lointaine de la communauté chrétienne.</p>
<p>Saint Paul aux Galates 6-6 : « Que celui qui reçoit l’enseignement de la Parole fasse une part de tous ses biens en faveur de celui qui l’instruit ». Saint Paul toujours, dans la première Lettre aux Corinthiens (1 Co 9,10-14) nous dit : « si nous avons semé pour vous les biens spirituels, serait-il excessif de récolter des biens matériels ? ».</p>
<p>Jésus, dans l’Évangile selon Saint Matthieu, nous dit que « l’ouvrier mérite son salaire » (Mt 10, 10). Cette contribution est à la fois conforme au droit canonique et au droit civil. Le canon 222 § 1 dispose, en effet, que « les fidèles sont tenus par obligation de subvenir aux besoins de l’Église afin qu’elle dispose de ce qui est nécessaire au culte divin, aux oeuvres d’apostolat et de charité, à l’honnête subsistance de ses ministres. »</p>
<p>Quant à la loi du 9 décembre 1905, son article 18 prévoit la création d’associations pour subvenir aux frais, à l’entretien et à l’exercice du culte.</p>
</div>
<div class="fusion-title title fusion-title-size-three">
<h3 class="title-heading-left">Léguer à l’Église</h3>
</div>
<div class="fusion-text">
<p><strong><img decoding="async" class="wp-image-18045 alignright" src="https://chalons.catholique.fr/wp-content/uploads/2018/02/leg-264x300.jpg" alt="" width="243" height="276" />L’Église doit transmettre les trésors de la foi chrétienne aux nouvelles générations.</strong>Comment cela se fera-t-il demain ? Nul ne le sait et ne peut le dire aujourd’hui. Les ressources des diocèses proviennent toute de la générosité des fidèles. L’Église ne bénéficie d’aucune subvention publique. Transmettre la foi, assurer les sacrements, former des séminaristes, financer la vie des prêtres jusque dans les maisons de retraite, assumer l’entretien et la construction des églises… représentent une charge financière considérable. Le denier de l’Église pourvoit pour une part seulement à ces charges. Les legs, donations, assurances vie permettent en particulier de financer des travaux et investissements structurels, mais soutiennent aussi le dynamisme de l’Église sur le plan pastoral. Ces legs sont l’expression de la volonté des donateurs de contribuer à l’avenir de leur Église.</p>
<p><b>Aujourd’hui</b><strong>,</strong> vous montrez votre attachement et votre soutien à l’Église catholique en lui consacrant du temps, en contribuant au Denier de l’Église ou en versant des dons. Avec vous, l’Église s’est engagée résolument dans le troisième millénaire. Avec confiance et détermination elle doit transmettre les trésors de la Foi chrétienne aux nouvelles générations. Par votre testament, vous transmettez votre foi en la mission de l’Église. Vous témoignez de votre responsabilité de chrétien dans sa vie matérielle.</p>
<p><strong>Demain,</strong> vos proches, et les générations qui vous suivent, auront besoin d’une Église vivante et engagée. A vous, en tant que chrétien, de lui en donner les moyens. Grâce à votre legs, même modeste, c’est l’avenir de l’Église catholique que vous contribuez à assurer. Les legs, donations et assurances-vie à l’Église sont exonérés de tout droit de succession.</p>
<p><strong>Aujourd’hui, vous montrez votre attachement et votre soutien à l’Église catholique</strong> en lui consacrant du temps, en contribuant au Denier de l’Église ou en versant des dons. Avec vous, l’Église s’est engagée résolument dans le troisième millénaire. Avec confiance et détermination elle doit transmettre les trésors de la Foi chrétienne aux nouvelles générations. Par votre testament, vous transmettez votre foi en la mission de l’Église. Vous témoignez de votre responsabilité de chrétien dans sa vie matérielle. Demain, vos proches, et les générations qui vous suivent, auront besoin d’une Église vivante et engagée. A vous, en tant que chrétien, de lui en donner les moyens. Grâce à votre legs, même modeste, c’est l’avenir de l’Église catholique que vous contribuez à assurer. Les legs, donations et assurances-vie à l’Église sont exonérés de tout droit de succession.</p>
</div>
<div class="fusion-title title fusion-title-size-three">
<h3 class="title-heading-left">Quête</h3>
</div>
<div class="fusion-text">
<p>Offrande faite au cours des messes par les fidèles. La plupart des quêtes du dimanche restent à la propriété de la paroisse et servent à couvrir ses dépenses (chauffage, personnel, entretien, activités…) Certains dimanches, la quête est réservée à un emploi spécial : partage avec d’autres Églises, oeuvres caritatives… C’est avec le denier de l’Église, le casuel et les offrandes de messes l’une des ressources d’un diocèse.</p>
</div>
<div class="fusion-title title fusion-title-size-three">
<h3 class="title-heading-left">Casuel</h3>
</div>
<div class="fusion-text">
<p>Offrandes faites à l’occasion des baptêmes, mariages et sépultures. C’est avec le denier de l’Église, les quêtes et les offrandes de messes l’une des ressources d’un diocèse.</p>
</div>
</div></div></div></div></div>
