{"id":261,"date":"2017-10-26T15:48:01","date_gmt":"2017-10-26T14:48:01","guid":{"rendered":"http:\/\/chalons.catholique.fr\/saintfrancois3\/?page_id=261"},"modified":"2021-08-18T18:39:57","modified_gmt":"2021-08-18T17:39:57","slug":"celebrations","status":"publish","type":"page","link":"https:\/\/chalons.catholique.fr\/paroissedesmothees\/celebrations\/","title":{"rendered":"C\u00e9l\u00e9brations"},"content":{"rendered":"<p>Vous trouverez les horaires des messes dans le petit mot des Moth\u00e9es qui se trouve dans la page \u00ab\u00a0Bulletin Paroissial\u00a0\u00bb.<\/p>\n","protected":false},"excerpt":{"rendered":"<p>Vous trouverez les horaires des messes dans le petit mot des Moth\u00e9es qui se trouve dans la page \u00ab\u00a0Bulletin Paroissial\u00a0\u00bb.<\/p>\n","protected":false},"author":150,"featured_media":0,"parent":0,"menu_order":0,"comment_status":"closed","ping_status":"closed","template":"","meta":{"xn-wppe-expiration":[],"xn-wppe-expiration-action":[],"xn-wppe-expiration-prefix":[],"footnotes":""},"_links":{"self":[{"href":"https:\/\/chalons.catholique.fr\/paroissedesmothees\/wp-json\/wp\/v2\/pages\/261"}],"collection":[{"href":"https:\/\/chalons.catholique.fr\/paroissedesmothees\/wp-json\/wp\/v2\/pages"}],"about":[{"href":"https:\/\/chalons.catholique.fr\/paroissedesmothees\/wp-json\/wp\/v2\/types\/page"}],"author":[{"embeddable":true,"href":"https:\/\/chalons.catholique.fr\/paroissedesmothees\/wp-json\/wp\/v2\/users\/150"}],"replies":[{"embeddable":true,"href":"https:\/\/chalons.catholique.fr\/paroissedesmothees\/wp-json\/wp\/v2\/comments?post=261"}],"version-history":[{"count":0,"href":"https:\/\/chalons.catholique.fr\/paroissedesmothees\/wp-json\/wp\/v2\/pages\/261\/revisions"}],"wp:attachment":[{"href":"https:\/\/chalons.catholique.fr\/paroissedesmothees\/wp-json\/wp\/v2\/media?parent=261"}],"curies":[{"name":"wp","href":"https:\/\/api.w.org\/{rel}","templated":true}]}}