{"id":1208,"date":"2019-06-14T09:55:03","date_gmt":"2019-06-14T08:55:03","guid":{"rendered":"http:\/\/chalons.catholique.fr\/lepine\/?page_id=1208"},"modified":"2022-07-19T14:46:45","modified_gmt":"2022-07-19T13:46:45","slug":"infos-pratiques","status":"publish","type":"page","link":"https:\/\/chalons.catholique.fr\/lepine\/infos-pratiques\/","title":{"rendered":"Infos pratiques"},"content":{"rendered":"<div class=\"fusion-fullwidth fullwidth-box fusion-builder-row-1 fusion-parallax-fixed nonhundred-percent-fullwidth non-hundred-percent-height-scrolling\" style=\"--awb-border-radius-top-left:0px;--awb-border-radius-top-right:0px;--awb-border-radius-bottom-right:0px;--awb-border-radius-bottom-left:0px;--awb-padding-top:500px;--awb-background-image:url(&quot;https:\/\/chalons.catholique.fr\/lepine\/wp-content\/uploads\/sites\/5\/2019\/09\/header-demarche-spirituelle-e1575975628841.jpg&quot;);--awb-background-size:cover;--awb-flex-wrap:wrap;background-attachment:fixed;\" ><div class=\"fusion-builder-row fusion-row\"><\/div><\/div><div class=\"fusion-fullwidth fullwidth-box fusion-builder-row-2 nonhundred-percent-fullwidth non-hundred-percent-height-scrolling\" style=\"--awb-border-radius-top-left:0px;--awb-border-radius-top-right:0px;--awb-border-radius-bottom-right:0px;--awb-border-radius-bottom-left:0px;--awb-padding-top:20px;--awb-padding-bottom:50px;--awb-flex-wrap:wrap;\" ><div class=\"fusion-builder-row fusion-row\"><div class=\"fusion-layout-column fusion_builder_column fusion-builder-column-0 fusion_builder_column_2_3 2_3 fusion-two-third fusion-column-first\" style=\"--awb-bg-size:cover;--awb-margin-bottom:0px;width:65.3333%; margin-right: 4%;\"><div class=\"fusion-column-wrapper fusion-flex-column-wrapper-legacy\"><div class=\"fusion-title title fusion-title-1 fusion-sep-none fusion-title-rotating fusion-loop-on fusion-title-bounceIn fusion-title-size-three\"><h3 class=\"fusion-title-heading title-heading-left fusion-responsive-typography-calculated\" style=\"margin:0;--fontSize:18;--minFontSize:18;line-height:1.5;\"><span class=\"fusion-animated-text-prefix\"><\/span>  <span class=\"fusion-animated-text-postfix\"><\/span><\/h3><\/div><div class=\"fusion-title title fusion-title-2 fusion-sep-none fusion-title-text fusion-title-size-three\"><h3 class=\"fusion-title-heading title-heading-left fusion-responsive-typography-calculated\" style=\"margin:0;--fontSize:18;--minFontSize:18;line-height:1.5;\">Un lieu pour se retrouver<\/h3><\/div><div class=\"fusion-title title fusion-title-3 fusion-title-text fusion-title-size-four\"><h4 class=\"fusion-title-heading title-heading-left fusion-responsive-typography-calculated\" style=\"margin:0;--fontSize:15;--minFontSize:15;line-height:1.5;\"><p>Vous pouvez venir au sanctuaire Notre Dame de L&rsquo;\u00c9pine en p\u00e8lerinage, mais aussi simplement, pour faire br\u00fbler un cierge, offrir une messe, dialoguer, ou d\u00e9couvrir la richesse du lieu.<\/p>\n<p>N&rsquo;h\u00e9sitez pas \u00e0 d\u00e9poser sur ce site vos <a href=\"https:\/\/chalons.catholique.fr\/lepine\/services-a-distance\/\">intentions de pri\u00e8re<\/a>, et \u00e0 faire un don pour soutenir les projets du sanctuaire. Vous pouvez aussi nous faire part de votre d\u00e9sir de <a href=\"https:\/\/chalons.catholique.fr\/lepine\/venir-au-sanctuaire\/devenir-benevole\/\">devenir b\u00e9n\u00e9vole<\/a>.<\/p><\/h4><span class=\"awb-title-spacer\"><\/span><div class=\"title-sep-container\"><div class=\"title-sep sep-double sep-solid\" style=\"border-color:#e0dede;\"><\/div><\/div><\/div><div class=\"fusion-text fusion-text-1\"><p><span style=\"color: var(--body_typography-color); font-family: var(--body_typography-font-family); font-size: var(--body_typography-font-size); font-style: var(--body_typography-font-style,normal); font-weight: var(--body_typography-font-weight); letter-spacing: var(--body_typography-letter-spacing);\">Le sanctuaire Notre Dame de l&rsquo;\u00c9pine regroupe :<\/span><\/p>\n<ul>\n<li>La Basilique, haut lieu marnais de pri\u00e8res et de p\u00e8lerinage. C&rsquo;est aussi l&rsquo;\u00e9glise paroissiale de la commune de l&rsquo;\u00c9pine. La messe et les sacrements y sont habituellement c\u00e9l\u00e9br\u00e9es.<\/li>\n<li><a href=\"https:\/\/chalons.catholique.fr\/lepine\/les-salles\/\">La salle Odette Pr\u00e9vost<\/a>, salle de 400 m2 avec un point chaud et des sanitaires, pour accueillir les groupes de p\u00e8lerins et divers \u00e9v\u00e8nements religieux ou culturels.<\/li>\n<li><a href=\"https:\/\/chalons.catholique.fr\/lepine\/les-hebergements-du-sanctuaire\/\">La halte du p\u00e8lerin<\/a> permettant le couchage d&rsquo;une quarantaine de personnes en chambres doubles et dortoirs.<\/li>\n<li><a href=\"https:\/\/chalons.catholique.fr\/lepine\/la-boutique\/\">La boutique<\/a>, magasin du sanctuaire proposant des objets religieux et quelques produits locaux.<\/li>\n<li>La maison saint Jean, ancien presbyt\u00e8re avec un grand jardin, en attente d&rsquo; une communaut\u00e9 religieuse qui assurera l&rsquo;animation spirituelle et pastorale du site.<\/li>\n<\/ul>\n<p>Le sanctuaire, c&rsquo;est aussi une <a href=\"https:\/\/chalons.catholique.fr\/lepine\/venir-au-sanctuaire\/une-equipe-vous-accueille\/\">\u00e9quipe dynamique de b\u00e9n\u00e9voles<\/a> \u00e0 votre service.<\/p>\n<\/div><div class=\"fusion-clearfix\"><\/div><\/div><\/div><div class=\"fusion-layout-column fusion_builder_column fusion-builder-column-1 fusion_builder_column_1_3 1_3 fusion-one-third fusion-column-last\" style=\"--awb-padding-right:53px;--awb-padding-left:53px;--awb-bg-color:#ffffff;--awb-bg-color-hover:#ffffff;--awb-bg-size:cover;--awb-margin-top:70px;width:30.6666%;\"><div class=\"fusion-column-wrapper fusion-column-has-shadow fusion-flex-column-wrapper-legacy\"><div class=\"fusion-sep-clear\"><\/div><div class=\"fusion-separator fusion-full-width-sep\" style=\"margin-left: auto;margin-right: auto;margin-top:10px;width:100%;\"><\/div><div class=\"fusion-sep-clear\"><\/div><div class=\"fusion-align-block\"><a class=\"fusion-button button-flat fusion-button-default-size button-custom fusion-button-default button-1 fusion-button-span-yes fusion-button-default-type\" style=\"--button_accent_color:#ffffff;--button_border_color:#ffffff;--button_accent_hover_color:#000000;--button_border_hover_color:#000000;--button_gradient_top_color:#0091e5;--button_gradient_bottom_color:#0091e5;--button_gradient_top_color_hover:#0091e5;--button_gradient_bottom_color_hover:#0091e5;--button_text_transform:none;\" target=\"_self\" href=\"https:\/\/chalons.catholique.fr\/lepine\/venir-au-sanctuaire\/une-equipe-vous-accueille\/\"><span class=\"fusion-button-text\">Une \u00e9quipe vous accueille<\/span><\/a><\/div><div class=\"fusion-sep-clear\"><\/div><div class=\"fusion-separator fusion-full-width-sep\" style=\"margin-left: auto;margin-right: auto;margin-top:10px;width:100%;\"><\/div><div class=\"fusion-sep-clear\"><\/div><div class=\"fusion-align-block\"><a class=\"fusion-button button-flat fusion-button-default-size button-custom fusion-button-default button-2 fusion-button-span-yes fusion-button-default-type\" style=\"--button_accent_color:#ffffff;--button_border_color:#ffffff;--button_accent_hover_color:#000000;--button_border_hover_color:#000000;--button_gradient_top_color:#0091e5;--button_gradient_bottom_color:#0091e5;--button_gradient_top_color_hover:#0091e5;--button_gradient_bottom_color_hover:#0091e5;--button_text_transform:none;\" target=\"_self\" href=\"https:\/\/chalons.catholique.fr\/lepine\/horaires\/\"><span class=\"fusion-button-text\">Les horaires du sanctuaire<\/span><\/a><\/div><div class=\"fusion-sep-clear\"><\/div><div class=\"fusion-separator fusion-full-width-sep\" style=\"margin-left: auto;margin-right: auto;margin-top:10px;width:100%;\"><\/div><div class=\"fusion-sep-clear\"><\/div><div class=\"fusion-align-block\"><a class=\"fusion-button button-flat fusion-button-default-size button-custom fusion-button-default button-3 fusion-button-span-yes fusion-button-default-type\" style=\"--button_accent_color:#ffffff;--button_border_color:#ffffff;--button_accent_hover_color:#000000;--button_border_hover_color:#000000;--button_gradient_top_color:#0091e5;--button_gradient_bottom_color:#0091e5;--button_gradient_top_color_hover:#0091e5;--button_gradient_bottom_color_hover:#0091e5;--button_text_transform:none;\" target=\"_self\" href=\"https:\/\/chalons.catholique.fr\/lepine\/les-hebergements-du-sanctuaire\/\"><span class=\"fusion-button-text\">L&rsquo;h\u00f4tellerie du sanctuaire<\/span><\/a><\/div><div class=\"fusion-sep-clear\"><\/div><div class=\"fusion-separator fusion-full-width-sep\" style=\"margin-left: auto;margin-right: auto;margin-top:10px;width:100%;\"><\/div><div class=\"fusion-sep-clear\"><\/div><div class=\"fusion-align-block\"><a class=\"fusion-button button-flat fusion-button-default-size button-custom fusion-button-default button-4 fusion-button-span-yes fusion-button-default-type\" style=\"--button_accent_color:#ffffff;--button_border_color:#ffffff;--button_accent_hover_color:#000000;--button_border_hover_color:#000000;--button_gradient_top_color:#0091e5;--button_gradient_bottom_color:#0091e5;--button_gradient_top_color_hover:#0091e5;--button_gradient_bottom_color_hover:#0091e5;--button_text_transform:none;\" target=\"_self\" href=\"https:\/\/chalons.catholique.fr\/lepine\/les-salles\/\"><span class=\"fusion-button-text\">R\u00e9union \/ R\u00e9ception<\/span><\/a><\/div><div class=\"fusion-sep-clear\"><\/div><div class=\"fusion-separator fusion-full-width-sep\" style=\"margin-left: auto;margin-right: auto;margin-top:10px;width:100%;\"><\/div><div class=\"fusion-sep-clear\"><\/div><div class=\"fusion-align-block\"><a class=\"fusion-button button-flat fusion-button-default-size button-custom fusion-button-default button-5 fusion-button-span-yes fusion-button-default-type\" style=\"--button_accent_color:#ffffff;--button_border_color:#ffffff;--button_accent_hover_color:#000000;--button_border_hover_color:#000000;--button_gradient_top_color:#0091e5;--button_gradient_bottom_color:#0091e5;--button_gradient_top_color_hover:#0091e5;--button_gradient_bottom_color_hover:#0091e5;--button_text_transform:none;\" target=\"_self\" href=\"https:\/\/chalons.catholique.fr\/lepine\/la-boutique\/\"><span class=\"fusion-button-text\">La boutique<\/span><\/a><\/div><div class=\"fusion-sep-clear\"><\/div><div class=\"fusion-separator fusion-full-width-sep\" style=\"margin-left: auto;margin-right: auto;margin-top:10px;width:100%;\"><\/div><div class=\"fusion-sep-clear\"><\/div><div class=\"fusion-align-block\"><a class=\"fusion-button button-flat fusion-button-default-size button-custom fusion-button-default button-6 fusion-button-span-yes fusion-button-default-type\" style=\"--button_accent_color:#ffffff;--button_border_color:#ffffff;--button_accent_hover_color:#000000;--button_border_hover_color:#000000;--button_gradient_top_color:#0091e5;--button_gradient_bottom_color:#0091e5;--button_gradient_top_color_hover:#0091e5;--button_gradient_bottom_color_hover:#0091e5;--button_text_transform:none;\" target=\"_self\" href=\"https:\/\/chalons.catholique.fr\/lepine\/venir-au-sanctuaire\/devenir-benevole\/\"><span class=\"fusion-button-text\">Devenir b\u00e9n\u00e9vole<\/span><\/a><\/div><div class=\"fusion-clearfix\"><\/div><\/div><\/div><\/div><\/div>\n","protected":false},"excerpt":{"rendered":"","protected":false},"author":158,"featured_media":0,"parent":0,"menu_order":0,"comment_status":"closed","ping_status":"closed","template":"","meta":{"xn-wppe-expiration":[],"xn-wppe-expiration-action":[],"xn-wppe-expiration-prefix":[],"footnotes":""},"_links":{"self":[{"href":"https:\/\/chalons.catholique.fr\/lepine\/wp-json\/wp\/v2\/pages\/1208"}],"collection":[{"href":"https:\/\/chalons.catholique.fr\/lepine\/wp-json\/wp\/v2\/pages"}],"about":[{"href":"https:\/\/chalons.catholique.fr\/lepine\/wp-json\/wp\/v2\/types\/page"}],"author":[{"embeddable":true,"href":"https:\/\/chalons.catholique.fr\/lepine\/wp-json\/wp\/v2\/users\/158"}],"replies":[{"embeddable":true,"href":"https:\/\/chalons.catholique.fr\/lepine\/wp-json\/wp\/v2\/comments?post=1208"}],"version-history":[{"count":0,"href":"https:\/\/chalons.catholique.fr\/lepine\/wp-json\/wp\/v2\/pages\/1208\/revisions"}],"wp:attachment":[{"href":"https:\/\/chalons.catholique.fr\/lepine\/wp-json\/wp\/v2\/media?parent=1208"}],"curies":[{"name":"wp","href":"https:\/\/api.w.org\/{rel}","templated":true}]}}