{"id":12478,"date":"2020-11-30T11:03:44","date_gmt":"2020-11-30T10:03:44","guid":{"rendered":"https:\/\/chalons.catholique.fr\/hospitalite\/?page_id=12478"},"modified":"2025-12-23T11:51:35","modified_gmt":"2025-12-23T10:51:35","slug":"mise-en-platique","status":"publish","type":"page","link":"https:\/\/chalons.catholique.fr\/hospitalite\/mise-en-platique\/","title":{"rendered":"Mise en pratique"},"content":{"rendered":"<div class=\"fusion-fullwidth fullwidth-box fusion-builder-row-1 nonhundred-percent-fullwidth non-hundred-percent-height-scrolling\" style=\"--awb-border-radius-top-left:0px;--awb-border-radius-top-right:0px;--awb-border-radius-bottom-right:0px;--awb-border-radius-bottom-left:0px;--awb-margin-top:0px;--awb-margin-bottom:0px;--awb-flex-wrap:wrap;\" ><div class=\"fusion-builder-row fusion-row\"><div class=\"fusion-layout-column fusion_builder_column fusion-builder-column-0 fusion_builder_column_1_1 1_1 fusion-one-full fusion-column-first fusion-column-last\" style=\"--awb-bg-size:cover;\"><div class=\"fusion-column-wrapper fusion-column-has-shadow fusion-flex-column-wrapper-legacy\"><div class=\"fusion-text fusion-text-1\"><h1 style=\"font-size: 32px; color: rgb(0, 78, 107); --fontSize: 32; line-height: 1.45;\" data-fusion-font=\"true\" data-fontsize=\"32\" data-lineheight=\"46.4px\" class=\"fusion-responsive-typography-calculated\"><u>Mise en pratique<\/u><\/h1>\n<\/div><div class=\"fusion-clearfix\"><\/div><\/div><\/div><div class=\"fusion-layout-column fusion_builder_column fusion-builder-column-1 fusion_builder_column_1_1 1_1 fusion-one-full fusion-column-first fusion-column-last\" style=\"--awb-bg-size:cover;\"><div class=\"fusion-column-wrapper fusion-column-has-shadow fusion-flex-column-wrapper-legacy\"><div class=\"fusion-image-element fusion-image-align-center in-legacy-container\" style=\"text-align:center;--awb-aspect-ratio:21 \/ 9;--awb-object-position:47% 6%;--awb-margin-bottom:50px;--awb-caption-title-font-family:var(--h2_typography-font-family);--awb-caption-title-font-weight:var(--h2_typography-font-weight);--awb-caption-title-font-style:var(--h2_typography-font-style);--awb-caption-title-size:var(--h2_typography-font-size);--awb-caption-title-transform:var(--h2_typography-text-transform);--awb-caption-title-line-height:var(--h2_typography-line-height);--awb-caption-title-letter-spacing:var(--h2_typography-letter-spacing);\"><div class=\"imageframe-align-center\"><span class=\" fusion-imageframe imageframe-none imageframe-1 hover-type-none has-aspect-ratio\"><img decoding=\"async\" width=\"3648\" height=\"2736\" title=\"Lourdes 2011_debut celebration eucharistique\" src=\"https:\/\/chalons.catholique.fr\/hospitalite\/wp-content\/uploads\/sites\/31\/2017\/02\/Lourdes-2011_debut-celebration-eucharistique.jpg\" class=\"img-responsive wp-image-11913 img-with-aspect-ratio\" alt srcset=\"https:\/\/chalons.catholique.fr\/hospitalite\/wp-content\/uploads\/sites\/31\/2017\/02\/Lourdes-2011_debut-celebration-eucharistique-200x150.jpg 200w, https:\/\/chalons.catholique.fr\/hospitalite\/wp-content\/uploads\/sites\/31\/2017\/02\/Lourdes-2011_debut-celebration-eucharistique-400x300.jpg 400w, https:\/\/chalons.catholique.fr\/hospitalite\/wp-content\/uploads\/sites\/31\/2017\/02\/Lourdes-2011_debut-celebration-eucharistique-600x450.jpg 600w, https:\/\/chalons.catholique.fr\/hospitalite\/wp-content\/uploads\/sites\/31\/2017\/02\/Lourdes-2011_debut-celebration-eucharistique-800x600.jpg 800w, https:\/\/chalons.catholique.fr\/hospitalite\/wp-content\/uploads\/sites\/31\/2017\/02\/Lourdes-2011_debut-celebration-eucharistique-1200x900.jpg 1200w, https:\/\/chalons.catholique.fr\/hospitalite\/wp-content\/uploads\/sites\/31\/2017\/02\/Lourdes-2011_debut-celebration-eucharistique.jpg 3648w\" sizes=\"(max-width: 800px) 100vw, 3648px\" \/><\/span><\/div><\/div><div class=\"fusion-text fusion-text-2\" style=\"--awb-line-height:1.2;\"><p style=\"font-size: 16px\" data-fusion-font=\"true\"><span style=\"color: rgb(0, 78, 107);\"><b>Le brancardage<\/b><\/span> consiste en l\u2019accompagnement des malades dans tous leurs d\u00e9placements quotidiens, du lever au coucher. Mais, cependant, la plupart de nos malades se d\u00e9place seuls dans l\u2019enceinte de l\u2019Accueil Marie Saint-Frai (toujours sous l\u2019\u0153il des hospitaliers et hospitali\u00e8res). Le brancardage est donc le plus important pour accompagner les p\u00e8lerins malades aux diff\u00e9rentes c\u00e9l\u00e9brations.<\/p>\n<p style=\"font-size: 16px; color: rgb(0, 78, 107);\" data-fusion-font=\"true\"><b>Diff\u00e9rents mat\u00e9riels sont utilis\u00e9s en fonction de l\u2019\u00e9tat de sant\u00e9 du p\u00e8lerin malade :<\/b><\/p>\n<\/div><div class=\"fusion-clearfix\"><\/div><\/div><\/div><\/div><\/div><div class=\"fusion-fullwidth fullwidth-box fusion-builder-row-2 fusion-flex-container nonhundred-percent-fullwidth non-hundred-percent-height-scrolling\" style=\"--awb-border-radius-top-left:0px;--awb-border-radius-top-right:0px;--awb-border-radius-bottom-right:0px;--awb-border-radius-bottom-left:0px;--awb-flex-wrap:wrap;\" ><div class=\"fusion-builder-row fusion-row fusion-flex-align-items-flex-start fusion-flex-content-wrap\" style=\"max-width:1289.6px;margin-left: calc(-4% \/ 2 );margin-right: calc(-4% \/ 2 );\"><div class=\"fusion-layout-column fusion_builder_column fusion-builder-column-2 fusion_builder_column_1_1 1_1 fusion-flex-column\" style=\"--awb-bg-size:cover;--awb-width-large:100%;--awb-margin-top-large:0px;--awb-spacing-right-large:1.92%;--awb-margin-bottom-large:20px;--awb-spacing-left-large:1.92%;--awb-width-medium:100%;--awb-order-medium:0;--awb-spacing-right-medium:1.92%;--awb-spacing-left-medium:1.92%;--awb-width-small:100%;--awb-order-small:0;--awb-spacing-right-small:1.92%;--awb-spacing-left-small:1.92%;\"><div class=\"fusion-column-wrapper fusion-column-has-shadow fusion-flex-justify-content-flex-start fusion-content-layout-column\"><div class=\"fusion-tabs fusion-tabs-1 classic vertical-tabs icon-position-left mobile-mode-accordion\" style=\"--awb-title-border-radius-top-left:0px;--awb-title-border-radius-top-right:0px;--awb-title-border-radius-bottom-right:0px;--awb-title-border-radius-bottom-left:0px;--awb-inactive-color:#f1f2f2;--awb-background-color:#ffffff;--awb-border-color:#ebeaea;--awb-active-border-color:#1a80b6;\"><div class=\"nav\"><ul class=\"nav-tabs\" role=\"tablist\"><li class=\"active\" role=\"presentation\"><a class=\"tab-link\" data-toggle=\"tab\" role=\"tab\" aria-controls=\"tab-db71f1aa1aa07d78007\" aria-selected=\"true\" id=\"fusion-tab-lachaisebleue\" href=\"#tab-db71f1aa1aa07d78007\"><h4 class=\"fusion-tab-heading\"><i class=\"fontawesome-icon fa-angle-right fas\" aria-hidden=\"true\" style=\"font-size:13px;\"><\/i>La chaise bleue<\/h4><\/a><\/li><li role=\"presentation\"><a class=\"tab-link\" data-toggle=\"tab\" role=\"tab\" aria-controls=\"tab-2521de889a2fc8d5731\" aria-selected=\"false\" tabindex=\"-1\" id=\"fusion-tab-lesfauteuilsroulantsappel\u00e9s\u00ablesm\u00e9caniques\u00bb\" href=\"#tab-2521de889a2fc8d5731\"><h4 class=\"fusion-tab-heading\"><i class=\"fontawesome-icon fa-angle-right fas\" aria-hidden=\"true\" style=\"font-size:13px;\"><\/i>Les fauteuils roulants appel\u00e9s \u00ab les m\u00e9caniques \u00bb<\/h4><\/a><\/li><li role=\"presentation\"><a class=\"tab-link\" data-toggle=\"tab\" role=\"tab\" aria-controls=\"tab-d00acb80cfefad9e81e\" aria-selected=\"false\" tabindex=\"-1\" id=\"fusion-tab-lesbrancardsetlestringlots\u00bb\" href=\"#tab-d00acb80cfefad9e81e\"><h4 class=\"fusion-tab-heading\"><i class=\"fontawesome-icon fa-angle-right fas\" aria-hidden=\"true\" style=\"font-size:13px;\"><\/i>Les brancards et les tringlots \u00bb <\/h4><\/a><\/li><li role=\"presentation\"><a class=\"tab-link\" data-toggle=\"tab\" role=\"tab\" aria-controls=\"tab-b6cd06b71c5e6eaf137\" aria-selected=\"false\" tabindex=\"-1\" id=\"fusion-tab-lesvoiturettesbleues\" href=\"#tab-b6cd06b71c5e6eaf137\"><h4 class=\"fusion-tab-heading\"><i class=\"fontawesome-icon fa-angle-right fas\" aria-hidden=\"true\" style=\"font-size:13px;\"><\/i>Les voiturettes bleues<\/h4><\/a><\/li><\/ul><\/div><div class=\"tab-content\"><div class=\"nav fusion-mobile-tab-nav\"><ul class=\"nav-tabs\" role=\"tablist\"><li class=\"active\" role=\"presentation\"><a class=\"tab-link\" data-toggle=\"tab\" role=\"tab\" aria-controls=\"tab-db71f1aa1aa07d78007\" aria-selected=\"true\" id=\"mobile-fusion-tab-lachaisebleue\" href=\"#tab-db71f1aa1aa07d78007\"><h4 class=\"fusion-tab-heading\"><i class=\"fontawesome-icon fa-angle-right fas\" aria-hidden=\"true\" style=\"font-size:13px;\"><\/i>La chaise bleue<\/h4><\/a><\/li><\/ul><\/div><div class=\"tab-pane fade fusion-clearfix in active\" role=\"tabpanel\" tabindex=\"0\" aria-labelledby=\"fusion-tab-lachaisebleue\" id=\"tab-db71f1aa1aa07d78007\">\n<p><u><img decoding=\"async\" class=\"alignnone size-full wp-image-12480\" src=\"https:\/\/chalons.catholique.fr\/hospitalite\/wp-content\/uploads\/sites\/31\/2020\/11\/brancardage-1.jpg\" alt=\"\" width=\"128\" height=\"150\" \/><\/u><\/p>\n<ul>\n<li><u>Utilisation<\/u>: elle est utilis\u00e9e pour le transfert des personnes \u00e0 mobilit\u00e9 r\u00e9duite sur des petites distances : pour la mont\u00e9e ou la descente dans le TGV, de la chambre \u00e0 la salle \u00e0 manger ou pour descendre au rez-de-chauss\u00e9e de l\u2019accueil lors des d\u00e9parts aux c\u00e9r\u00e9monies.<\/li>\n<\/ul>\n<ul>\n<li><u>Mode d\u2019emploi<\/u>: asseoir la personne sur la chaise et veiller \u00e0 ce que ses pieds soient bien dispos\u00e9s sur le marchepied. S\u2019assurer que les bras de la personne ne pendent par sur le c\u00f4t\u00e9.<\/li>\n<\/ul>\n<p style=\"padding-left: 40px\">Appuyer avec le pied sur la languette situ\u00e9e entre les deux roues en basculant l\u00e9g\u00e8rement la chaise en arri\u00e8re. Ne pas oublier de pr\u00e9venir la personne au moment de basculer.<\/p>\n<p style=\"padding-left: 40px\">Se d\u00e9placer toujours en marche avant. A l\u2019arriv\u00e9e, reposer doucement la chaise sans \u00e0-coup.<\/p>\n<p style=\"padding-left: 40px\">Lors de chaque mouvement, mettre une main sur l\u2019\u00e9paule du malade.<\/p>\n<\/div><div class=\"nav fusion-mobile-tab-nav\"><ul class=\"nav-tabs\" role=\"tablist\"><li role=\"presentation\"><a class=\"tab-link\" data-toggle=\"tab\" role=\"tab\" aria-controls=\"tab-2521de889a2fc8d5731\" aria-selected=\"false\" tabindex=\"-1\" id=\"mobile-fusion-tab-lesfauteuilsroulantsappel\u00e9s\u00ablesm\u00e9caniques\u00bb\" href=\"#tab-2521de889a2fc8d5731\"><h4 class=\"fusion-tab-heading\"><i class=\"fontawesome-icon fa-angle-right fas\" aria-hidden=\"true\" style=\"font-size:13px;\"><\/i>Les fauteuils roulants appel\u00e9s \u00ab les m\u00e9caniques \u00bb<\/h4><\/a><\/li><\/ul><\/div><div class=\"tab-pane fade fusion-clearfix\" role=\"tabpanel\" tabindex=\"0\" aria-labelledby=\"fusion-tab-lesfauteuilsroulantsappel\u00e9s\u00ablesm\u00e9caniques\u00bb\" id=\"tab-2521de889a2fc8d5731\">\n<ul>\n<li><u>Utilisation<\/u>: il est souvent la propri\u00e9t\u00e9 du p\u00e8lerin malade et est adapt\u00e9 ou am\u00e9nag\u00e9 selon son handicap. D\u2019autres fauteuils sont lou\u00e9s \u00e0 l\u2019accueil Marie Saint-Frai. Il est utilis\u00e9 pour se d\u00e9placer entre la chambre et les parties communes mais il peut \u00e9galement \u00eatre utilis\u00e9 en ville ou dans les sanctuaires.<\/li>\n<li><u>Mode d\u2019emploi<\/u>: pour franchir un obstacle, comme un trottoir, mettre le fauteuil en marche arri\u00e8re et basculer celui-ci l\u00e9g\u00e8rement en pr\u00e9venant la personne.<\/li>\n<\/ul>\n<p><strong>Ne pas oublier de serrer les freins quand la personne est install\u00e9e pour une c\u00e9r\u00e9monie.<\/strong><\/p>\n<\/div><div class=\"nav fusion-mobile-tab-nav\"><ul class=\"nav-tabs\" role=\"tablist\"><li role=\"presentation\"><a class=\"tab-link\" data-toggle=\"tab\" role=\"tab\" aria-controls=\"tab-d00acb80cfefad9e81e\" aria-selected=\"false\" tabindex=\"-1\" id=\"mobile-fusion-tab-lesbrancardsetlestringlots\u00bb\" href=\"#tab-d00acb80cfefad9e81e\"><h4 class=\"fusion-tab-heading\"><i class=\"fontawesome-icon fa-angle-right fas\" aria-hidden=\"true\" style=\"font-size:13px;\"><\/i>Les brancards et les tringlots \u00bb <\/h4><\/a><\/li><\/ul><\/div><div class=\"tab-pane fade fusion-clearfix\" role=\"tabpanel\" tabindex=\"0\" aria-labelledby=\"fusion-tab-lesbrancardsetlestringlots\u00bb\" id=\"tab-d00acb80cfefad9e81e\">\n<ul>\n<li><u>Utilisation<\/u>: c\u2019est le moyen de transport utilis\u00e9 pour les p\u00e8lerins accompagn\u00e9s devant rester en position couch\u00e9e. Le malade est install\u00e9 sur le brancard qui sera pos\u00e9 et attach\u00e9 sur le tringlot. Pour des raisons de s\u00e9curit\u00e9, des sangles permettent d\u2019attacher le malade. Des couvertures ainsi que des b\u00e2ches imperm\u00e9ables permettent d\u2019abriter le p\u00e8lerin ainsi qu\u2019un arceau destin\u00e9 \u00e0 prot\u00e9ger la t\u00eate.<\/li>\n<li><u>Mode d\u2019emploi<\/u>: deux personnes sont n\u00e9cessaires pour installer le malade et conduire ce brancard.<\/li>\n<\/ul>\n<p style=\"padding-left: 40px\">Les tringlots disposent de deux roues directrices \u00e0 l\u2019avant.<\/p>\n<p style=\"padding-left: 40px\">Ils doivent toujours \u00eatre conduits avec les roues directrices \u00e0 l\u2019avant.<\/p>\n<p style=\"padding-left: 40px\">Il faut penser \u00e0 toujours mettre le frein (situ\u00e9 entre les deux grandes roues) avant de placer ou d\u2019enlever le malade du brancard, une fois le tringlot plac\u00e9 pour les c\u00e9r\u00e9monies.<\/p>\n<\/div><div class=\"nav fusion-mobile-tab-nav\"><ul class=\"nav-tabs\" role=\"tablist\"><li role=\"presentation\"><a class=\"tab-link\" data-toggle=\"tab\" role=\"tab\" aria-controls=\"tab-b6cd06b71c5e6eaf137\" aria-selected=\"false\" tabindex=\"-1\" id=\"mobile-fusion-tab-lesvoiturettesbleues\" href=\"#tab-b6cd06b71c5e6eaf137\"><h4 class=\"fusion-tab-heading\"><i class=\"fontawesome-icon fa-angle-right fas\" aria-hidden=\"true\" style=\"font-size:13px;\"><\/i>Les voiturettes bleues<\/h4><\/a><\/li><\/ul><\/div><div class=\"tab-pane fade fusion-clearfix\" role=\"tabpanel\" tabindex=\"0\" aria-labelledby=\"fusion-tab-lesvoiturettesbleues\" id=\"tab-b6cd06b71c5e6eaf137\">\n<ul>\n<li><u>Utilisation<\/u>: c\u2019est le moyen de transport le plus utilis\u00e9 pour emmener les p\u00e8lerins malades aux sanctuaires ou en ville. Elles permettent le transport sur des distances plus importantes que les chaises bleues, avec un certain confort et une capote en cas de pluie ou de soleil intense. Ces voiturettes sont \u00e0 disposition au rez-de-chauss\u00e9e de l\u2019Accueil Marie Saint-Frai et se conduisent \u00e0 deux (un qui tire et un qui pousse).<\/li>\n<li><u>Mode d\u2019emploi<\/u>: avant de faire monter ou descendre une personne de la voiturette, mettre la roue directrice (roue avant) perpendiculaire \u00e0 la voiturette, tenir le timon (poign\u00e9e tenue \u00e0 l\u2019avant par l\u2019hospitalier qui tire), le relever (le mettre en position verticale) et bloquer les roues en mettant un pied de chaque c\u00f4t\u00e9 de la roue.<\/li>\n<li>\n<p>La voiturette doit toujours \u00eatre conduite avec le ressort de la roue directrice vers l\u2019avant, pour garder un bon confort et une bonne stabilit\u00e9.<\/p>\n<p>Pour stationner deux voiturettes l\u2019une \u00e0 c\u00f4t\u00e9 de l\u2019autre en toute s\u00e9curit\u00e9, les bloquer avec les timons. (voir sch\u00e9ma annexe)<\/p>\n<p>Il ne faut pas s\u2019asseoir sur les barres des timons pendant les c\u00e9r\u00e9monies pour respecter ce mat\u00e9riel embl\u00e9matique de Lourdes.<\/p>\n<p>Au cours des d\u00e9placements, penser \u00e0 regarder r\u00e9guli\u00e8rement en arri\u00e8re pour ne pas heurter une personne ou un obstacle.<\/p>\n<\/li>\n<\/ul>\n<\/div><\/div><\/div><ul style=\"--awb-line-height:23.8px;--awb-icon-width:23.8px;--awb-icon-height:23.8px;--awb-icon-margin:9.8px;--awb-content-margin:33.6px;--awb-circlecolor:#1a80b6;--awb-circle-yes-font-size:12.32px;\" class=\"fusion-checklist fusion-checklist-1 fusion-checklist-default fusion-checklist-divider type-icons\"><li class=\"fusion-li-item\" style=\"\"><span class=\"icon-wrapper circle-yes\"><i class=\"fusion-li-icon fa-exclamation-triangle fas\" aria-hidden=\"true\"><\/i><\/span><div class=\"fusion-li-item-content\">\n<h3 class=\"fusion-responsive-typography-calculated\" style=\"line-height: 1.41\" data-fontsize=\"17\" data-lineheight=\"23.97px\"><span style=\"font-size: 14px\"><b style=\"font-size: 17px\" data-fusion-font=\"true\">Comme tous les lieux tr\u00e8s visit\u00e9s, les Sanctuaires et la ville de Lourdes attirent aussi des personnes mal intentionn\u00e9es.<\/b><\/span><\/h3>\n<p>Lors de vos d\u00e9placements dans les Sanctuaires et en ville, surveillez bien vos affaires et celles des p\u00e8lerins malades dont vous vous occupez pour \u00e9viter les vols. Durant le p\u00e8lerinage, il est propos\u00e9 aux malades, pendant les temps libres ou en revenant des c\u00e9r\u00e9monies sur le planning le permet, de sortir en ville pour faire des achats de souvenirs. Il faut respecter certaines consignes :<\/p>\n<ul>\n<li>Ne jamais sortir tout seul avec un malade<\/li>\n<li>S\u2019assurer que les hospitaliers et hospitali\u00e8res qui sont en charge de cette personne soient au courant de sa sortie,<\/li>\n<li>Si la personne descend de la voiturette bleue pour rentrer dans un magasin, s\u2019assurer que quelqu\u2019un surveille la voiturette<\/li>\n<li>Si pour des raisons pratiques, une personne vous confie son porte-monnaie pour que vous fassiez des achats pour elle, s\u2019assurer avec elle de la somme d\u2019argent pr\u00e9sente \u00e0 l\u2019int\u00e9rieur et, lors des achats, bien garder les tickets de caisse.<\/li>\n<\/ul>\n<\/div><\/li><\/ul><\/div><\/div><\/div><\/div>\n","protected":false},"excerpt":{"rendered":"","protected":false},"author":31,"featured_media":0,"parent":0,"menu_order":0,"comment_status":"closed","ping_status":"closed","template":"","meta":{"xn-wppe-expiration":[],"xn-wppe-expiration-action":[],"xn-wppe-expiration-prefix":[],"footnotes":""},"_links":{"self":[{"href":"https:\/\/chalons.catholique.fr\/hospitalite\/wp-json\/wp\/v2\/pages\/12478"}],"collection":[{"href":"https:\/\/chalons.catholique.fr\/hospitalite\/wp-json\/wp\/v2\/pages"}],"about":[{"href":"https:\/\/chalons.catholique.fr\/hospitalite\/wp-json\/wp\/v2\/types\/page"}],"author":[{"embeddable":true,"href":"https:\/\/chalons.catholique.fr\/hospitalite\/wp-json\/wp\/v2\/users\/31"}],"replies":[{"embeddable":true,"href":"https:\/\/chalons.catholique.fr\/hospitalite\/wp-json\/wp\/v2\/comments?post=12478"}],"version-history":[{"count":1,"href":"https:\/\/chalons.catholique.fr\/hospitalite\/wp-json\/wp\/v2\/pages\/12478\/revisions"}],"predecessor-version":[{"id":12577,"href":"https:\/\/chalons.catholique.fr\/hospitalite\/wp-json\/wp\/v2\/pages\/12478\/revisions\/12577"}],"wp:attachment":[{"href":"https:\/\/chalons.catholique.fr\/hospitalite\/wp-json\/wp\/v2\/media?parent=12478"}],"curies":[{"name":"wp","href":"https:\/\/api.w.org\/{rel}","templated":true}]}}