{"id":12286,"date":"2020-11-23T16:09:21","date_gmt":"2020-11-23T15:09:21","guid":{"rendered":"https:\/\/chalons.catholique.fr\/hospitalite\/?page_id=12286"},"modified":"2025-12-23T15:11:30","modified_gmt":"2025-12-23T14:11:30","slug":"lourdes-et-les-sanctuaires","status":"publish","type":"page","link":"https:\/\/chalons.catholique.fr\/hospitalite\/lourdes-et-les-sanctuaires\/","title":{"rendered":"Lourdes et les sanctuaires"},"content":{"rendered":"<div class=\"fusion-fullwidth fullwidth-box fusion-builder-row-1 nonhundred-percent-fullwidth non-hundred-percent-height-scrolling\" style=\"--awb-border-radius-top-left:0px;--awb-border-radius-top-right:0px;--awb-border-radius-bottom-right:0px;--awb-border-radius-bottom-left:0px;--awb-margin-top:30px;--awb-flex-wrap:wrap;\" ><div class=\"fusion-builder-row fusion-row\"><div class=\"fusion-layout-column fusion_builder_column fusion-builder-column-0 fusion_builder_column_1_1 1_1 fusion-one-full fusion-column-first fusion-column-last\" style=\"--awb-bg-size:cover;\"><div class=\"fusion-column-wrapper fusion-column-has-shadow fusion-flex-column-wrapper-legacy\"><div class=\"fusion-title title fusion-title-1 fusion-sep-none fusion-title-center fusion-title-text fusion-title-size-one\" style=\"--awb-text-color:#004e6b;\"><h1 class=\"fusion-title-heading title-heading-center fusion-responsive-typography-calculated\" style=\"margin:0;--fontSize:33;line-height:1.45;\"><b><u>\u00c0 la d\u00e9couverte des Sanctuaires<\/u><\/b><\/h1><\/div><div class=\"fusion-aligncenter\"><a class=\"fusion-button button-flat fusion-button-default-size button-default fusion-button-default button-1 fusion-button-default-span fusion-button-default-type\" target=\"_self\" href=\"https:\/\/chalons.catholique.fr\/hospitalite\/visite-des-sanctuaires\/\"><span class=\"fusion-button-text\">JE D\u00c9COUVRE LE PLAN DES SANCTUAIRES !<\/span><\/a><\/div><div class=\"fusion-text fusion-text-1\"><p>Avant de se mettre en route, ici dans la Prairie, face \u00e0 la Grotte, rappelons-nous :<\/p>\n<p><strong style=\"color: rgb(0, 78, 107);\">Les p\u00e8lerins, qui sont-ils ?<\/strong><\/p>\n<ul>\n<li>Les p\u00e8lerins malades ou handicap\u00e9s qui viennent dans le cadre de p\u00e8lerinages dioc\u00e9sains, nationaux ou d\u2019organisations sp\u00e9cifiques<\/li>\n<li>Les millions de personnes qui viennent en visiteurs, touristes ou en p\u00e8lerins isol\u00e9s<\/li>\n<li>Les hospitaliers qui s\u2019accueillent les uns les autres mais doivent \u00e9galement accueillir tous ceux qui en ont besoin :<\/li>\n<li>En informant tous ceux qui s\u2019adresseront \u00e0 nous ou en les dirigeant vers le forum information par exemple.<\/li>\n<li>En les accueillant par notre sourire : il efface la barri\u00e8re des langues. Bernadette dit : \u00ab Elle m\u2019a souri\u2026 \u00bb. Le sourire, nul n\u2019est assez riche pour s\u2019en passer, nul n\u2019est assez pauvre qu\u2019il ne puisse en donner.<\/li>\n<\/ul>\n<\/div><div class=\"fusion-title title fusion-title-2 fusion-sep-none fusion-title-center fusion-title-text fusion-title-size-two\" style=\"--awb-text-color:#004e6b;--awb-margin-top:20px;--awb-margin-bottom:20px;\"><h2 class=\"fusion-title-heading title-heading-center fusion-responsive-typography-calculated\" style=\"margin:0;--fontSize:18;--minFontSize:18;line-height:1.5;\"><b><span style=\"color: #03a9f4\"><u>Ordre de construction des Sanctuaires<\/u><\/span><\/b><\/h2><\/div><div class=\"fusion-image-element in-legacy-container\" style=\"--awb-margin-top:20px;--awb-margin-bottom:50px;--awb-caption-title-font-family:var(--h2_typography-font-family);--awb-caption-title-font-weight:var(--h2_typography-font-weight);--awb-caption-title-font-style:var(--h2_typography-font-style);--awb-caption-title-size:var(--h2_typography-font-size);--awb-caption-title-transform:var(--h2_typography-text-transform);--awb-caption-title-line-height:var(--h2_typography-line-height);--awb-caption-title-letter-spacing:var(--h2_typography-letter-spacing);\"><span class=\" fusion-imageframe imageframe-none imageframe-1 hover-type-none\"><img decoding=\"async\" width=\"1920\" height=\"446\" title=\"Sans titre &#8211; 1_Plan de travail 1\" src=\"https:\/\/chalons.catholique.fr\/hospitalite\/wp-content\/uploads\/sites\/31\/2020\/11\/Sans-titre-1_Plan-de-travail-1-1.jpg\" alt class=\"img-responsive wp-image-12287\" srcset=\"https:\/\/chalons.catholique.fr\/hospitalite\/wp-content\/uploads\/sites\/31\/2020\/11\/Sans-titre-1_Plan-de-travail-1-1-200x46.jpg 200w, https:\/\/chalons.catholique.fr\/hospitalite\/wp-content\/uploads\/sites\/31\/2020\/11\/Sans-titre-1_Plan-de-travail-1-1-400x93.jpg 400w, https:\/\/chalons.catholique.fr\/hospitalite\/wp-content\/uploads\/sites\/31\/2020\/11\/Sans-titre-1_Plan-de-travail-1-1-600x139.jpg 600w, https:\/\/chalons.catholique.fr\/hospitalite\/wp-content\/uploads\/sites\/31\/2020\/11\/Sans-titre-1_Plan-de-travail-1-1-800x186.jpg 800w, https:\/\/chalons.catholique.fr\/hospitalite\/wp-content\/uploads\/sites\/31\/2020\/11\/Sans-titre-1_Plan-de-travail-1-1-1200x279.jpg 1200w, https:\/\/chalons.catholique.fr\/hospitalite\/wp-content\/uploads\/sites\/31\/2020\/11\/Sans-titre-1_Plan-de-travail-1-1.jpg 1920w\" sizes=\"(max-width: 800px) 100vw, 1920px\" \/><\/span><\/div><div class=\"fusion-clearfix\"><\/div><\/div><\/div><\/div><\/div><div class=\"fusion-fullwidth fullwidth-box fusion-builder-row-2 fusion-flex-container nonhundred-percent-fullwidth non-hundred-percent-height-scrolling\" style=\"--awb-border-radius-top-left:0px;--awb-border-radius-top-right:0px;--awb-border-radius-bottom-right:0px;--awb-border-radius-bottom-left:0px;--awb-flex-wrap:wrap;\" ><div class=\"fusion-builder-row fusion-row fusion-flex-align-items-flex-start fusion-flex-content-wrap\" style=\"max-width:1289.6px;margin-left: calc(-4% \/ 2 );margin-right: calc(-4% \/ 2 );\"><div class=\"fusion-layout-column fusion_builder_column fusion-builder-column-1 fusion_builder_column_1_1 1_1 fusion-flex-column\" style=\"--awb-bg-size:cover;--awb-width-large:100%;--awb-margin-top-large:0px;--awb-spacing-right-large:1.92%;--awb-margin-bottom-large:20px;--awb-spacing-left-large:1.92%;--awb-width-medium:100%;--awb-order-medium:0;--awb-spacing-right-medium:1.92%;--awb-spacing-left-medium:1.92%;--awb-width-small:100%;--awb-order-small:0;--awb-spacing-right-small:1.92%;--awb-spacing-left-small:1.92%;\"><div class=\"fusion-column-wrapper fusion-column-has-shadow fusion-flex-justify-content-flex-start fusion-content-layout-column\"><div class=\"fusion-tabs fusion-tabs-1 classic vertical-tabs icon-position-left mobile-mode-accordion\" style=\"--awb-title-border-radius-top-left:0px;--awb-title-border-radius-top-right:0px;--awb-title-border-radius-bottom-right:0px;--awb-title-border-radius-bottom-left:0px;--awb-inactive-color:#f1f2f2;--awb-background-color:#ffffff;--awb-border-color:#ebeaea;--awb-active-border-color:#1a80b6;\"><div class=\"nav\"><ul class=\"nav-tabs\" role=\"tablist\"><\/ul><\/div><div class=\"tab-content\"><\/div><\/div><\/div><\/div><\/div><\/div>\n","protected":false},"excerpt":{"rendered":"","protected":false},"author":31,"featured_media":0,"parent":0,"menu_order":0,"comment_status":"closed","ping_status":"closed","template":"","meta":{"xn-wppe-expiration":[],"xn-wppe-expiration-action":[],"xn-wppe-expiration-prefix":[],"footnotes":""},"_links":{"self":[{"href":"https:\/\/chalons.catholique.fr\/hospitalite\/wp-json\/wp\/v2\/pages\/12286"}],"collection":[{"href":"https:\/\/chalons.catholique.fr\/hospitalite\/wp-json\/wp\/v2\/pages"}],"about":[{"href":"https:\/\/chalons.catholique.fr\/hospitalite\/wp-json\/wp\/v2\/types\/page"}],"author":[{"embeddable":true,"href":"https:\/\/chalons.catholique.fr\/hospitalite\/wp-json\/wp\/v2\/users\/31"}],"replies":[{"embeddable":true,"href":"https:\/\/chalons.catholique.fr\/hospitalite\/wp-json\/wp\/v2\/comments?post=12286"}],"version-history":[{"count":7,"href":"https:\/\/chalons.catholique.fr\/hospitalite\/wp-json\/wp\/v2\/pages\/12286\/revisions"}],"predecessor-version":[{"id":12594,"href":"https:\/\/chalons.catholique.fr\/hospitalite\/wp-json\/wp\/v2\/pages\/12286\/revisions\/12594"}],"wp:attachment":[{"href":"https:\/\/chalons.catholique.fr\/hospitalite\/wp-json\/wp\/v2\/media?parent=12286"}],"curies":[{"name":"wp","href":"https:\/\/api.w.org\/{rel}","templated":true}]}}