{"id":790,"date":"2017-07-20T16:39:46","date_gmt":"2017-07-20T14:39:46","guid":{"rendered":"http:\/\/chalons.catholique.fr\/formation\/?page_id=790"},"modified":"2017-10-03T16:25:01","modified_gmt":"2017-10-03T14:25:01","slug":"autour-de-la-bible","status":"publish","type":"page","link":"https:\/\/chalons.catholique.fr\/formation\/livret-de-formations\/autour-de-la-bible\/","title":{"rendered":"Autour de la Bible"},"content":{"rendered":"<div class=\"fusion-fullwidth fullwidth-box fusion-builder-row-1 nonhundred-percent-fullwidth non-hundred-percent-height-scrolling fusion-equal-height-columns\" style=\"--awb-background-position:left top;--awb-border-radius-top-left:0px;--awb-border-radius-top-right:0px;--awb-border-radius-bottom-right:0px;--awb-border-radius-bottom-left:0px;--awb-padding-top:20px;--awb-padding-bottom:20px;--awb-border-sizes-top:0px;--awb-border-sizes-bottom:0px;--awb-flex-wrap:wrap;\" ><div class=\"fusion-builder-row fusion-row\"><div class=\"fusion-layout-column fusion_builder_column fusion-builder-column-0 fusion_builder_column_1_1 1_1 fusion-one-full fusion-column-first fusion-column-last fusion-column-no-min-height\" style=\"--awb-bg-size:cover;--awb-margin-top:0px;--awb-margin-bottom:0px;\"><div class=\"fusion-column-wrapper fusion-flex-column-wrapper-legacy\"><div class=\"pt-cv-wrapper\"><div class=\"pt-cv-view pt-cv-grid pt-cv-colsys\" id=\"pt-cv-view-26c16608z3\"><div data-id=\"pt-cv-page-1\" class=\"pt-cv-page\" data-cvc=\"3\"><div class=\"col-md-4 col-sm-6 col-xs-12 pt-cv-content-item pt-cv-1-col\" ><div class='pt-cv-ifield'><a href=\"https:\/\/chalons.catholique.fr\/formation\/avec-ze-bible\/\" class=\"_self pt-cv-href-thumbnail pt-cv-thumb-default\" target=\"_self\" ><img width=\"275\" height=\"183\" src=\"https:\/\/chalons.catholique.fr\/formation\/wp-content\/uploads\/sites\/24\/2016\/07\/ze-bible.jpeg\" class=\"pt-cv-thumbnail\" alt=\"Avec Ze Bible\" decoding=\"async\" srcset=\"https:\/\/chalons.catholique.fr\/formation\/wp-content\/uploads\/sites\/24\/2016\/07\/ze-bible-200x133.jpeg 200w, https:\/\/chalons.catholique.fr\/formation\/wp-content\/uploads\/sites\/24\/2016\/07\/ze-bible.jpeg 275w\" sizes=\"(max-width: 275px) 100vw, 275px\" \/><\/a>\n<h4 class=\"pt-cv-title\"><a href=\"https:\/\/chalons.catholique.fr\/formation\/avec-ze-bible\/\" class=\"_self\" target=\"_self\" >Avec Ze Bible<\/a><\/h4>\n<div class=\"pt-cv-content\">Public :\u00a0Tout publicRythme :\u00a08 rencontres par an \u00e0 raison d\u2019une par mois.Contact :\u00a0P\u00e8re Jean-Luc GIGET 03 26 70 03 06 ...<br \/><div class=\"pt-cv-rmwrap\"><a href=\"https:\/\/chalons.catholique.fr\/formation\/avec-ze-bible\/\" class=\"_self pt-cv-readmore btn btn-success\" target=\"_self\">Lire La Suite<\/a><\/div><\/div><\/div><\/div>\n<div class=\"col-md-4 col-sm-6 col-xs-12 pt-cv-content-item pt-cv-1-col\" ><div class='pt-cv-ifield'><a href=\"https:\/\/chalons.catholique.fr\/formation\/messaje\/\" class=\"_self pt-cv-href-thumbnail pt-cv-thumb-default\" target=\"_self\" ><img width=\"300\" height=\"200\" src=\"https:\/\/chalons.catholique.fr\/formation\/wp-content\/uploads\/sites\/24\/2017\/07\/the-creation-of-adam-436007_640-300x200.jpg\" class=\"pt-cv-thumbnail\" alt=\"Mess&#039;aje\" decoding=\"async\" srcset=\"https:\/\/chalons.catholique.fr\/formation\/wp-content\/uploads\/sites\/24\/2017\/07\/the-creation-of-adam-436007_640-200x133.jpg 200w, https:\/\/chalons.catholique.fr\/formation\/wp-content\/uploads\/sites\/24\/2017\/07\/the-creation-of-adam-436007_640-300x200.jpg 300w, https:\/\/chalons.catholique.fr\/formation\/wp-content\/uploads\/sites\/24\/2017\/07\/the-creation-of-adam-436007_640-400x266.jpg 400w, https:\/\/chalons.catholique.fr\/formation\/wp-content\/uploads\/sites\/24\/2017\/07\/the-creation-of-adam-436007_640-600x399.jpg 600w, https:\/\/chalons.catholique.fr\/formation\/wp-content\/uploads\/sites\/24\/2017\/07\/the-creation-of-adam-436007_640.jpg 640w\" sizes=\"(max-width: 300px) 100vw, 300px\" \/><\/a>\n<h4 class=\"pt-cv-title\"><a href=\"https:\/\/chalons.catholique.fr\/formation\/messaje\/\" class=\"_self\" target=\"_self\" >Mess&rsquo;aje<\/a><\/h4>\n<div class=\"pt-cv-content\">Public :\u00a0Tout publicContact :\u00a0Service dioc\u00e9sain de Formation Permanente. L\u2019art au service de la foi Anim\u00e9e par Soeur Mich\u00e8le Marquet. Des ...<br \/><div class=\"pt-cv-rmwrap\"><a href=\"https:\/\/chalons.catholique.fr\/formation\/messaje\/\" class=\"_self pt-cv-readmore btn btn-success\" target=\"_self\">Lire La Suite<\/a><\/div><\/div><\/div><\/div>\n<div class=\"col-md-4 col-sm-6 col-xs-12 pt-cv-content-item pt-cv-1-col\" ><div class='pt-cv-ifield'><a href=\"https:\/\/chalons.catholique.fr\/formation\/retraite-en-silence\/\" class=\"_self pt-cv-href-thumbnail pt-cv-thumb-default\" target=\"_self\" ><img width=\"300\" height=\"200\" src=\"https:\/\/chalons.catholique.fr\/formation\/wp-content\/uploads\/sites\/24\/2017\/07\/retraite_en_silencepixabay-kristina-flour-185592-300x200.jpg\" class=\"pt-cv-thumbnail\" alt=\"retraite_en_silence\" decoding=\"async\" srcset=\"https:\/\/chalons.catholique.fr\/formation\/wp-content\/uploads\/sites\/24\/2017\/07\/retraite_en_silencepixabay-kristina-flour-185592-200x134.jpg 200w, https:\/\/chalons.catholique.fr\/formation\/wp-content\/uploads\/sites\/24\/2017\/07\/retraite_en_silencepixabay-kristina-flour-185592-300x200.jpg 300w, https:\/\/chalons.catholique.fr\/formation\/wp-content\/uploads\/sites\/24\/2017\/07\/retraite_en_silencepixabay-kristina-flour-185592-400x267.jpg 400w, https:\/\/chalons.catholique.fr\/formation\/wp-content\/uploads\/sites\/24\/2017\/07\/retraite_en_silencepixabay-kristina-flour-185592-600x401.jpg 600w, https:\/\/chalons.catholique.fr\/formation\/wp-content\/uploads\/sites\/24\/2017\/07\/retraite_en_silencepixabay-kristina-flour-185592-768x513.jpg 768w, https:\/\/chalons.catholique.fr\/formation\/wp-content\/uploads\/sites\/24\/2017\/07\/retraite_en_silencepixabay-kristina-flour-185592.jpg 800w\" sizes=\"(max-width: 300px) 100vw, 300px\" \/><\/a>\n<h4 class=\"pt-cv-title\"><a href=\"https:\/\/chalons.catholique.fr\/formation\/retraite-en-silence\/\" class=\"_self\" target=\"_self\" >Retraite en silence<\/a><\/h4>\n<div class=\"pt-cv-content\">M\u00e9diter les psaumes \u00e0 la suite de J\u00e9sus. Des m\u00e9ditations sur la Parole de Dieu pour se pr\u00e9parer \u00e0 entrer ...<br \/><div class=\"pt-cv-rmwrap\"><a href=\"https:\/\/chalons.catholique.fr\/formation\/retraite-en-silence\/\" class=\"_self pt-cv-readmore btn btn-success\" target=\"_self\">Lire La Suite<\/a><\/div><\/div><\/div><\/div><\/div><\/div><\/div><div class=\"fusion-clearfix\"><\/div><\/div><\/div><\/div><\/div>\n","protected":false},"excerpt":{"rendered":"","protected":false},"author":8,"featured_media":0,"parent":153,"menu_order":0,"comment_status":"closed","ping_status":"closed","template":"","meta":{"xn-wppe-expiration":[],"xn-wppe-expiration-action":[],"xn-wppe-expiration-prefix":[],"footnotes":""},"categories":[],"tags":[],"_links":{"self":[{"href":"https:\/\/chalons.catholique.fr\/formation\/wp-json\/wp\/v2\/pages\/790"}],"collection":[{"href":"https:\/\/chalons.catholique.fr\/formation\/wp-json\/wp\/v2\/pages"}],"about":[{"href":"https:\/\/chalons.catholique.fr\/formation\/wp-json\/wp\/v2\/types\/page"}],"author":[{"embeddable":true,"href":"https:\/\/chalons.catholique.fr\/formation\/wp-json\/wp\/v2\/users\/8"}],"replies":[{"embeddable":true,"href":"https:\/\/chalons.catholique.fr\/formation\/wp-json\/wp\/v2\/comments?post=790"}],"version-history":[{"count":0,"href":"https:\/\/chalons.catholique.fr\/formation\/wp-json\/wp\/v2\/pages\/790\/revisions"}],"up":[{"embeddable":true,"href":"https:\/\/chalons.catholique.fr\/formation\/wp-json\/wp\/v2\/pages\/153"}],"wp:attachment":[{"href":"https:\/\/chalons.catholique.fr\/formation\/wp-json\/wp\/v2\/media?parent=790"}],"wp:term":[{"taxonomy":"category","embeddable":true,"href":"https:\/\/chalons.catholique.fr\/formation\/wp-json\/wp\/v2\/categories?post=790"},{"taxonomy":"post_tag","embeddable":true,"href":"https:\/\/chalons.catholique.fr\/formation\/wp-json\/wp\/v2\/tags?post=790"}],"curies":[{"name":"wp","href":"https:\/\/api.w.org\/{rel}","templated":true}]}}