{"id":776,"date":"2017-07-20T15:30:54","date_gmt":"2017-07-20T13:30:54","guid":{"rendered":"http:\/\/chalons.catholique.fr\/formation\/?page_id=776"},"modified":"2017-10-03T16:25:01","modified_gmt":"2017-10-03T14:25:01","slug":"lien-vie-et-foi","status":"publish","type":"page","link":"https:\/\/chalons.catholique.fr\/formation\/livret-de-formations\/lien-vie-et-foi\/","title":{"rendered":"Lien vie et foi"},"content":{"rendered":"<div class=\"fusion-fullwidth fullwidth-box fusion-builder-row-1 nonhundred-percent-fullwidth non-hundred-percent-height-scrolling fusion-equal-height-columns\" style=\"--awb-background-position:left top;--awb-border-radius-top-left:0px;--awb-border-radius-top-right:0px;--awb-border-radius-bottom-right:0px;--awb-border-radius-bottom-left:0px;--awb-padding-top:20px;--awb-padding-bottom:20px;--awb-border-sizes-top:0px;--awb-border-sizes-bottom:0px;--awb-flex-wrap:wrap;\" ><div class=\"fusion-builder-row fusion-row\"><div class=\"fusion-layout-column fusion_builder_column fusion-builder-column-0 fusion_builder_column_1_1 1_1 fusion-one-full fusion-column-first fusion-column-last fusion-column-no-min-height\" style=\"--awb-bg-size:cover;--awb-margin-top:0px;--awb-margin-bottom:0px;\"><div class=\"fusion-column-wrapper fusion-flex-column-wrapper-legacy\"><div class=\"pt-cv-wrapper\"><div class=\"pt-cv-view pt-cv-grid pt-cv-colsys\" id=\"pt-cv-view-8b54b81q6d\"><div data-id=\"pt-cv-page-1\" class=\"pt-cv-page\" data-cvc=\"3\"><div class=\"col-md-4 col-sm-6 col-xs-12 pt-cv-content-item pt-cv-1-col\" ><div class='pt-cv-ifield'><a href=\"https:\/\/chalons.catholique.fr\/formation\/amoris-laetitia-lexhortation-apostolique-sur-lamour-dans-la-famille\/\" class=\"_self pt-cv-href-thumbnail pt-cv-thumb-default\" target=\"_self\" ><img width=\"300\" height=\"200\" src=\"https:\/\/chalons.catholique.fr\/formation\/wp-content\/uploads\/sites\/24\/2017\/07\/Amoris-laetitiaFreepik-300x200.jpg\" class=\"pt-cv-thumbnail\" alt=\"Amoris-laetitia(Freepik)\" decoding=\"async\" srcset=\"https:\/\/chalons.catholique.fr\/formation\/wp-content\/uploads\/sites\/24\/2017\/07\/Amoris-laetitiaFreepik-200x133.jpg 200w, https:\/\/chalons.catholique.fr\/formation\/wp-content\/uploads\/sites\/24\/2017\/07\/Amoris-laetitiaFreepik-300x200.jpg 300w, https:\/\/chalons.catholique.fr\/formation\/wp-content\/uploads\/sites\/24\/2017\/07\/Amoris-laetitiaFreepik-400x267.jpg 400w, https:\/\/chalons.catholique.fr\/formation\/wp-content\/uploads\/sites\/24\/2017\/07\/Amoris-laetitiaFreepik-600x400.jpg 600w, https:\/\/chalons.catholique.fr\/formation\/wp-content\/uploads\/sites\/24\/2017\/07\/Amoris-laetitiaFreepik-768x512.jpg 768w, https:\/\/chalons.catholique.fr\/formation\/wp-content\/uploads\/sites\/24\/2017\/07\/Amoris-laetitiaFreepik.jpg 800w\" sizes=\"(max-width: 300px) 100vw, 300px\" \/><\/a>\n<h4 class=\"pt-cv-title\"><a href=\"https:\/\/chalons.catholique.fr\/formation\/amoris-laetitia-lexhortation-apostolique-sur-lamour-dans-la-famille\/\" class=\"_self\" target=\"_self\" >Amoris Laetitia, l\u2019exhortation apostolique sur l\u2019amour dans la famille<\/a><\/h4>\n<div class=\"pt-cv-content\">Edition pr\u00e9sent\u00e9e et annot\u00e9e de l\u2019exhortation apostolique Amoris Laetitia sous la direction du Service National Famille et Soci\u00e9t\u00e9 de la ...<br \/><div class=\"pt-cv-rmwrap\"><a href=\"https:\/\/chalons.catholique.fr\/formation\/amoris-laetitia-lexhortation-apostolique-sur-lamour-dans-la-famille\/\" class=\"_self pt-cv-readmore btn btn-success\" target=\"_self\">Lire La Suite<\/a><\/div><\/div><\/div><\/div>\n<div class=\"col-md-4 col-sm-6 col-xs-12 pt-cv-content-item pt-cv-1-col\" ><div class='pt-cv-ifield'><a href=\"https:\/\/chalons.catholique.fr\/formation\/equipe-tandem\/\" class=\"_self pt-cv-href-thumbnail pt-cv-thumb-default\" target=\"_self\" ><img width=\"300\" height=\"200\" src=\"https:\/\/chalons.catholique.fr\/formation\/wp-content\/uploads\/sites\/24\/2017\/07\/tandem-bike-905067_640-300x200.jpg\" class=\"pt-cv-thumbnail\" alt=\"Equipes tandem\" decoding=\"async\" srcset=\"https:\/\/chalons.catholique.fr\/formation\/wp-content\/uploads\/sites\/24\/2017\/07\/tandem-bike-905067_640-200x133.jpg 200w, https:\/\/chalons.catholique.fr\/formation\/wp-content\/uploads\/sites\/24\/2017\/07\/tandem-bike-905067_640-300x200.jpg 300w, https:\/\/chalons.catholique.fr\/formation\/wp-content\/uploads\/sites\/24\/2017\/07\/tandem-bike-905067_640-400x266.jpg 400w, https:\/\/chalons.catholique.fr\/formation\/wp-content\/uploads\/sites\/24\/2017\/07\/tandem-bike-905067_640-600x399.jpg 600w, https:\/\/chalons.catholique.fr\/formation\/wp-content\/uploads\/sites\/24\/2017\/07\/tandem-bike-905067_640.jpg 640w\" sizes=\"(max-width: 300px) 100vw, 300px\" \/><\/a>\n<h4 class=\"pt-cv-title\"><a href=\"https:\/\/chalons.catholique.fr\/formation\/equipe-tandem\/\" class=\"_self\" target=\"_self\" >\u00c9quipe Tandem<\/a><\/h4>\n<div class=\"pt-cv-content\">Public :\u00a0Couples \u00abjust-married\u00bb ou avec un projet de mariage \u00e0 l\u2019\u00c9glise.Rythme :\u00a0Parcours sur 2 ans \u00e0 raison d\u2019une soir\u00e9e par ...<br \/><div class=\"pt-cv-rmwrap\"><a href=\"https:\/\/chalons.catholique.fr\/formation\/equipe-tandem\/\" class=\"_self pt-cv-readmore btn btn-success\" target=\"_self\">Lire La Suite<\/a><\/div><\/div><\/div><\/div>\n<div class=\"col-md-4 col-sm-6 col-xs-12 pt-cv-content-item pt-cv-1-col\" ><div class='pt-cv-ifield'><a href=\"https:\/\/chalons.catholique.fr\/formation\/jeunes-et-engages\/\" class=\"_self pt-cv-href-thumbnail pt-cv-thumb-default\" target=\"_self\" ><img width=\"300\" height=\"200\" src=\"https:\/\/chalons.catholique.fr\/formation\/wp-content\/uploads\/sites\/24\/2017\/01\/human-1138002_1920-300x200.jpg\" class=\"pt-cv-thumbnail\" alt=\"jeunes et engag\u00e9s\" decoding=\"async\" srcset=\"https:\/\/chalons.catholique.fr\/formation\/wp-content\/uploads\/sites\/24\/2017\/01\/human-1138002_1920-200x133.jpg 200w, https:\/\/chalons.catholique.fr\/formation\/wp-content\/uploads\/sites\/24\/2017\/01\/human-1138002_1920-300x200.jpg 300w, https:\/\/chalons.catholique.fr\/formation\/wp-content\/uploads\/sites\/24\/2017\/01\/human-1138002_1920-400x267.jpg 400w, https:\/\/chalons.catholique.fr\/formation\/wp-content\/uploads\/sites\/24\/2017\/01\/human-1138002_1920-600x400.jpg 600w, https:\/\/chalons.catholique.fr\/formation\/wp-content\/uploads\/sites\/24\/2017\/01\/human-1138002_1920-768x512.jpg 768w, https:\/\/chalons.catholique.fr\/formation\/wp-content\/uploads\/sites\/24\/2017\/01\/human-1138002_1920.jpg 800w\" sizes=\"(max-width: 300px) 100vw, 300px\" \/><\/a>\n<h4 class=\"pt-cv-title\"><a href=\"https:\/\/chalons.catholique.fr\/formation\/jeunes-et-engages\/\" class=\"_self\" target=\"_self\" >Jeunes et engag\u00e9s<\/a><\/h4>\n<div class=\"pt-cv-content\">Objectifs Parcours d'initiation adress\u00e9 aux jeunes ou \u00e0 tous ceux d\u00e9sireux de mieux comprendre comment l'Eglise pense sa place dans ...<br \/><div class=\"pt-cv-rmwrap\"><a href=\"https:\/\/chalons.catholique.fr\/formation\/jeunes-et-engages\/\" class=\"_self pt-cv-readmore btn btn-success\" target=\"_self\">Lire La Suite<\/a><\/div><\/div><\/div><\/div>\n<div class=\"col-md-4 col-sm-6 col-xs-12 pt-cv-content-item pt-cv-1-col\" ><div class='pt-cv-ifield'><a href=\"https:\/\/chalons.catholique.fr\/formation\/session-vivre-et-aimer\/\" class=\"_self pt-cv-href-thumbnail pt-cv-thumb-default\" target=\"_self\" ><img width=\"300\" height=\"200\" src=\"https:\/\/chalons.catholique.fr\/formation\/wp-content\/uploads\/sites\/24\/2017\/07\/vivre_et_aimerPixabay-hands-1222229_1920-300x200.jpg\" class=\"pt-cv-thumbnail\" alt=\"Vivre et aimer\" decoding=\"async\" srcset=\"https:\/\/chalons.catholique.fr\/formation\/wp-content\/uploads\/sites\/24\/2017\/07\/vivre_et_aimerPixabay-hands-1222229_1920-200x134.jpg 200w, https:\/\/chalons.catholique.fr\/formation\/wp-content\/uploads\/sites\/24\/2017\/07\/vivre_et_aimerPixabay-hands-1222229_1920-300x200.jpg 300w, https:\/\/chalons.catholique.fr\/formation\/wp-content\/uploads\/sites\/24\/2017\/07\/vivre_et_aimerPixabay-hands-1222229_1920-400x267.jpg 400w, https:\/\/chalons.catholique.fr\/formation\/wp-content\/uploads\/sites\/24\/2017\/07\/vivre_et_aimerPixabay-hands-1222229_1920-600x401.jpg 600w, https:\/\/chalons.catholique.fr\/formation\/wp-content\/uploads\/sites\/24\/2017\/07\/vivre_et_aimerPixabay-hands-1222229_1920-768x513.jpg 768w, https:\/\/chalons.catholique.fr\/formation\/wp-content\/uploads\/sites\/24\/2017\/07\/vivre_et_aimerPixabay-hands-1222229_1920.jpg 800w\" sizes=\"(max-width: 300px) 100vw, 300px\" \/><\/a>\n<h4 class=\"pt-cv-title\"><a href=\"https:\/\/chalons.catholique.fr\/formation\/session-vivre-et-aimer\/\" class=\"_self\" target=\"_self\" >Session \u00ab\u00a0Vivre et aimer\u00a0\u00bb<\/a><\/h4>\n<div class=\"pt-cv-content\">Public :\u00a0Les couples qui souhaitent faire le point sur leur amour et donner plus de vie \u00e0 leur relation.Date :\u00a0Week-end ...<br \/><div class=\"pt-cv-rmwrap\"><a href=\"https:\/\/chalons.catholique.fr\/formation\/session-vivre-et-aimer\/\" class=\"_self pt-cv-readmore btn btn-success\" target=\"_self\">Lire La Suite<\/a><\/div><\/div><\/div><\/div>\n<div class=\"col-md-4 col-sm-6 col-xs-12 pt-cv-content-item pt-cv-1-col\" ><div class='pt-cv-ifield'><a href=\"https:\/\/chalons.catholique.fr\/formation\/porter-la-communion-aux-malades-clone\/\" class=\"_self pt-cv-href-thumbnail pt-cv-thumb-default\" target=\"_self\" ><img width=\"300\" height=\"200\" src=\"https:\/\/chalons.catholique.fr\/formation\/wp-content\/uploads\/sites\/24\/2017\/07\/session-amour-engagementpixabay-300x200.jpg\" class=\"pt-cv-thumbnail\" alt=\"session-amour-engagement(pixabay)\" decoding=\"async\" srcset=\"https:\/\/chalons.catholique.fr\/formation\/wp-content\/uploads\/sites\/24\/2017\/07\/session-amour-engagementpixabay-200x133.jpg 200w, https:\/\/chalons.catholique.fr\/formation\/wp-content\/uploads\/sites\/24\/2017\/07\/session-amour-engagementpixabay-300x200.jpg 300w, https:\/\/chalons.catholique.fr\/formation\/wp-content\/uploads\/sites\/24\/2017\/07\/session-amour-engagementpixabay-400x267.jpg 400w, https:\/\/chalons.catholique.fr\/formation\/wp-content\/uploads\/sites\/24\/2017\/07\/session-amour-engagementpixabay-600x400.jpg 600w, https:\/\/chalons.catholique.fr\/formation\/wp-content\/uploads\/sites\/24\/2017\/07\/session-amour-engagementpixabay-768x512.jpg 768w, https:\/\/chalons.catholique.fr\/formation\/wp-content\/uploads\/sites\/24\/2017\/07\/session-amour-engagementpixabay.jpg 800w\" sizes=\"(max-width: 300px) 100vw, 300px\" \/><\/a>\n<h4 class=\"pt-cv-title\"><a href=\"https:\/\/chalons.catholique.fr\/formation\/porter-la-communion-aux-malades-clone\/\" class=\"_self\" target=\"_self\" >Vivre et aimer &#8211; Session Amour et Engagement<\/a><\/h4>\n<div class=\"pt-cv-content\">Public :\u00a0Tous ceux qui souhaitent faire le point avant de s\u2019engager dans la vie \u00e0 2.Date :\u00a0du 2 au 4 ...<br \/><div class=\"pt-cv-rmwrap\"><a href=\"https:\/\/chalons.catholique.fr\/formation\/porter-la-communion-aux-malades-clone\/\" class=\"_self pt-cv-readmore btn btn-success\" target=\"_self\">Lire La Suite<\/a><\/div><\/div><\/div><\/div><\/div><\/div><\/div><div class=\"fusion-clearfix\"><\/div><\/div><\/div><\/div><\/div>\n","protected":false},"excerpt":{"rendered":"","protected":false},"author":8,"featured_media":0,"parent":153,"menu_order":0,"comment_status":"closed","ping_status":"closed","template":"","meta":{"xn-wppe-expiration":[],"xn-wppe-expiration-action":[],"xn-wppe-expiration-prefix":[],"footnotes":""},"categories":[],"tags":[],"_links":{"self":[{"href":"https:\/\/chalons.catholique.fr\/formation\/wp-json\/wp\/v2\/pages\/776"}],"collection":[{"href":"https:\/\/chalons.catholique.fr\/formation\/wp-json\/wp\/v2\/pages"}],"about":[{"href":"https:\/\/chalons.catholique.fr\/formation\/wp-json\/wp\/v2\/types\/page"}],"author":[{"embeddable":true,"href":"https:\/\/chalons.catholique.fr\/formation\/wp-json\/wp\/v2\/users\/8"}],"replies":[{"embeddable":true,"href":"https:\/\/chalons.catholique.fr\/formation\/wp-json\/wp\/v2\/comments?post=776"}],"version-history":[{"count":0,"href":"https:\/\/chalons.catholique.fr\/formation\/wp-json\/wp\/v2\/pages\/776\/revisions"}],"up":[{"embeddable":true,"href":"https:\/\/chalons.catholique.fr\/formation\/wp-json\/wp\/v2\/pages\/153"}],"wp:attachment":[{"href":"https:\/\/chalons.catholique.fr\/formation\/wp-json\/wp\/v2\/media?parent=776"}],"wp:term":[{"taxonomy":"category","embeddable":true,"href":"https:\/\/chalons.catholique.fr\/formation\/wp-json\/wp\/v2\/categories?post=776"},{"taxonomy":"post_tag","embeddable":true,"href":"https:\/\/chalons.catholique.fr\/formation\/wp-json\/wp\/v2\/tags?post=776"}],"curies":[{"name":"wp","href":"https:\/\/api.w.org\/{rel}","templated":true}]}}

<div class="fusion-fullwidth fullwidth-box fusion-builder-row-1 nonhundred-percent-fullwidth non-hundred-percent-height-scrolling fusion-equal-height-columns" style="--awb-background-position:left top;--awb-border-radius-top-left:0px;--awb-border-radius-top-right:0px;--awb-border-radius-bottom-right:0px;--awb-border-radius-bottom-left:0px;--awb-padding-top:20px;--awb-padding-bottom:20px;--awb-border-sizes-top:0px;--awb-border-sizes-bottom:0px;--awb-flex-wrap:wrap;" ><div class="fusion-builder-row fusion-row"><div class="fusion-layout-column fusion_builder_column fusion-builder-column-0 fusion_builder_column_1_1 1_1 fusion-one-full fusion-column-first fusion-column-last fusion-column-no-min-height" style="--awb-bg-size:cover;--awb-margin-top:0px;--awb-margin-bottom:0px;"><div class="fusion-column-wrapper fusion-flex-column-wrapper-legacy"><div class="pt-cv-wrapper"><div class="pt-cv-view pt-cv-grid pt-cv-colsys" id="pt-cv-view-8b54b81q6d"><div data-id="pt-cv-page-1" class="pt-cv-page" data-cvc="3"><div class="col-md-4 col-sm-6 col-xs-12 pt-cv-content-item pt-cv-1-col" ><div class='pt-cv-ifield'><a href="https://chalons.catholique.fr/formation/amoris-laetitia-lexhortation-apostolique-sur-lamour-dans-la-famille/" class="_self pt-cv-href-thumbnail pt-cv-thumb-default" target="_self" ><img width="300" height="200" src="https://chalons.catholique.fr/formation/wp-content/uploads/sites/24/2017/07/Amoris-laetitiaFreepik-300x200.jpg" class="pt-cv-thumbnail" alt="Amoris-laetitia(Freepik)" decoding="async" srcset="https://chalons.catholique.fr/formation/wp-content/uploads/sites/24/2017/07/Amoris-laetitiaFreepik-200x133.jpg 200w, https://chalons.catholique.fr/formation/wp-content/uploads/sites/24/2017/07/Amoris-laetitiaFreepik-300x200.jpg 300w, https://chalons.catholique.fr/formation/wp-content/uploads/sites/24/2017/07/Amoris-laetitiaFreepik-400x267.jpg 400w, https://chalons.catholique.fr/formation/wp-content/uploads/sites/24/2017/07/Amoris-laetitiaFreepik-600x400.jpg 600w, https://chalons.catholique.fr/formation/wp-content/uploads/sites/24/2017/07/Amoris-laetitiaFreepik-768x512.jpg 768w, https://chalons.catholique.fr/formation/wp-content/uploads/sites/24/2017/07/Amoris-laetitiaFreepik.jpg 800w" sizes="(max-width: 300px) 100vw, 300px" /></a>
<h4 class="pt-cv-title"><a href="https://chalons.catholique.fr/formation/amoris-laetitia-lexhortation-apostolique-sur-lamour-dans-la-famille/" class="_self" target="_self" >Amoris Laetitia, l’exhortation apostolique sur l’amour dans la famille</a></h4>
<div class="pt-cv-content">Edition présentée et annotée de l’exhortation apostolique Amoris Laetitia sous la direction du Service National Famille et Société de la ...<br /><div class="pt-cv-rmwrap"><a href="https://chalons.catholique.fr/formation/amoris-laetitia-lexhortation-apostolique-sur-lamour-dans-la-famille/" class="_self pt-cv-readmore btn btn-success" target="_self">Lire La Suite</a></div></div></div></div>
<div class="col-md-4 col-sm-6 col-xs-12 pt-cv-content-item pt-cv-1-col" ><div class='pt-cv-ifield'><a href="https://chalons.catholique.fr/formation/equipe-tandem/" class="_self pt-cv-href-thumbnail pt-cv-thumb-default" target="_self" ><img width="300" height="200" src="https://chalons.catholique.fr/formation/wp-content/uploads/sites/24/2017/07/tandem-bike-905067_640-300x200.jpg" class="pt-cv-thumbnail" alt="Equipes tandem" decoding="async" srcset="https://chalons.catholique.fr/formation/wp-content/uploads/sites/24/2017/07/tandem-bike-905067_640-200x133.jpg 200w, https://chalons.catholique.fr/formation/wp-content/uploads/sites/24/2017/07/tandem-bike-905067_640-300x200.jpg 300w, https://chalons.catholique.fr/formation/wp-content/uploads/sites/24/2017/07/tandem-bike-905067_640-400x266.jpg 400w, https://chalons.catholique.fr/formation/wp-content/uploads/sites/24/2017/07/tandem-bike-905067_640-600x399.jpg 600w, https://chalons.catholique.fr/formation/wp-content/uploads/sites/24/2017/07/tandem-bike-905067_640.jpg 640w" sizes="(max-width: 300px) 100vw, 300px" /></a>
<h4 class="pt-cv-title"><a href="https://chalons.catholique.fr/formation/equipe-tandem/" class="_self" target="_self" >Équipe Tandem</a></h4>
<div class="pt-cv-content">Public : Couples «just-married» ou avec un projet de mariage à l’Église.Rythme : Parcours sur 2 ans à raison d’une soirée par ...<br /><div class="pt-cv-rmwrap"><a href="https://chalons.catholique.fr/formation/equipe-tandem/" class="_self pt-cv-readmore btn btn-success" target="_self">Lire La Suite</a></div></div></div></div>
<div class="col-md-4 col-sm-6 col-xs-12 pt-cv-content-item pt-cv-1-col" ><div class='pt-cv-ifield'><a href="https://chalons.catholique.fr/formation/jeunes-et-engages/" class="_self pt-cv-href-thumbnail pt-cv-thumb-default" target="_self" ><img width="300" height="200" src="https://chalons.catholique.fr/formation/wp-content/uploads/sites/24/2017/01/human-1138002_1920-300x200.jpg" class="pt-cv-thumbnail" alt="jeunes et engagés" decoding="async" srcset="https://chalons.catholique.fr/formation/wp-content/uploads/sites/24/2017/01/human-1138002_1920-200x133.jpg 200w, https://chalons.catholique.fr/formation/wp-content/uploads/sites/24/2017/01/human-1138002_1920-300x200.jpg 300w, https://chalons.catholique.fr/formation/wp-content/uploads/sites/24/2017/01/human-1138002_1920-400x267.jpg 400w, https://chalons.catholique.fr/formation/wp-content/uploads/sites/24/2017/01/human-1138002_1920-600x400.jpg 600w, https://chalons.catholique.fr/formation/wp-content/uploads/sites/24/2017/01/human-1138002_1920-768x512.jpg 768w, https://chalons.catholique.fr/formation/wp-content/uploads/sites/24/2017/01/human-1138002_1920.jpg 800w" sizes="(max-width: 300px) 100vw, 300px" /></a>
<h4 class="pt-cv-title"><a href="https://chalons.catholique.fr/formation/jeunes-et-engages/" class="_self" target="_self" >Jeunes et engagés</a></h4>
<div class="pt-cv-content">Objectifs Parcours d'initiation adressé aux jeunes ou à tous ceux désireux de mieux comprendre comment l'Eglise pense sa place dans ...<br /><div class="pt-cv-rmwrap"><a href="https://chalons.catholique.fr/formation/jeunes-et-engages/" class="_self pt-cv-readmore btn btn-success" target="_self">Lire La Suite</a></div></div></div></div>
<div class="col-md-4 col-sm-6 col-xs-12 pt-cv-content-item pt-cv-1-col" ><div class='pt-cv-ifield'><a href="https://chalons.catholique.fr/formation/session-vivre-et-aimer/" class="_self pt-cv-href-thumbnail pt-cv-thumb-default" target="_self" ><img width="300" height="200" src="https://chalons.catholique.fr/formation/wp-content/uploads/sites/24/2017/07/vivre_et_aimerPixabay-hands-1222229_1920-300x200.jpg" class="pt-cv-thumbnail" alt="Vivre et aimer" decoding="async" srcset="https://chalons.catholique.fr/formation/wp-content/uploads/sites/24/2017/07/vivre_et_aimerPixabay-hands-1222229_1920-200x134.jpg 200w, https://chalons.catholique.fr/formation/wp-content/uploads/sites/24/2017/07/vivre_et_aimerPixabay-hands-1222229_1920-300x200.jpg 300w, https://chalons.catholique.fr/formation/wp-content/uploads/sites/24/2017/07/vivre_et_aimerPixabay-hands-1222229_1920-400x267.jpg 400w, https://chalons.catholique.fr/formation/wp-content/uploads/sites/24/2017/07/vivre_et_aimerPixabay-hands-1222229_1920-600x401.jpg 600w, https://chalons.catholique.fr/formation/wp-content/uploads/sites/24/2017/07/vivre_et_aimerPixabay-hands-1222229_1920-768x513.jpg 768w, https://chalons.catholique.fr/formation/wp-content/uploads/sites/24/2017/07/vivre_et_aimerPixabay-hands-1222229_1920.jpg 800w" sizes="(max-width: 300px) 100vw, 300px" /></a>
<h4 class="pt-cv-title"><a href="https://chalons.catholique.fr/formation/session-vivre-et-aimer/" class="_self" target="_self" >Session « Vivre et aimer »</a></h4>
<div class="pt-cv-content">Public : Les couples qui souhaitent faire le point sur leur amour et donner plus de vie à leur relation.Date : Week-end ...<br /><div class="pt-cv-rmwrap"><a href="https://chalons.catholique.fr/formation/session-vivre-et-aimer/" class="_self pt-cv-readmore btn btn-success" target="_self">Lire La Suite</a></div></div></div></div>
<div class="col-md-4 col-sm-6 col-xs-12 pt-cv-content-item pt-cv-1-col" ><div class='pt-cv-ifield'><a href="https://chalons.catholique.fr/formation/porter-la-communion-aux-malades-clone/" class="_self pt-cv-href-thumbnail pt-cv-thumb-default" target="_self" ><img width="300" height="200" src="https://chalons.catholique.fr/formation/wp-content/uploads/sites/24/2017/07/session-amour-engagementpixabay-300x200.jpg" class="pt-cv-thumbnail" alt="session-amour-engagement(pixabay)" decoding="async" srcset="https://chalons.catholique.fr/formation/wp-content/uploads/sites/24/2017/07/session-amour-engagementpixabay-200x133.jpg 200w, https://chalons.catholique.fr/formation/wp-content/uploads/sites/24/2017/07/session-amour-engagementpixabay-300x200.jpg 300w, https://chalons.catholique.fr/formation/wp-content/uploads/sites/24/2017/07/session-amour-engagementpixabay-400x267.jpg 400w, https://chalons.catholique.fr/formation/wp-content/uploads/sites/24/2017/07/session-amour-engagementpixabay-600x400.jpg 600w, https://chalons.catholique.fr/formation/wp-content/uploads/sites/24/2017/07/session-amour-engagementpixabay-768x512.jpg 768w, https://chalons.catholique.fr/formation/wp-content/uploads/sites/24/2017/07/session-amour-engagementpixabay.jpg 800w" sizes="(max-width: 300px) 100vw, 300px" /></a>
<h4 class="pt-cv-title"><a href="https://chalons.catholique.fr/formation/porter-la-communion-aux-malades-clone/" class="_self" target="_self" >Vivre et aimer &#8211; Session Amour et Engagement</a></h4>
<div class="pt-cv-content">Public : Tous ceux qui souhaitent faire le point avant de s’engager dans la vie à 2.Date : du 2 au 4 ...<br /><div class="pt-cv-rmwrap"><a href="https://chalons.catholique.fr/formation/porter-la-communion-aux-malades-clone/" class="_self pt-cv-readmore btn btn-success" target="_self">Lire La Suite</a></div></div></div></div></div></div></div><div class="fusion-clearfix"></div></div></div></div></div>
