{"id":330,"date":"2017-10-26T20:23:42","date_gmt":"2017-10-26T19:23:42","guid":{"rendered":"http:\/\/chalons.catholique.fr\/saintfrancois3\/?page_id=330"},"modified":"2017-10-26T20:27:28","modified_gmt":"2017-10-26T19:27:28","slug":"initiation-chretienne-des-adultes","status":"publish","type":"page","link":"https:\/\/chalons.catholique.fr\/brie\/initiation-chretienne-des-adultes\/","title":{"rendered":"Initiation chr\u00e9tienne des adultes"},"content":{"rendered":"<p>Il est tout \u00e0 fait possible pour un adulte de commencer ou de finir son initiation chr\u00e9tienne, c&rsquo;est \u00e0 dire d&rsquo;\u00eatre baptis\u00e9, de communier ou de recevoir le sacrement de confirmation. Cette pr\u00e9paration se fait au sein de la paroisse, en prenant le temps de d\u00e9couvrir ou d&rsquo;approfondir la foi de l&rsquo;Eglise.<\/p>\n","protected":false},"excerpt":{"rendered":"<p>Il est tout \u00e0 fait possible pour un adulte de commencer ou de finir son initiation chr\u00e9tienne, c&rsquo;est \u00e0 dire d&rsquo;\u00eatre baptis\u00e9, de communier ou de recevoir le sacrement de confirmation. Cette pr\u00e9paration se fait au sein de la paroisse, en prenant le temps de d\u00e9couvrir ou d&rsquo;approfondir la foi de l&rsquo;Eglise.<\/p>\n","protected":false},"author":150,"featured_media":0,"parent":0,"menu_order":0,"comment_status":"closed","ping_status":"closed","template":"","meta":{"xn-wppe-expiration":[],"xn-wppe-expiration-action":[],"xn-wppe-expiration-prefix":[],"footnotes":""},"_links":{"self":[{"href":"https:\/\/chalons.catholique.fr\/brie\/wp-json\/wp\/v2\/pages\/330"}],"collection":[{"href":"https:\/\/chalons.catholique.fr\/brie\/wp-json\/wp\/v2\/pages"}],"about":[{"href":"https:\/\/chalons.catholique.fr\/brie\/wp-json\/wp\/v2\/types\/page"}],"author":[{"embeddable":true,"href":"https:\/\/chalons.catholique.fr\/brie\/wp-json\/wp\/v2\/users\/150"}],"replies":[{"embeddable":true,"href":"https:\/\/chalons.catholique.fr\/brie\/wp-json\/wp\/v2\/comments?post=330"}],"version-history":[{"count":0,"href":"https:\/\/chalons.catholique.fr\/brie\/wp-json\/wp\/v2\/pages\/330\/revisions"}],"wp:attachment":[{"href":"https:\/\/chalons.catholique.fr\/brie\/wp-json\/wp\/v2\/media?parent=330"}],"curies":[{"name":"wp","href":"https:\/\/api.w.org\/{rel}","templated":true}]}}