{"id":174,"date":"2017-10-26T11:04:18","date_gmt":"2017-10-26T10:04:18","guid":{"rendered":"http:\/\/chalons.catholique.fr\/saintfrancois3\/?page_id=174"},"modified":"2022-07-21T16:39:38","modified_gmt":"2022-07-21T15:39:38","slug":"obseques","status":"publish","type":"page","link":"https:\/\/chalons.catholique.fr\/brie\/celebrations\/obseques\/","title":{"rendered":"obs\u00e8ques"},"content":{"rendered":"<p style=\"margin: 0cm;margin-bottom: .0001pt;background: #F6F6F6\"><strong><i><span style=\"font-size: 12.0pt;font-family: 'PT Sans';color: #111111\">Les obs\u00e8ques<\/span><\/i><\/strong><i><\/i><\/p>\n<p style=\"background: #EDEDED;margin: 0cm 0cm 15.0pt 0cm\"><em><span style=\"font-size: 12.0pt;font-family: 'PT Sans';color: #111111\">C\u2019est le myst\u00e8re pascal du Christ que l\u2019Eglise c\u00e9l\u00e8bre, avec foi, dans les fun\u00e9railles de ses enfants. Ils sont devenus par leur bapt\u00eame membres du Christ mort et ressuscit\u00e9. On prie pour qu\u2019ils passent avec le Christ de la mort \u00e0 la vie, qu\u2019ils soient purifi\u00e9s dans leur \u00e2me et rejoignent au ciel tous les saints, dans l\u2019attente de la r\u00e9surrection des morts et la bienheureuse esp\u00e9rance de l\u2019av\u00e8nement du Christ (notes doctrinales et pastorales du missel des d\u00e9funts).<\/span><\/em><\/p>\n<p style=\"margin: 0cm 0cm 15.0pt 0cm\"><strong><span style=\"font-size: 12.0pt;font-family: 'PT Sans';color: #111111\">Demander des obs\u00e8ques religieuses<\/span><\/strong><\/p>\n<p style=\"margin: 0cm 0cm 15.0pt 0cm\"><span style=\"font-size: 12.0pt;font-family: 'PT Sans';color: #111111\">Pour la simplicit\u00e9 des d\u00e9marches, contactez d\u2019abord<\/span><a href=\"http:\/\/www.pagesjaunes.fr\/annuaire\/chalons-en-champagne-51\/pompes-funebres\"><span class=\"apple-converted-space\"><span style=\"font-size: 12.0pt;font-family: 'PT Sans';color: #333333;text-decoration: none\">\u00a0<\/span><\/span><span style=\"font-size: 12.0pt;font-family: 'PT Sans';color: #333333\">l\u2019entreprise de pompes fun\u00e8bres<\/span><\/a><span class=\"apple-converted-space\"><span style=\"font-size: 12.0pt;font-family: 'PT Sans';color: #111111\">\u00a0<\/span><\/span><span style=\"font-size: 12.0pt;font-family: 'PT Sans';color: #111111\">de votre choix. Elle se mettra en rapport avec la paroisse pour convenir, selon vos souhaits et les disponibilit\u00e9s des uns et des autres, du lieu et de l\u2019heure de la c\u00e9r\u00e9monie.<\/span><\/p>\n<p style=\"margin: 0cm 0cm 15.0pt 0cm\"><span style=\"font-size: 12.0pt;font-family: 'PT Sans';color: #111111\">Sur notre paroisse, les obs\u00e8ques peuvent \u00eatre c\u00e9l\u00e9br\u00e9e sur l\u2019ensemble des 18 \u00e9glises.<\/span><\/p>\n<p style=\"margin: 0cm 0cm 15.0pt 0cm\"><span style=\"font-size: 12.0pt;font-family: 'PT Sans';color: #111111\">Si la forme de la c\u00e9l\u00e9bration la plus demand\u00e9e est la b\u00e9n\u00e9diction (c\u00e9l\u00e9bration sans eucharistie ni communion), une messe est n\u00e9anmoins c\u00e9l\u00e9br\u00e9e dans la paroisse\u00a0 pour le repos de l\u2019\u00e2me du d\u00e9funt. <\/span><\/p>\n","protected":false},"excerpt":{"rendered":"<p>Les obs\u00e8ques C\u2019est le myst\u00e8re pascal du Christ que l\u2019Eglise c\u00e9l\u00e8bre, avec foi, dans les fun\u00e9railles de ses enfants. Ils sont devenus par leur bapt\u00eame membres du Christ mort et ressuscit\u00e9. On prie pour qu\u2019ils passent avec le Christ de la mort \u00e0 la vie, qu\u2019ils soient purifi\u00e9s dans leur \u00e2me et rejoignent au ciel [&hellip;]<\/p>\n","protected":false},"author":150,"featured_media":0,"parent":261,"menu_order":0,"comment_status":"closed","ping_status":"closed","template":"","meta":{"xn-wppe-expiration":[],"xn-wppe-expiration-action":[],"xn-wppe-expiration-prefix":[],"footnotes":""},"_links":{"self":[{"href":"https:\/\/chalons.catholique.fr\/brie\/wp-json\/wp\/v2\/pages\/174"}],"collection":[{"href":"https:\/\/chalons.catholique.fr\/brie\/wp-json\/wp\/v2\/pages"}],"about":[{"href":"https:\/\/chalons.catholique.fr\/brie\/wp-json\/wp\/v2\/types\/page"}],"author":[{"embeddable":true,"href":"https:\/\/chalons.catholique.fr\/brie\/wp-json\/wp\/v2\/users\/150"}],"replies":[{"embeddable":true,"href":"https:\/\/chalons.catholique.fr\/brie\/wp-json\/wp\/v2\/comments?post=174"}],"version-history":[{"count":0,"href":"https:\/\/chalons.catholique.fr\/brie\/wp-json\/wp\/v2\/pages\/174\/revisions"}],"up":[{"embeddable":true,"href":"https:\/\/chalons.catholique.fr\/brie\/wp-json\/wp\/v2\/pages\/261"}],"wp:attachment":[{"href":"https:\/\/chalons.catholique.fr\/brie\/wp-json\/wp\/v2\/media?parent=174"}],"curies":[{"name":"wp","href":"https:\/\/api.w.org\/{rel}","templated":true}]}}