{"id":173,"date":"2017-10-26T11:04:18","date_gmt":"2017-10-26T10:04:18","guid":{"rendered":"http:\/\/chalons.catholique.fr\/saintfrancois3\/?page_id=173"},"modified":"2022-07-21T16:38:51","modified_gmt":"2022-07-21T15:38:51","slug":"confession","status":"publish","type":"page","link":"https:\/\/chalons.catholique.fr\/brie\/celebrations\/confession\/","title":{"rendered":"Confession"},"content":{"rendered":"<p><em>\u00ab\u00a0Lorsque l\u2019on a p\u00e9ch\u00e9 gravement, le recours au sacrement est n\u00e9cessaire pour \u00eatre r\u00e9concili\u00e9 avec Dieu et avec l\u2019Eglise. Aussi ceux qui se sont \u00e9cart\u00e9s de la communion \u00e0 l\u2019amour de Dieu sont rappel\u00e9s par le sacrement de p\u00e9nitence \u00e0 la vie qu\u2019ils avaient perdue. C\u2019est pourquoi le chr\u00e9tien confessera au pr\u00eatre tous et chacun des p\u00e9ch\u00e9s graves dont il a souvenir apr\u00e8s avoir examin\u00e9 sa conscience (rituel de la r\u00e9conciliation n\u00b026).\u00a0\u00bbPar le sacrement de la r\u00e9conciliation ou confession, le fid\u00e8le renouvelle en quelque sorte son bapt\u00eame en accueillant le pardon du Seigneur apr\u00e8s avoir exprim\u00e9 son d\u00e9sir de conversion et pris la r\u00e9solution de s\u2019amender.<\/em><\/p>\n<p>&nbsp;<\/p>\n<p>Sur notre paroisse, des c\u00e9l\u00e9brations p\u00e9nitentielles sont propos\u00e9es pendant l\u2019Avent et le car\u00eame.<\/p>\n<p>Une permanence de confession est assur\u00e9e tout les samedi de 10h30 \u00e0 11h45 \u00e0 l\u2019\u00e9glise notre Dame en Vaux de Chalons.<\/p>\n","protected":false},"excerpt":{"rendered":"<p>\u00ab\u00a0Lorsque l\u2019on a p\u00e9ch\u00e9 gravement, le recours au sacrement est n\u00e9cessaire pour \u00eatre r\u00e9concili\u00e9 avec Dieu et avec l\u2019Eglise. Aussi ceux qui se sont \u00e9cart\u00e9s de la communion \u00e0 l\u2019amour de Dieu sont rappel\u00e9s par le sacrement de p\u00e9nitence \u00e0 la vie qu\u2019ils avaient perdue. C\u2019est pourquoi le chr\u00e9tien confessera au pr\u00eatre tous et chacun [&hellip;]<\/p>\n","protected":false},"author":150,"featured_media":0,"parent":261,"menu_order":0,"comment_status":"closed","ping_status":"closed","template":"","meta":{"xn-wppe-expiration":[],"xn-wppe-expiration-action":[],"xn-wppe-expiration-prefix":[],"footnotes":""},"_links":{"self":[{"href":"https:\/\/chalons.catholique.fr\/brie\/wp-json\/wp\/v2\/pages\/173"}],"collection":[{"href":"https:\/\/chalons.catholique.fr\/brie\/wp-json\/wp\/v2\/pages"}],"about":[{"href":"https:\/\/chalons.catholique.fr\/brie\/wp-json\/wp\/v2\/types\/page"}],"author":[{"embeddable":true,"href":"https:\/\/chalons.catholique.fr\/brie\/wp-json\/wp\/v2\/users\/150"}],"replies":[{"embeddable":true,"href":"https:\/\/chalons.catholique.fr\/brie\/wp-json\/wp\/v2\/comments?post=173"}],"version-history":[{"count":0,"href":"https:\/\/chalons.catholique.fr\/brie\/wp-json\/wp\/v2\/pages\/173\/revisions"}],"up":[{"embeddable":true,"href":"https:\/\/chalons.catholique.fr\/brie\/wp-json\/wp\/v2\/pages\/261"}],"wp:attachment":[{"href":"https:\/\/chalons.catholique.fr\/brie\/wp-json\/wp\/v2\/media?parent=173"}],"curies":[{"name":"wp","href":"https:\/\/api.w.org\/{rel}","templated":true}]}}