{"id":1096,"date":"2023-01-18T08:29:02","date_gmt":"2023-01-18T07:29:02","guid":{"rendered":"https:\/\/chalons.catholique.fr\/brie\/?page_id=1096"},"modified":"2023-01-18T08:36:38","modified_gmt":"2023-01-18T07:36:38","slug":"sainte-leonie-avait","status":"publish","type":"page","link":"https:\/\/chalons.catholique.fr\/brie\/sainte-leonie-avait\/","title":{"rendered":"Sainte L\u00e9onie Aviat"},"content":{"rendered":"<div class=\"fusion-fullwidth fullwidth-box fusion-builder-row-1 nonhundred-percent-fullwidth non-hundred-percent-height-scrolling\" style=\"--awb-border-radius-top-left:0px;--awb-border-radius-top-right:0px;--awb-border-radius-bottom-right:0px;--awb-border-radius-bottom-left:0px;--awb-flex-wrap:wrap;\" ><div class=\"fusion-builder-row fusion-row\"><div class=\"fusion-layout-column fusion_builder_column fusion-builder-column-0 fusion_builder_column_1_1 1_1 fusion-one-full fusion-column-first fusion-column-last\" style=\"--awb-bg-size:cover;--awb-margin-bottom:0px;\"><div class=\"fusion-column-wrapper fusion-flex-column-wrapper-legacy\"><div class=\"fusion-text fusion-text-1\"><div class=\"fusion-fullwidth fullwidth-box hundred-percent-fullwidth fusion-equal-height-columns\">\n<div class=\"fusion-builder-row fusion-row \">\n<div class=\"fusion-layout-column fusion_builder_column fusion_builder_column_1_1 fusion-one-full fusion-column-first fusion-column-last fusion-column-no-min-height 1_1\">\n<div class=\"fusion-column-wrapper\">\n<blockquote>\n<p><em>Baptiser (en grec baptizein) signifie \u00ab\u00a0plonger\u00a0\u00bb, \u00ab\u00a0immerger\u00a0\u00bb; la \u00ab\u00a0plong\u00e9e\u00a0\u00bb dans l\u2019eau symbolise l\u2019ensevelissement du cat\u00e9chum\u00e8ne dans la mort du Christ d\u2019o\u00f9 il sort par la r\u00e9surrection avec lui , comme \u00ab\u00a0nouvelle cr\u00e9ature\u00a0\u00bb. Ce sacrement est aussi appel\u00e9 \u00ab\u00a0le bain de la r\u00e9g\u00e9n\u00e9ration et de la r\u00e9novation en l\u2019Esprit Saint\u00a0\u00bb, car il signifie et r\u00e9alise cette naissance de l\u2019eau et de l\u2019Esprit sans laquelle \u00ab\u00a0nul ne peut entrer au Royaume de Dieu\u00a0\u00bb. \u00ab\u00a0Ce bain est appel\u00e9 illumination, parce que ceux qui re\u00e7oivent cet enseignement [cat\u00e9ch\u00e9tique] ont l\u2019esprit illumin\u00e9 \u2026\u00a0\u00bb (S. Justin, apologie. 1, 61, 12). Ayant re\u00e7u dans le Bapt\u00eame le Verbe, \u00ab\u00a0la lumi\u00e8re v\u00e9ritable qui illumine tout homme\u00a0\u00bb, le baptis\u00e9, \u00ab\u00a0apr\u00e8s avoir \u00e9t\u00e9 illumin\u00e9\u00a0\u00bb est devenu \u00ab\u00a0fils de lumi\u00e8re\u00a0\u00bb, et \u00ab\u00a0lumi\u00e8re\u00a0\u00bb lui-m\u00eame.<\/em><\/p>\n<p>&nbsp;<\/p>\n<p>Cat\u00e9chisme de l\u2019Eglise catholique 1214-1216<\/p>\n<\/blockquote>\n<div class=\"fusion-clearfix\"><\/div>\n<\/div>\n<\/div>\n<\/div>\n<\/div>\n<div class=\"fusion-fullwidth fullwidth-box nonhundred-percent-fullwidth\"><\/div>\n<div class=\"fusion-fullwidth fullwidth-box hundred-percent-fullwidth\">\n<div class=\"fusion-builder-row fusion-row \">\n<div class=\"fusion-layout-column fusion_builder_column fusion_builder_column_1_1 fusion-one-full fusion-column-first fusion-column-last fusion-column-no-min-height 1_1\">\n<div class=\"fusion-column-wrapper\">\n<p><strong>Sainte L\u00e9onie Avait<\/strong><\/p>\n<p><em>TestS\u2019il s\u2019agit d\u2019un adulte \u00e0 baptiser, merci de le pr\u00e9ciser lors du premier contact. Pour le bapt\u00eame de coll\u00e9giens ou lyc\u00e9ens, prendre contact avec l\u2019aum\u00f4nerie des jeunes de l\u2019\u00e9tablissement scolaire ou de la paroisse de r\u00e9sidence. Pour les enfants ayant atteint l&rsquo;\u00e2ge de 7 ans, que l&rsquo;on ne peux plus consid\u00e9rer comme des \u00ab\u00a0petits enfants\u00a0\u00bb, la pr\u00e9paration au bapt\u00eame se fera en lien avec la cat\u00e9ch\u00e8se. Dans tout les cas, n&rsquo;h\u00e9sitez pas \u00e0 contacter le presbyt\u00e8re.<\/em><\/p>\n<p>Prenez contact avec la paroisse o\u00f9 vous d\u00e9sirez faire le bapt\u00eame. Suivant les disponibilit\u00e9s, vous fixerez ensemble la date et l\u2019heure du bapt\u00eame.<\/p>\n<p>On vous donnera <strong>un rendez-vous<\/strong> pour remplir la demande de bapt\u00eame, et s\u2019entretenir avec vous sur l\u2019importance et les engagements du bapt\u00eame chr\u00e9tien.<\/p>\n<p>&nbsp;<\/p>\n<p>Les renseignements essentiels avant la c\u00e9r\u00e9monie et les dates de rencontre, \u00e0 t\u00e9l\u00e9charger:<\/p>\n<\/div>\n<\/div>\n<div class=\"fusion-layout-column fusion_builder_column fusion_builder_column_1_1 fusion-one-full fusion-column-first fusion-column-last fusion-column-no-min-height 1_1\">\n<div class=\"fusion-column-wrapper\">\n<p><strong><a href=\"https:\/\/chalons.catholique.fr\/brie\/wp-content\/uploads\/sites\/71\/2017\/10\/Renseignements-en-vue-du-bapt\u00eame.docx\">Renseignements en vue du bapt\u00eame<\/a><\/strong><\/p>\n<p>Documents \u00e0 fournir:<\/p>\n<ul>\n<li>extrait de naissance de l\u2019enfant<\/li>\n<li>certificat de bapt\u00eame du parrain et de la marraine<\/li>\n<li>autorisation de votre cur\u00e9 si vous n\u2019habitez pas sur la paroisse<\/li>\n<\/ul>\n<p>Pour \u00eatre parrain ou marraine il faut:<\/p>\n<ul>\n<li>\u00eatre baptis\u00e9 catholique<\/li>\n<li>avoir au moins 16 ans<\/li>\n<li>avoir fait ses communions (\u00eatre confirm\u00e9)<\/li>\n<\/ul>\n<p>Apr\u00e8s ce rendez-vous, <strong>une rencontre<\/strong> est n\u00e9cessaire pour pr\u00e9parer le d\u00e9roulement de la c\u00e9r\u00e9monie, aborder les d\u00e9tails pratiques et avoir un temps d\u2019\u00e9change sur l\u2019\u00e9ducation des enfants \u00e0 la Foi chr\u00e9tienne. Cette rencontre peut se faire \u00e0 domicile, le jour et l\u2019heure \u00e9tant \u00e0 votre convenance. Vous serez ensuite invit\u00e9 \u00e0 rencontrer le c\u00e9l\u00e9brant, pr\u00eatre ou diacre, qui assurera le bapt\u00eame. Cette rencontre peut \u00eatre soit individuelle soit avec d\u2019autres parents demandant le bapt\u00eame de leur enfant. Parrains et marraines sont\u00a0 aussi les bienvenus.<\/p>\n<p>Vous pouvez t\u00e9l\u00e9charger ici un mod\u00e8le de livret de bapt\u00eame :<\/p>\n<p><strong><a href=\"https:\/\/chalons.catholique.fr\/brie\/wp-content\/uploads\/sites\/71\/2017\/10\/modele-livret-bapt\u00eame.docx\">mod\u00e8le de livret de bapt\u00eame<\/a><\/strong><\/p>\n<p>&nbsp;<\/p>\n<\/div>\n<\/div>\n<\/div>\n<\/div>\n<\/div><div class=\"fusion-clearfix\"><\/div><\/div><\/div><\/div><\/div>\n","protected":false},"excerpt":{"rendered":"","protected":false},"author":150,"featured_media":0,"parent":0,"menu_order":0,"comment_status":"closed","ping_status":"closed","template":"","meta":{"xn-wppe-expiration":[],"xn-wppe-expiration-action":[],"xn-wppe-expiration-prefix":[],"footnotes":""},"_links":{"self":[{"href":"https:\/\/chalons.catholique.fr\/brie\/wp-json\/wp\/v2\/pages\/1096"}],"collection":[{"href":"https:\/\/chalons.catholique.fr\/brie\/wp-json\/wp\/v2\/pages"}],"about":[{"href":"https:\/\/chalons.catholique.fr\/brie\/wp-json\/wp\/v2\/types\/page"}],"author":[{"embeddable":true,"href":"https:\/\/chalons.catholique.fr\/brie\/wp-json\/wp\/v2\/users\/150"}],"replies":[{"embeddable":true,"href":"https:\/\/chalons.catholique.fr\/brie\/wp-json\/wp\/v2\/comments?post=1096"}],"version-history":[{"count":4,"href":"https:\/\/chalons.catholique.fr\/brie\/wp-json\/wp\/v2\/pages\/1096\/revisions"}],"predecessor-version":[{"id":1109,"href":"https:\/\/chalons.catholique.fr\/brie\/wp-json\/wp\/v2\/pages\/1096\/revisions\/1109"}],"wp:attachment":[{"href":"https:\/\/chalons.catholique.fr\/brie\/wp-json\/wp\/v2\/media?parent=1096"}],"curies":[{"name":"wp","href":"https:\/\/api.w.org\/{rel}","templated":true}]}}